Results for egcs-2.93.02 19990118 (gcc2 ss-980609 experimental) testsuite on sparc-sun-solaris2.6
Theodore Papadopoulo
Theodore.Papadopoulo@sophia.inria.fr
Sun Jan 24 21:36:00 GMT 1999
Native configuration is sparc-sun-solaris2.6
=== libio tests ===
Running target unix
=== libio Summary ===
# of expected passes 40
=== libstdc++ tests ===
Running target unix
=== libstdc++ Summary ===
# of expected passes 30
=== gcc tests ===
Running target unix
FAIL: gcc.c-torture/compile/921206-1.c, -O1
FAIL: gcc.c-torture/compile/921206-1.c, -O2
FAIL: gcc.c-torture/compile/921206-1.c, -O2 -fomit-frame-pointer -finline-functions
FAIL: gcc.c-torture/compile/921206-1.c, -O2 -fomit-frame-pointer -finline-functions -funroll-loops
FAIL: gcc.c-torture/compile/921206-1.c, -O2 -fomit-frame-pointer -finline-functions -funroll-all-loops
FAIL: gcc.c-torture/compile/921206-1.c, -O2 -g
FAIL: gcc.c-torture/compile/921206-1.c, -Os
FAIL: gcc.c-torture/execute/980506-2.c execution, -O2
FAIL: gcc.c-torture/execute/980506-2.c execution, -O2 -g
FAIL: gcc.c-torture/execute/980506-2.c execution, -Os
FAIL: gcc.c-torture/execute/980526-1.c execution, -O2 -fomit-frame-pointer -finline-functions
FAIL: gcc.c-torture/execute/memcheck/blkarg.c execution, -O0
FAIL: gcc.c-torture/execute/memcheck/blkarg.c execution, -O1
FAIL: gcc.c-torture/execute/memcheck/blkarg.c execution, -O2
FAIL: gcc.c-torture/execute/memcheck/blkarg.c execution, -O2 -fomit-frame-pointer -finline-functions
FAIL: gcc.c-torture/execute/memcheck/blkarg.c execution, -O2 -g
FAIL: gcc.c-torture/execute/memcheck/blkarg.c execution, -Os
=== gcc Summary ===
# of expected passes 7867
# of unexpected failures 17
# of expected failures 13
# of unsupported tests 20
/1/egcs/egcs-solaris/gcc/xgcc version egcs-2.93.02 19990118 (gcc2 ss-980609 experimental)
=== g++ tests ===
Running target unix
FAIL: g++.brendan/asm-extn1.C caused compiler crash
FAIL: g++.law/profile1.C Execution test
XPASS: g++.pt/instantiate6.C (test for excess errors)
=== g++ Summary ===
# of expected passes 4801
# of unexpected failures 2
# of unexpected successes 1
# of expected failures 87
# of untested testcases 6
/1/egcs/egcs-solaris/gcc/testsuite/../xgcc version egcs-2.93.02 19990118 (gcc2 ss-980609 experimental)
=== g77 tests ===
Running target unix
=== g77 Summary ===
# of expected passes 472
=== objc tests ===
Running target unix
FAIL: objc/execute/bf-1.m compilation, -O
FAIL: objc/execute/bf-10.m compilation, -O
FAIL: objc/execute/bf-11.m compilation, -O
FAIL: objc/execute/bf-12.m compilation, -O
FAIL: objc/execute/bf-13.m compilation, -O
FAIL: objc/execute/bf-14.m compilation, -O
FAIL: objc/execute/bf-15.m compilation, -O
FAIL: objc/execute/bf-16.m compilation, -O
FAIL: objc/execute/bf-17.m compilation, -O
FAIL: objc/execute/bf-18.m compilation, -O
FAIL: objc/execute/bf-19.m compilation, -O
FAIL: objc/execute/bf-2.m compilation, -O
FAIL: objc/execute/bf-3.m compilation, -O
FAIL: objc/execute/bf-4.m compilation, -O
FAIL: objc/execute/bf-5.m compilation, -O
FAIL: objc/execute/bf-6.m compilation, -O
FAIL: objc/execute/bf-7.m compilation, -O
FAIL: objc/execute/bf-8.m compilation, -O
FAIL: objc/execute/bf-9.m compilation, -O
=== objc Summary ===
# of unexpected failures 19
# of untested testcases 19
/1/egcs/egcs-solaris/gcc/xgcc version egcs-2.93.02 19990118 (gcc2 ss-980609 experimental)
Compiler version: egcs-2.93.02 19990118 (gcc2 ss-980609 experimental)
Platform: sparc-sun-solaris2.6
configure flags: --with-gcc-version-trigger=/1/egcs/egcs/gcc/version.c --host=sparc-sun-solaris2.6 --srcdir=../egcs --prefix=/u/corse/2/robotvis/gnu/bin/egcs --with-fast-fixincludes --with-as=/u/corse/2/robotvis/gnu/bin/binutils/bin/as --norecursion
Counting all warnings,
there are 608 warnings in stage3 of this bootstrap.
Number of warnings per file:
42 ../../egcs/gcc/toplev.c
34 ../../../egcs/gcc/java/expr.c
30 ../../../egcs/gcc/java/javaop.h
27 ../../../egcs/gcc/java/jcf-parse.c
23 ../../egcs/gcc/config/sparc/sparc.c
23 ../../../egcs/gcc/java/lex.c
19 ../../../egcs/gcc/java/class.c
17 ./parse.y
17 ../../../egcs/gcc/java/jcf-write.c
17 ../../../egcs/gcc/java/jcf-reader.c
15 ../../egcs/gcc/objc/objc-act.c
13 ../../egcs/gcc/cse.c
13 ../../../egcs/gcc/java/verify.c
13 ../../../egcs/gcc/java/javaop.def
12 ../../../egcs/gcc/java/jcf-dump.c
10 ../../egcs/gcc/fold-const.c
10 ../../egcs/gcc/final.c
10 ../../egcs/gcc/dwarf2out.c
9 ../../egcs/gcc/varasm.c
9 ../../egcs/gcc/reload1.c
9 ../../../egcs/gcc/java/decl.c
8 ../../egcs/gcc/integrate.c
8 ../../egcs/gcc/combine.c
7 pexecute.c
7 ../../egcs/gcc/unroll.c
7 ../../egcs/gcc/reload.c
7 ../../egcs/gcc/calls.c
7 ../../../egcs/gcc/java/gjavah.c
6 ../../egcs/gcc/optabs.c
6 ../../egcs/gcc/expr.c
6 ../../egcs/gcc/cpplib.c
6 ../../egcs/gcc/c-lex.c
6 ../../../egcs/gcc/cp/lex.c
5 ../../egcs/gcc/dbxout.c
5 ../../egcs/gcc/cccp.c
5 ../../../egcs/gcc/ch/actions.c
4 cexp.y
4 ../../egcs/gcc/rtl.c
4 ../../egcs/gcc/regmove.c
4 ../../egcs/gcc/loop.c
4 ../../egcs/gcc/flow.c
4 ../../../egcs/gcc/java/jcf-io.c
4 ../../../egcs/gcc/ch/expr.c
3 insn-emit.c
3 ../../egcs/gcc/stmt.c
3 ../../egcs/gcc/recog.c
3 ../../egcs/gcc/local-alloc.c
3 ../../egcs/gcc/genopinit.c
3 ../../egcs/gcc/genattrtab.c
3 ../../egcs/gcc/function.c
3 ../../egcs/gcc/fix-header.c
3 ../../egcs/gcc/expmed.c
3 ../../egcs/gcc/config/sparc/gmon-sol2.c
3 ../../egcs/gcc/collect2.c
3 ../../../egcs/gcc/java/typeck.c
2 insn-attrtab.c
2 getopt.c
2 gcj.c
2 g77.c
2 g++.c
2 ../../egcs/gcc/tree.c
2 ../../egcs/gcc/scan-decls.c
2 ../../egcs/gcc/regclass.c
2 ../../egcs/gcc/gcc.c
2 ../../egcs/gcc/explow.c
2 ../../egcs/gcc/c-decl.c
2 ../../egcs/gcc/bitmap.c
2 ../../egcs/gcc/alias.c
2 ../../../egcs/gcc/java/zextract.c
2 ../../../egcs/gcc/java/parse.h
2 ../../../egcs/gcc/java/mangle.c
2 ../../../egcs/gcc/java/lex.h
2 ../../../egcs/gcc/ch/tasking.c
2 ../../../egcs/gcc/ch/parse.c
2 ../../../egcs/gcc/ch/inout.c
1 splay-tree.c
1 cxxmain.c
1 cplus-dem.c
1 choose-temp.c
1 ./parse-scan.y
1 ../../egcs/gcc/tlink.c
1 ../../egcs/gcc/stupid.c
1 ../../egcs/gcc/print-rtl.c
1 ../../egcs/gcc/jump.c
1 ../../egcs/gcc/java/jvspec.c
1 ../../egcs/gcc/hash.c
1 ../../egcs/gcc/haifa-sched.c
1 ../../egcs/gcc/graph.c
1 ../../egcs/gcc/genrecog.c
1 ../../egcs/gcc/genpeep.c
1 ../../egcs/gcc/genoutput.c
1 ../../egcs/gcc/genemit.c
1 ../../egcs/gcc/gcov-io.h
1 ../../egcs/gcc/f/g77spec.c
1 ../../egcs/gcc/except.c
1 ../../egcs/gcc/emit-rtl.c
1 ../../egcs/gcc/dwarfout.c
1 ../../egcs/gcc/cppfiles.c
1 ../../egcs/gcc/cppexp.c
1 ../../../egcs/gcc/java/jvgenmain.c
1 ../../../egcs/gcc/java/jv-scan.c
1 ../../../egcs/gcc/java/except.c
1 ../../../egcs/gcc/java/constants.c
1 ../../../egcs/gcc/cp/typeck.c
1 ../../../egcs/gcc/cp/sig.c
1 ../../../egcs/gcc/cp/pt.c
1 ../../../egcs/gcc/cp/method.c
1 ../../../egcs/gcc/cp/expr.c
1 ../../../egcs/gcc/cp/decl.c
1 ../../../egcs/gcc/ch/typeck.c
1 ../../../egcs/gcc/ch/decl.c
Number of warning types:
157 `???' might be used uninitialized in this function
120 implicit declaration of function `???'
78 unused parameter `???'
43 unused variable `???'
42 comparison between signed and unsigned
41 missing initializer for `???'
36 `???' defined but not used
31 variable `???' might be clobbered by `longjmp' or `vfork'
23 enumeration value `???' not handled in switch
14 ??? format, ??? arg (arg ???)
5 argument `???' might be clobbered by `longjmp' or `vfork'
4 label `???' defined but not used
4 `???' declared `static' but never defined
3 empty body in an else-statement
2 subscript has type `char'
2 statement with no effect
1 value computed is not used
1 type of `???' defaults to `int'
1 type defaults to `int' in declaration of `???'
More information about the Gcc-testresults
mailing list