Results for haifa-enabled egcs-2.93.03 19990124 (gcc2 ss-980609 experimental) testsuite on mips-sgi-irix6.2

Billinghurst, David (RTD) David.Billinghurst@riotinto.com.au
Sun Jan 24 18:34:00 GMT 1999


Native configuration is mips-sgi-irix6.2


g77 still fails LAPACK bug
http://www.cygnus.com/ml/egcs-bugs/1999-Jan/0334.html


		=== objc tests ===


Running target unix

		=== objc Summary ===

# of expected passes		38
/exd4/billingd/obj/egcs-19990124/gcc/xgcc version egcs-2.93.03 19990124
(gcc2 ss-980609 experimental)

		=== gcc tests ===


Running target unix
FAIL: gcc.c-torture/execute/980526-1.c execution,  -O2 -fomit-frame-pointer
-finline-functions 
FAIL: gcc.c-torture/execute/990119-1.c execution,  -O0 
FAIL: gcc.c-torture/execute/990119-1.c execution,  -O1 
FAIL: gcc.c-torture/execute/990119-1.c execution,  -O2 
FAIL: gcc.c-torture/execute/990119-1.c execution,  -O2 -fomit-frame-pointer
-finline-functions 
FAIL: gcc.c-torture/execute/990119-1.c execution,  -O2 -g 
FAIL: gcc.c-torture/execute/990119-1.c execution,  -Os 
FAIL: gcc.c-torture/execute/complex-5.c execution,  -O0 
FAIL: gcc.c-torture/execute/complex-5.c execution,  -O1 
FAIL: gcc.c-torture/execute/complex-5.c execution,  -O2 
FAIL: gcc.c-torture/execute/complex-5.c execution,  -O2 -fomit-frame-pointer
-finline-functions 
FAIL: gcc.c-torture/execute/complex-5.c execution,  -O2 -g 
FAIL: gcc.c-torture/execute/complex-5.c execution,  -Os 
FAIL: gcc.c-torture/execute/memcheck/blkarg.c execution,  -O0 
FAIL: gcc.c-torture/execute/memcheck/blkarg.c execution,  -O1 
FAIL: gcc.c-torture/execute/memcheck/blkarg.c execution,  -O2 
FAIL: gcc.c-torture/execute/memcheck/blkarg.c execution,  -O2
-fomit-frame-pointer -finline-functions 
FAIL: gcc.c-torture/execute/memcheck/blkarg.c execution,  -O2 -g 
FAIL: gcc.c-torture/execute/memcheck/blkarg.c execution,  -Os 
FAIL: gcc.dg/cpp-if1.c invalid number (test for errors, line 12)
FAIL: gcc.dg/cpp-if1.c invalid number (test for errors, line 15)
FAIL: gcc.dg/cpp-if1.c invalid number (test for errors, line 18)
FAIL: gcc.dg/cpp-if1.c floating point in #if (test for errors, line 21)
FAIL: gcc.dg/cpp-if1.c too many suffixes (test for errors, line 24)
FAIL: gcc.dg/cpp-if1.c too many suffixes (test for errors, line 27)
FAIL: gcc.dg/cpp-if1.c (test for excess errors)

		=== gcc Summary ===

# of expected passes		7885
# of unexpected failures	26
# of expected failures		13
# of unsupported tests		21
/exd4/billingd/obj/egcs-19990124/gcc/xgcc version egcs-2.93.03 19990124
(gcc2 ss-980609 experimental)

		=== g77 tests ===


Running target unix

		=== g77 Summary ===

# of expected passes		472
		=== g++ tests ===


Running target unix
FAIL: g++.ns/using12.C candidates (test for errors, line 6)
FAIL: g++.ns/using12.C candidates (test for errors, line 7)
FAIL: g++.ns/using12.C candidates (test for errors, line 8)
FAIL: g++.ns/using12.C candidates (test for errors, line 9)
FAIL: g++.ns/using12.C candidates (test for errors, line 12)
FAIL: g++.ns/using12.C ambiguous (test for errors, line 18)
FAIL: g++.ns/using12.C (test for excess errors)
XPASS: g++.pt/instantiate6.C (test for excess errors)

		=== g++ Summary ===

# of expected passes		4826
# of unexpected failures	7
# of unexpected successes	1
# of expected failures		92
# of untested testcases		7
/exd4/billingd/obj/egcs-19990124/gcc/testsuite/../xgcc version egcs-2.93.03
19990124 (gcc2 ss-980609 experimental)

		=== libstdc++ tests ===

Running target unix

		=== libstdc++ Summary ===

# of expected passes		30
		=== libio tests ===


Running target unix

		=== libio Summary ===

# of expected passes		40

Compiler version: haifa-enabled egcs-2.93.03 19990124 (gcc2 ss-980609
experimental) 
Platform: mips-sgi-irix6.2
configure flags:
--with-gcc-version-trigger=/exd4/billingd/src/egcs-19990124/gcc/version.c
--host=mips-sgi-irix6.2 --enable-shared --enable-haifa
--prefix=/exd4/billingd/tmp/egcs-19990124 --norecursion



More information about the Gcc-testresults mailing list