Results for egcs-2.93.02 19990117 testsuite on mips-sgi-irix

tprince@cat.e-mail.com tprince@cat.e-mail.com
Fri Jan 22 11:10:00 GMT 1999


          mips-sgi-irix6.4

Dr. Timothy C. Prince
Consulting Engineer
Solar Turbines, a Caterpillar Company
alternate e-mail: tprince@computer.org
Native configuration is mips-sgi-irix6.4

                === objc tests ===


Running target unix

                === objc Summary ===

# of expected passes            38
/wrk1/aerotherm/dawes/src/gnu/egcs-19981213/i64/gcc/xgcc version egcs-2.93.02 19990117 (gcc2 ss-980609 experimental)

                === gcc tests ===


Running target unix
FAIL: gcc.c-torture/compile/990117-1.c,  -O1
FAIL: gcc.c-torture/compile/990117-1.c,  -O2
FAIL: gcc.c-torture/compile/990117-1.c,  -O2 -fomit-frame-pointer -finline-functions
FAIL: gcc.c-torture/compile/990117-1.c,  -O2 -g
FAIL: gcc.c-torture/compile/990117-1.c,  -Os
FAIL: gcc.c-torture/execute/980506-2.c execution,  -O2
FAIL: gcc.c-torture/execute/980506-2.c execution,  -O2 -g
FAIL: gcc.c-torture/execute/980506-2.c execution,  -Os
FAIL: gcc.c-torture/execute/980526-1.c execution,  -O2 -fomit-frame-pointer -finline-functions
FAIL: gcc.c-torture/execute/bcp-1.c compilation,  -O1
FAIL: gcc.c-torture/execute/bcp-1.c compilation,  -O2
FAIL: gcc.c-torture/execute/bcp-1.c compilation,  -O2 -fomit-frame-pointer -finline-functions
FAIL: gcc.c-torture/execute/bcp-1.c compilation,  -O2 -fomit-frame-pointer -finline-functions -funroll-loops
FAIL: gcc.c-torture/execute/bcp-1.c compilation,  -O2 -fomit-frame-pointer -finline-functions -funroll-all-loops
FAIL: gcc.c-torture/execute/bcp-1.c compilation,  -O2 -g
FAIL: gcc.c-torture/execute/bcp-1.c compilation,  -Os
FAIL: gcc.c-torture/execute/complex-5.c execution,  -O0
FAIL: gcc.c-torture/execute/complex-5.c execution,  -O1
FAIL: gcc.c-torture/execute/complex-5.c execution,  -O2
FAIL: gcc.c-torture/execute/complex-5.c execution,  -O2 -fomit-frame-pointer -finline-functions
FAIL: gcc.c-torture/execute/complex-5.c execution,  -O2 -g
FAIL: gcc.c-torture/execute/complex-5.c execution,  -Os
FAIL: gcc.c-torture/execute/memcheck/blkarg.c execution,  -O0
FAIL: gcc.c-torture/execute/memcheck/blkarg.c execution,  -O1
FAIL: gcc.c-torture/execute/memcheck/blkarg.c execution,  -O2
FAIL: gcc.c-torture/execute/memcheck/blkarg.c execution,  -O2 -fomit-frame-pointer -finline-functions
FAIL: gcc.c-torture/execute/memcheck/blkarg.c execution,  -O2 -g
FAIL: gcc.c-torture/execute/memcheck/blkarg.c execution,  -Os

                === gcc Summary ===

# of expected passes            7853
# of unexpected failures        28
# of expected failures          13
# of untested testcases         7
# of unsupported tests          20
/wrk1/aerotherm/dawes/src/gnu/egcs-19981213/i64/gcc/xgcc version egcs-2.93.02 19990117 (gcc2 ss-980609 experimental)

                === g77 tests ===


Running target unix

                === g77 Summary ===

# of expected passes            472
                === g++ tests ===


Running target unix
XPASS: g++.pt/instantiate6.C (test for excess errors)

                === g++ Summary ===

# of expected passes            4798
# of unexpected successes       1
# of expected failures          91
# of untested testcases         7
/wrk1/aerotherm/dawes/src/gnu/egcs-19981213/i64/gcc/testsuite/../xgcc version egcs-2.93.02 19990117 (gcc2 ss-980609 experimental)

                === libstdc++ tests ===


Running target unix

                === libstdc++ Summary ===

# of expected passes            30
                === libio tests ===


Running target unix

                === libio Summary ===

# of expected passes            40

Compiler version: egcs-2.93.02 19990117 (gcc2 ss-980609 experimental)
Platform: mips-sgi-irix6.4
configure flags: --with-gcc-version-trigger=/wrk1/aerotherm/dawes/src/gnu/egcs-19981213/gcc/version.c --host=mips-sgi-irix6.4 --prefix=/
wrk1/aerotherm/dawes/src/gnu/803 --norecursion
EOF
Mail -s "Results for egcs-2.93.02 19990117 (gcc2 ss-980609 experimental) testsuite on mips-sgi-irix6.4" egcs-testresults@egcs.cygnus.com
 &&

           To:                                              INTERNET - IBMMAIL


More information about the Gcc-testresults mailing list