Results for egcs-2.93.02 19990121 (gcc2 ss-980609 experimental) testsuite on i586-pc-linux-gnulibc1
mrs@wrs.com
mrs@wrs.com
Thu Jan 21 08:24:00 GMT 1999
Native configuration is i586-pc-linux-gnulibc1
=== gcc tests ===
Running target unix
FAIL: gcc.c-torture/execute/980526-1.c execution, -O2 -fomit-frame-pointer -finline-functions
FAIL: gcc.c-torture/execute/990119-1.c execution, -O0
FAIL: gcc.c-torture/execute/990119-1.c execution, -O1
FAIL: gcc.c-torture/execute/990119-1.c execution, -O2
FAIL: gcc.c-torture/execute/990119-1.c execution, -O2 -fomit-frame-pointer -finline-functions
FAIL: gcc.c-torture/execute/990119-1.c execution, -O2 -g
FAIL: gcc.c-torture/execute/990119-1.c execution, -Os
FAIL: gcc.c-torture/execute/loop-2f.c execution, -O2
FAIL: gcc.c-torture/execute/loop-2f.c execution, -O2 -fomit-frame-pointer -finline-functions
FAIL: gcc.c-torture/execute/loop-2f.c execution, -O2 -fomit-frame-pointer -finline-functions -funroll-loops
FAIL: gcc.c-torture/execute/loop-2f.c execution, -O2 -fomit-frame-pointer -finline-functions -funroll-all-loops
FAIL: gcc.c-torture/execute/loop-2f.c execution, -O2 -g
FAIL: gcc.c-torture/execute/loop-2f.c execution, -Os
FAIL: gcc.c-torture/execute/loop-2g.c execution, -O2
FAIL: gcc.c-torture/execute/loop-2g.c execution, -O2 -fomit-frame-pointer -finline-functions
FAIL: gcc.c-torture/execute/loop-2g.c execution, -O2 -fomit-frame-pointer -finline-functions -funroll-loops
FAIL: gcc.c-torture/execute/loop-2g.c execution, -O2 -fomit-frame-pointer -finline-functions -funroll-all-loops
FAIL: gcc.c-torture/execute/loop-2g.c execution, -O2 -g
FAIL: gcc.c-torture/execute/loop-2g.c execution, -Os
FAIL: gcc.c-torture/execute/ieee/980619-1.c execution, -O1
FAIL: gcc.c-torture/execute/ieee/980619-1.c execution, -O2
FAIL: gcc.c-torture/execute/ieee/980619-1.c execution, -O2 -fomit-frame-pointer -finline-functions
FAIL: gcc.c-torture/execute/ieee/980619-1.c execution, -O2 -fomit-frame-pointer -finline-functions -funroll-loops
FAIL: gcc.c-torture/execute/ieee/980619-1.c execution, -O2 -fomit-frame-pointer -finline-functions -funroll-all-loops
FAIL: gcc.c-torture/execute/ieee/980619-1.c execution, -O2 -g
FAIL: gcc.c-torture/execute/ieee/980619-1.c execution, -Os
FAIL: gcc.c-torture/execute/memcheck/blkarg.c execution, -O0
FAIL: gcc.c-torture/execute/memcheck/blkarg.c execution, -O1
FAIL: gcc.c-torture/execute/memcheck/blkarg.c execution, -O2
FAIL: gcc.c-torture/execute/memcheck/blkarg.c execution, -O2 -fomit-frame-pointer -finline-functions
FAIL: gcc.c-torture/execute/memcheck/blkarg.c execution, -O2 -g
FAIL: gcc.c-torture/execute/memcheck/blkarg.c execution, -Os
FAIL: gcc.c-torture/special/981006-1.c (test for bogus messages, line 11)
FAIL: gcc.c-torture/special/981006-1.c (test for bogus messages, line 12)
FAIL: gcc.dg/990117-1.c (test for excess errors)
=== gcc Summary ===
# of expected passes 7871
# of unexpected failures 35
# of expected failures 13
# of unsupported tests 12
/mnt3/home/mrs/net/egcs-x86/gcc/xgcc version egcs-2.93.02 19990121 (gcc2 ss-980609 experimental)
=== g++ tests ===
Running target unix
=== g++ Summary ===
# of expected passes 4828
# of expected failures 89
# of untested testcases 7
/mnt3/home/mrs/net/egcs-x86/gcc/testsuite/../xgcc version egcs-2.93.02 19990121 (gcc2 ss-980609 experimental)
=== g77 tests ===
Running target unix
=== g77 Summary ===
# of expected passes 472
=== objc tests ===
Running target unix
=== objc Summary ===
# of expected passes 38
/mnt3/home/mrs/net/egcs-x86/gcc/xgcc version egcs-2.93.02 19990121 (gcc2 ss-980609 experimental)
=== libio tests ===
Running target unix
=== libio Summary ===
# of expected passes 40
=== libstdc++ tests ===
Running target unix
=== libstdc++ Summary ===
# of expected passes 30
Compiler version: egcs-2.93.02 19990121 (gcc2 ss-980609 experimental)
Platform: i586-pc-linux-gnulibc1
configure flags: --with-gcc-version-trigger=/mnt3/home/mrs/net/egcs/gcc/version.c --host=i586-pc-linux-gnulibc1 --with-gnu-as --with-gnu-ld --prefix=/usr/local/egcs-981110 --norecursion
More information about the Gcc-testresults
mailing list