Results for egcs-2.93.02 19990120 (gcc2 ss-980609 experimental) testsuite on i586-pc-linux-gnu

Manfred Hollstein manfred@s-direktnet.de
Thu Jan 21 01:41:00 GMT 1999


Compiler version: egcs-2.93.02 19990120 (gcc2 ss-980609 experimental) 
Platform:	  i586-pc-linux-gnu

Sources:	  - egcs from CVS last updated at 1999/01/20 12:33:56 +0100
		  - libg++-2.8.1.2a-19990116 (not yet available)
Patches:	  [1]: `CVS-19981219: New PATCH for actually fixing the "main(){}" case'
		       from <manfred@s-direktnet.de>
Environment:	  - autoconf-2.13
		  - automake-1.3
		  - binutils-2.9.1 + Ian Lance Taylor's patch to gas/ehopt.c
		  - dejagnu-19981026 + look_for_dir_with_trigger patch
		  - gperf-2.7 + gperf-2.7-19981006.pat
		  - RedHat Linux 5.2 + recommended updates as of today
		  - Kernel 2.2.0-pre8 (compiled by
		      "gcc version egcs-2.93.01 19990113 (gcc2 ss-980609 experimental)")
		  - glibc-2.0.7-29
		  - glibc-devel-2.0.7-29
		  
Remarks:	  None.


configure flags:  --with-gcc-version-trigger=/u/b60/gnu/work/GNU/egcs-19990120/gcc/version.c --host=i586-linux --srcdir=../egcs-19990120 --prefix=/tools/gnu --with-gnu-as --with-gnu-ld --enable-shared --enable-version-specific-runtime-libs --with-local-prefix=/tools/gnu --enable-nls --verbose --norecursion
BOOT_CC:	  gcc version egcs-2.93.01 19990113 (gcc2 ss-980609 experimental)
BOOT_CFLAGS:	  -O9 -funroll-all-loops -g -march=pentium -mcpu=pentium -fomit-frame-pointer -W -Wall
CFLAGS:		  -O9 -march=pentium -mcpu=pentium -fomit-frame-pointer -g
CXXFLAGS:	  -O9 -march=pentium -mcpu=pentium -fomit-frame-pointer -g


Native configuration is i586-pc-linux-gnu

		=== libio tests ===


Running target unix

		=== libio Summary ===

# of expected passes		40
		=== libstdc++ tests ===


Running target unix

		=== libstdc++ Summary ===

# of expected passes		30
		=== libg++ tests ===


Running target unix

		=== libg++ Summary ===

# of expected passes		72
		=== gcc tests ===


Running target unix
FAIL: gcc.c-torture/execute/980526-1.c execution,  -O2 -fomit-frame-pointer -finline-functions 
FAIL: gcc.c-torture/execute/990119-1.c execution,  -O0 
FAIL: gcc.c-torture/execute/990119-1.c execution,  -O1 
FAIL: gcc.c-torture/execute/990119-1.c execution,  -O2 
FAIL: gcc.c-torture/execute/990119-1.c execution,  -O2 -fomit-frame-pointer -finline-functions 
FAIL: gcc.c-torture/execute/990119-1.c execution,  -O2 -g 
FAIL: gcc.c-torture/execute/990119-1.c execution,  -Os 
FAIL: gcc.c-torture/execute/loop-2f.c execution,  -O2 
FAIL: gcc.c-torture/execute/loop-2f.c execution,  -O2 -fomit-frame-pointer -finline-functions 
FAIL: gcc.c-torture/execute/loop-2f.c execution,  -O2 -fomit-frame-pointer -finline-functions -funroll-loops 
FAIL: gcc.c-torture/execute/loop-2f.c execution,  -O2 -fomit-frame-pointer -finline-functions -funroll-all-loops 
FAIL: gcc.c-torture/execute/loop-2f.c execution,  -O2 -g 
FAIL: gcc.c-torture/execute/loop-2f.c execution,  -Os 
FAIL: gcc.c-torture/execute/loop-2g.c execution,  -O2 
FAIL: gcc.c-torture/execute/loop-2g.c execution,  -O2 -fomit-frame-pointer -finline-functions 
FAIL: gcc.c-torture/execute/loop-2g.c execution,  -O2 -fomit-frame-pointer -finline-functions -funroll-loops 
FAIL: gcc.c-torture/execute/loop-2g.c execution,  -O2 -fomit-frame-pointer -finline-functions -funroll-all-loops 
FAIL: gcc.c-torture/execute/loop-2g.c execution,  -O2 -g 
FAIL: gcc.c-torture/execute/loop-2g.c execution,  -Os 
FAIL: gcc.c-torture/execute/ieee/980619-1.c execution,  -O1 
FAIL: gcc.c-torture/execute/ieee/980619-1.c execution,  -O2 
FAIL: gcc.c-torture/execute/ieee/980619-1.c execution,  -O2 -fomit-frame-pointer -finline-functions 
FAIL: gcc.c-torture/execute/ieee/980619-1.c execution,  -O2 -fomit-frame-pointer -finline-functions -funroll-loops 
FAIL: gcc.c-torture/execute/ieee/980619-1.c execution,  -O2 -fomit-frame-pointer -finline-functions -funroll-all-loops 
FAIL: gcc.c-torture/execute/ieee/980619-1.c execution,  -O2 -g 
FAIL: gcc.c-torture/execute/ieee/980619-1.c execution,  -Os 
FAIL: gcc.c-torture/execute/memcheck/blkarg.c execution,  -O0 
FAIL: gcc.c-torture/execute/memcheck/blkarg.c execution,  -O1 
FAIL: gcc.c-torture/execute/memcheck/blkarg.c execution,  -O2 
FAIL: gcc.c-torture/execute/memcheck/blkarg.c execution,  -O2 -fomit-frame-pointer -finline-functions 
FAIL: gcc.c-torture/execute/memcheck/blkarg.c execution,  -O2 -g 
FAIL: gcc.c-torture/execute/memcheck/blkarg.c execution,  -Os 
FAIL: gcc.c-torture/special/981006-1.c  (test for bogus messages, line 11)
FAIL: gcc.c-torture/special/981006-1.c  (test for bogus messages, line 12)
FAIL: gcc.dg/990117-1.c (test for excess errors)

		=== gcc Summary ===

# of expected passes		7871
# of unexpected failures	35
# of expected failures		13
# of unsupported tests		12
/phys/b60/data62/gnu-work/GNU/egcs-19990120-i586-linux/gcc/xgcc version egcs-2.93.02 19990120 (gcc2 ss-980609 experimental)

		=== g++ tests ===


Running target unix

		=== g++ Summary ===

# of expected passes		4820
# of expected failures		90
# of untested testcases		7
/phys/b60/data62/gnu-work/GNU/egcs-19990120-i586-linux/gcc/testsuite/../xgcc version egcs-2.93.02 19990120 (gcc2 ss-980609 experimental)

		=== g77 tests ===


Running target unix

		=== g77 Summary ===

# of expected passes		472
		=== objc tests ===


Running target unix
FAIL: objc/execute/bf-1.m execution,  -O 
FAIL: objc/execute/bf-10.m execution,  -O 
FAIL: objc/execute/bf-11.m execution,  -O 
FAIL: objc/execute/bf-12.m execution,  -O 
FAIL: objc/execute/bf-13.m execution,  -O 
FAIL: objc/execute/bf-14.m execution,  -O 
FAIL: objc/execute/bf-15.m execution,  -O 
FAIL: objc/execute/bf-16.m execution,  -O 
FAIL: objc/execute/bf-17.m execution,  -O 
FAIL: objc/execute/bf-18.m execution,  -O 
FAIL: objc/execute/bf-19.m execution,  -O 
FAIL: objc/execute/bf-2.m execution,  -O 
FAIL: objc/execute/bf-3.m execution,  -O 
FAIL: objc/execute/bf-4.m execution,  -O 
FAIL: objc/execute/bf-5.m execution,  -O 
FAIL: objc/execute/bf-6.m execution,  -O 
FAIL: objc/execute/bf-7.m execution,  -O 
FAIL: objc/execute/bf-8.m execution,  -O 
FAIL: objc/execute/bf-9.m execution,  -O 

		=== objc Summary ===

# of expected passes		19
# of unexpected failures	19
/phys/b60/data62/gnu-work/GNU/egcs-19990120-i586-linux/gcc/xgcc version egcs-2.93.02 19990120 (gcc2 ss-980609 experimental)


Counting all warnings,
there are 490 warnings in stage3 of this bootstrap.

Number of warnings per file:
     35	../../../egcs-19990120/gcc/java/expr.c
     29	../../../egcs-19990120/gcc/java/jcf-parse.c
     25	../../egcs-19990120/gcc/toplev.c
     22	../../../egcs-19990120/gcc/java/lex.c
     17	../../../egcs-19990120/gcc/java/jcf-write.c
     17	../../../egcs-19990120/gcc/java/jcf-reader.c
     16	../../../egcs-19990120/gcc/java/class.c
     15	../../egcs-19990120/gcc/objc/objc-act.c
     14	./parse.y
     13	../../egcs-19990120/gcc/varasm.c
     13	../../../egcs-19990120/gcc/java/verify.c
     13	../../../egcs-19990120/gcc/java/jcf-dump.c
     13	../../../egcs-19990120/gcc/java/javaop.def
     12	../../egcs-19990120/gcc/cse.c
     11	../../egcs-19990120/gcc/libgcc2.c
     11	../../egcs-19990120/gcc/fold-const.c
      9	../../egcs-19990120/gcc/reload1.c
      9	../../egcs-19990120/gcc/final.c
      9	../../../egcs-19990120/gcc/java/decl.c
      8	../../egcs-19990120/gcc/integrate.c
      8	../../egcs-19990120/gcc/dwarf2out.c
      8	../../egcs-19990120/gcc/combine.c
      7	pexecute.c
      7	../../egcs-19990120/gcc/unroll.c
      7	../../../egcs-19990120/gcc/java/gjavah.c
      6	../../egcs-19990120/gcc/reload.c
      6	../../egcs-19990120/gcc/optabs.c
      6	../../egcs-19990120/gcc/expr.c
      6	../../egcs-19990120/gcc/c-lex.c
      6	../../../egcs-19990120/gcc/cp/lex.c
      5	../../egcs-19990120/gcc/reg-stack.c
      5	../../egcs-19990120/gcc/cccp.c
      4	cexp.y
      4	../../egcs-19990120/gcc/sched.c
      4	../../egcs-19990120/gcc/expmed.c
      4	../../egcs-19990120/gcc/dbxout.c
      4	../../../../egcs-19990120/libg++/src/Fix16.cc
      3	insn-emit.c
      3	../../egcs-19990120/gcc/stmt.c
      3	../../egcs-19990120/gcc/rtl.c
      3	../../egcs-19990120/gcc/regmove.c
      3	../../egcs-19990120/gcc/regclass.c
      3	../../egcs-19990120/gcc/loop.c
      3	../../egcs-19990120/gcc/local-alloc.c
      3	../../egcs-19990120/gcc/genopinit.c
      3	../../egcs-19990120/gcc/config/i386/i386.c
      3	../../../egcs-19990120/gcc/java/jcf-io.c
      2	insn-recog.c
      2	insn-output.c
      2	../../egcs-19990120/gcc/protoize.c
      2	../../egcs-19990120/gcc/function.c
      2	../../egcs-19990120/gcc/flow.c
      2	../../egcs-19990120/gcc/collect2.c
      2	../../egcs-19990120/gcc/c-decl.c
      2	../../egcs-19990120/gcc/bitmap.c
      2	../../../egcs-19990120/gcc/java/zextract.c
      2	../../../egcs-19990120/gcc/java/typeck.c
      2	../../../egcs-19990120/gcc/java/parse.h
      2	../../../egcs-19990120/gcc/java/mangle.c
      2	../../../egcs-19990120/gcc/java/lex.h
      1	splay-tree.c
      1	gcj.c
      1	g77.c
      1	g++.c
      1	cxxmain.c
      1	cplus-dem.c
      1	choose-temp.c
      1	./parse-scan.y
      1	../../egcs-19990120/gcc/tree.c
      1	../../egcs-19990120/gcc/tlink.c
      1	../../egcs-19990120/gcc/stupid.c
      1	../../egcs-19990120/gcc/print-rtl.c
      1	../../egcs-19990120/gcc/java/jvspec.c
      1	../../egcs-19990120/gcc/hash.c
      1	../../egcs-19990120/gcc/graph.c
      1	../../egcs-19990120/gcc/genattrtab.c
      1	../../egcs-19990120/gcc/gcc.c
      1	../../egcs-19990120/gcc/f/g77spec.c
      1	../../egcs-19990120/gcc/explow.c
      1	../../egcs-19990120/gcc/except.c
      1	../../egcs-19990120/gcc/crtstuff.c
      1	../../egcs-19990120/gcc/calls.c
      1	../../../egcs-19990120/gcc/java/jvgenmain.c
      1	../../../egcs-19990120/gcc/java/jv-scan.c
      1	../../../egcs-19990120/gcc/java/except.c
      1	../../../egcs-19990120/gcc/java/constants.c

Number of warning types:
    137	`???' might be used uninitialized in this function
    100	implicit declaration of function `???'
     82	unused parameter `???'
     37	unused variable `???'
     35	comparison between signed and unsigned
     33	variable `???' might be clobbered by `longjmp' or `vfork'
     16	missing initializer for `???'
     14	??? format, ??? arg (arg ???)
      8	initialization from incompatible pointer type
      5	control reaches end of non-void function
      5	argument `???' might be clobbered by `longjmp' or `vfork'
      4	integer overflow in expression
      4	`???' declared `static' but never defined
      2	zero-length format string
      2	suggest explicit braces to avoid ambiguous `else'
      2	statement with no effect
      1	value computed is not used
      1	type of `???' defaults to `int'
      1	label `???' defined but not used
      1	`???' defined but not used


More information about the Gcc-testresults mailing list