Results for egcs-2.93.02 19990117 (gcc2 ss-980609 experimental) testsuite on sparc-sun-solaris2.5.1
Joe Buck
jbuck@Synopsys.COM
Wed Jan 20 22:10:00 GMT 1999
Native configuration is sparc-sun-solaris2.5.1
=== libio tests ===
Running target unix
=== libio Summary ===
# of expected passes 40
=== libstdc++ tests ===
Running target unix
=== libstdc++ Summary ===
# of expected passes 30
=== gcc tests ===
Running target unix
FAIL: gcc.c-torture/compile/921206-1.c, -O1
FAIL: gcc.c-torture/compile/921206-1.c, -O2
FAIL: gcc.c-torture/compile/921206-1.c, -O2 -fomit-frame-pointer -finline-functions
FAIL: gcc.c-torture/compile/921206-1.c, -O2 -fomit-frame-pointer -finline-functions -funroll-loops
FAIL: gcc.c-torture/compile/921206-1.c, -O2 -fomit-frame-pointer -finline-functions -funroll-all-loops
FAIL: gcc.c-torture/compile/921206-1.c, -O2 -g
FAIL: gcc.c-torture/compile/921206-1.c, -Os
FAIL: gcc.c-torture/execute/980506-2.c execution, -O2
FAIL: gcc.c-torture/execute/980506-2.c execution, -O2 -g
FAIL: gcc.c-torture/execute/980506-2.c execution, -Os
FAIL: gcc.c-torture/execute/980526-1.c execution, -O2 -fomit-frame-pointer -finline-functions
FAIL: gcc.c-torture/execute/memcheck/blkarg.c execution, -O0
FAIL: gcc.c-torture/execute/memcheck/blkarg.c execution, -O1
FAIL: gcc.c-torture/execute/memcheck/blkarg.c execution, -O2
FAIL: gcc.c-torture/execute/memcheck/blkarg.c execution, -O2 -fomit-frame-pointer -finline-functions
FAIL: gcc.c-torture/execute/memcheck/blkarg.c execution, -O2 -g
FAIL: gcc.c-torture/execute/memcheck/blkarg.c execution, -Os
=== gcc Summary ===
# of expected passes 7873
# of unexpected failures 17
# of expected failures 13
# of unsupported tests 19
/remote/dtg103/jbuck/gnu/src/egcs-snap-sol2/gcc/xgcc version egcs-2.93.02 19990117 (gcc2 ss-980609 experimental)
=== g++ tests ===
Running target unix
FAIL: g++.brendan/asm-extn1.C caused compiler crash
XPASS: g++.pt/instantiate6.C (test for excess errors)
=== g++ Summary ===
# of expected passes 4802
# of unexpected failures 1
# of unexpected successes 1
# of expected failures 87
# of untested testcases 6
/remote/dtg103/jbuck/gnu/src/egcs-snap-sol2/gcc/testsuite/../xgcc version egcs-2.93.02 19990117 (gcc2 ss-980609 experimental)
=== g77 tests ===
Running target unix
=== g77 Summary ===
# of expected passes 472
=== objc tests ===
Running target unix
FAIL: objc/execute/bf-1.m compilation, -O
FAIL: objc/execute/bf-10.m compilation, -O
FAIL: objc/execute/bf-11.m compilation, -O
FAIL: objc/execute/bf-12.m compilation, -O
FAIL: objc/execute/bf-13.m compilation, -O
FAIL: objc/execute/bf-14.m compilation, -O
FAIL: objc/execute/bf-15.m compilation, -O
FAIL: objc/execute/bf-16.m compilation, -O
FAIL: objc/execute/bf-17.m compilation, -O
FAIL: objc/execute/bf-18.m compilation, -O
FAIL: objc/execute/bf-19.m compilation, -O
FAIL: objc/execute/bf-2.m compilation, -O
FAIL: objc/execute/bf-3.m compilation, -O
FAIL: objc/execute/bf-4.m compilation, -O
FAIL: objc/execute/bf-5.m compilation, -O
FAIL: objc/execute/bf-6.m compilation, -O
FAIL: objc/execute/bf-7.m compilation, -O
FAIL: objc/execute/bf-8.m compilation, -O
FAIL: objc/execute/bf-9.m compilation, -O
=== objc Summary ===
# of unexpected failures 19
# of untested testcases 19
/remote/dtg103/jbuck/gnu/src/egcs-snap-sol2/gcc/xgcc version egcs-2.93.02 19990117 (gcc2 ss-980609 experimental)
Compiler version: egcs-2.93.02 19990117 (gcc2 ss-980609 experimental)
Platform: sparc-sun-solaris2.5.1
configure flags: --with-gcc-version-trigger=/remote/dtg103/jbuck/gnu/src/egcs-snap/gcc/version.c --host=sparc-sun-solaris2.5.1 --prefix=/u/jbuck/egcs --srcdir=../egcs-snap --norecursion
More information about the Gcc-testresults
mailing list