Results for egcs-2.93.02 19990117 (gcc2 ss-980609 experimental) testsuite on sparc-unknown-linux-gnu
chj@lin.foa.se
chj@lin.foa.se
Tue Jan 19 23:23:00 GMT 1999
Native configuration is sparc-unknown-linux-gnu
=== libio tests ===
Running target unix
FAIL: tfformat.c compilation
FAIL: tiformat.c compilation
=== libio Summary ===
# of expected passes 36
# of unexpected failures 2
# of expected failures 2
=== libstdc++ tests ===
Running target unix
FAIL: tstring.cc -O compilation
=== libstdc++ Summary ===
# of expected passes 27
# of unexpected failures 1
# of expected failures 2
=== gcc tests ===
Running target unix
FAIL: gcc.c-torture/compile/921206-1.c, -O1
FAIL: gcc.c-torture/compile/921206-1.c, -O2
FAIL: gcc.c-torture/compile/921206-1.c, -O2 -fomit-frame-pointer -finline-functions
FAIL: gcc.c-torture/compile/921206-1.c, -O2 -fomit-frame-pointer -finline-functions -funroll-loops
FAIL: gcc.c-torture/compile/921206-1.c, -O2 -fomit-frame-pointer -finline-functions -funroll-all-loops
FAIL: gcc.c-torture/compile/921206-1.c, -O2 -g
FAIL: gcc.c-torture/compile/921206-1.c, -Os
FAIL: gcc.c-torture/execute/ieee/mzero2.c execution, -O0
FAIL: gcc.c-torture/execute/ieee/mzero2.c execution, -O1
FAIL: gcc.c-torture/execute/ieee/mzero2.c execution, -O2
FAIL: gcc.c-torture/execute/ieee/mzero2.c execution, -O2 -fomit-frame-pointer -finline-functions
FAIL: gcc.c-torture/execute/ieee/mzero2.c execution, -O2 -g
FAIL: gcc.c-torture/execute/ieee/mzero2.c execution, -Os
FAIL: gcc.c-torture/execute/memcheck/blkarg.c execution, -O0
FAIL: gcc.c-torture/execute/memcheck/blkarg.c execution, -O1
FAIL: gcc.c-torture/execute/memcheck/blkarg.c execution, -O2
FAIL: gcc.c-torture/execute/memcheck/blkarg.c execution, -O2 -fomit-frame-pointer -finline-functions
FAIL: gcc.c-torture/execute/memcheck/blkarg.c execution, -O2 -g
FAIL: gcc.c-torture/execute/memcheck/blkarg.c execution, -Os
=== gcc Summary ===
# of expected passes 6347
# of unexpected failures 19
# of expected failures 13
# of unsupported tests 19
/usr/local/src/objdir-egcs-19990117/gcc/xgcc version egcs-2.93.02 19990117 (gcc2 ss-980609 experimental)
=== g++ tests ===
Running target unix
=== g++ Summary ===
# of expected passes 4801
# of expected failures 89
# of untested testcases 7
/usr/local/src/objdir-egcs-19990117/gcc/testsuite/../xgcc version egcs-2.93.02 19990117 (gcc2 ss-980609 experimental)
=== g77 tests ===
Running target unix
FAIL: g77.f-torture/execute/erfc.f execution, -O0
FAIL: g77.f-torture/execute/erfc.f execution, -O1
FAIL: g77.f-torture/execute/erfc.f execution, -O2
FAIL: g77.f-torture/execute/erfc.f execution, -O2 -fomit-frame-pointer -finline-functions
FAIL: g77.f-torture/execute/erfc.f execution, -Os
=== g77 Summary ===
# of expected passes 467
# of unexpected failures 5
=== objc tests ===
Running target unix
=== objc Summary ===
# of expected passes 38
/usr/local/src/objdir-egcs-19990117/gcc/xgcc version egcs-2.93.02 19990117 (gcc2 ss-980609 experimental)
Compiler version: egcs-2.93.02 19990117 (gcc2 ss-980609 experimental)
Platform: sparc-unknown-linux-gnu
configure flags: --with-gcc-version-trigger=/mnt/yoda/egcs-19990117/gcc/version.c --host=sparc-unknown-linux-gnu --verbose --norecursion
Counting all warnings,
there are 568 warnings in stage3 of this bootstrap.
Number of warnings per file:
41 /mnt/yoda/egcs-19990117/gcc/toplev.c
34 /mnt/yoda/egcs-19990117/gcc/java/expr.c
30 /mnt/yoda/egcs-19990117/gcc/java/javaop.h
27 /mnt/yoda/egcs-19990117/gcc/java/jcf-parse.c
23 /mnt/yoda/egcs-19990117/gcc/java/lex.c
23 /mnt/yoda/egcs-19990117/gcc/config/sparc/sparc.c
17 /mnt/yoda/egcs-19990117/gcc/java/jcf-write.c
17 /mnt/yoda/egcs-19990117/gcc/java/jcf-reader.c
17 /mnt/yoda/egcs-19990117/gcc/java/class.c
16 ./parse.y
15 /mnt/yoda/egcs-19990117/gcc/objc/objc-act.c
14 /mnt/yoda/egcs-19990117/gcc/dwarf2out.c
13 /mnt/yoda/egcs-19990117/gcc/java/verify.c
13 /mnt/yoda/egcs-19990117/gcc/java/javaop.def
13 /mnt/yoda/egcs-19990117/gcc/cse.c
12 /mnt/yoda/egcs-19990117/gcc/java/jcf-dump.c
10 /mnt/yoda/egcs-19990117/gcc/fold-const.c
9 /mnt/yoda/egcs-19990117/gcc/reload1.c
9 /mnt/yoda/egcs-19990117/gcc/java/decl.c
9 /mnt/yoda/egcs-19990117/gcc/final.c
8 /mnt/yoda/egcs-19990117/gcc/varasm.c
8 /mnt/yoda/egcs-19990117/gcc/integrate.c
8 /mnt/yoda/egcs-19990117/gcc/combine.c
7 pexecute.c
7 /mnt/yoda/egcs-19990117/gcc/unroll.c
7 /mnt/yoda/egcs-19990117/gcc/reload.c
7 /mnt/yoda/egcs-19990117/gcc/java/gjavah.c
7 /mnt/yoda/egcs-19990117/gcc/calls.c
6 /mnt/yoda/egcs-19990117/gcc/optabs.c
6 /mnt/yoda/egcs-19990117/gcc/expr.c
6 /mnt/yoda/egcs-19990117/gcc/cp/lex.c
6 /mnt/yoda/egcs-19990117/gcc/c-lex.c
5 /mnt/yoda/egcs-19990117/gcc/ch/actions.c
4 cexp.y
4 /mnt/yoda/egcs-19990117/gcc/regmove.c
4 /mnt/yoda/egcs-19990117/gcc/dbxout.c
4 /mnt/yoda/egcs-19990117/gcc/ch/expr.c
4 /mnt/yoda/egcs-19990117/gcc/cccp.c
3 insn-emit.c
3 /mnt/yoda/egcs-19990117/gcc/stmt.c
3 /mnt/yoda/egcs-19990117/gcc/rtl.c
3 /mnt/yoda/egcs-19990117/gcc/recog.c
3 /mnt/yoda/egcs-19990117/gcc/loop.c
3 /mnt/yoda/egcs-19990117/gcc/local-alloc.c
3 /mnt/yoda/egcs-19990117/gcc/java/jcf-io.c
3 /mnt/yoda/egcs-19990117/gcc/genopinit.c
3 /mnt/yoda/egcs-19990117/gcc/genattrtab.c
3 /mnt/yoda/egcs-19990117/gcc/function.c
3 /mnt/yoda/egcs-19990117/gcc/flow.c
3 /mnt/yoda/egcs-19990117/gcc/expmed.c
2 insn-attrtab.c
2 /mnt/yoda/egcs-19990117/gcc/tree.c
2 /mnt/yoda/egcs-19990117/gcc/regclass.c
2 /mnt/yoda/egcs-19990117/gcc/java/zextract.c
2 /mnt/yoda/egcs-19990117/gcc/java/typeck.c
2 /mnt/yoda/egcs-19990117/gcc/java/parse.h
2 /mnt/yoda/egcs-19990117/gcc/java/mangle.c
2 /mnt/yoda/egcs-19990117/gcc/java/lex.h
2 /mnt/yoda/egcs-19990117/gcc/explow.c
2 /mnt/yoda/egcs-19990117/gcc/collect2.c
2 /mnt/yoda/egcs-19990117/gcc/ch/tasking.c
2 /mnt/yoda/egcs-19990117/gcc/ch/parse.c
2 /mnt/yoda/egcs-19990117/gcc/ch/inout.c
2 /mnt/yoda/egcs-19990117/gcc/c-decl.c
2 /mnt/yoda/egcs-19990117/gcc/bitmap.c
2 /mnt/yoda/egcs-19990117/gcc/alias.c
1 splay-tree.c
1 gcj.c
1 g77.c
1 g++.c
1 cxxmain.c
1 cplus-dem.c
1 /mnt/yoda/egcs-19990117/gcc/tlink.c
1 /mnt/yoda/egcs-19990117/gcc/stupid.c
1 /mnt/yoda/egcs-19990117/gcc/jump.c
1 /mnt/yoda/egcs-19990117/gcc/java/jvspec.c
1 /mnt/yoda/egcs-19990117/gcc/java/jvgenmain.c
1 /mnt/yoda/egcs-19990117/gcc/java/jv-scan.c
1 /mnt/yoda/egcs-19990117/gcc/java/except.c
1 /mnt/yoda/egcs-19990117/gcc/java/constants.c
1 /mnt/yoda/egcs-19990117/gcc/hash.c
1 /mnt/yoda/egcs-19990117/gcc/haifa-sched.c
1 /mnt/yoda/egcs-19990117/gcc/graph.c
1 /mnt/yoda/egcs-19990117/gcc/gcov-io.h
1 /mnt/yoda/egcs-19990117/gcc/gcc.c
1 /mnt/yoda/egcs-19990117/gcc/f/g77spec.c
1 /mnt/yoda/egcs-19990117/gcc/emit-rtl.c
1 /mnt/yoda/egcs-19990117/gcc/cp/typeck.c
1 /mnt/yoda/egcs-19990117/gcc/cp/sig.c
1 /mnt/yoda/egcs-19990117/gcc/cp/pt.c
1 /mnt/yoda/egcs-19990117/gcc/cp/method.c
1 /mnt/yoda/egcs-19990117/gcc/cp/expr.c
1 /mnt/yoda/egcs-19990117/gcc/cp/decl.c
1 /mnt/yoda/egcs-19990117/gcc/ch/typeck.c
1 /mnt/yoda/egcs-19990117/gcc/ch/decl.c
1 ./parse-scan.y
Number of warning types:
148 `???' might be used uninitialized in this function
94 implicit declaration of function `???'
74 unused parameter `???'
43 unused variable `???'
41 missing initializer for `???'
41 comparison between signed and unsigned
34 `???' defined but not used
31 variable `???' might be clobbered by `longjmp' or `vfork'
23 enumeration value `???' not handled in switch
20 ??? format, ??? arg (arg ???)
5 argument `???' might be clobbered by `longjmp' or `vfork'
4 `???' declared `static' but never defined
3 label `???' defined but not used
3 empty body in an else-statement
2 statement with no effect
1 value computed is not used
1 type of `???' defaults to `int'
More information about the Gcc-testresults
mailing list