Results for egcs-2.93.01 19990112 (gcc2 ss-980609 experimental) testsuite on alpha-dec-osf4.0b

Rainer Orth ro@TechFak.Uni-Bielefeld.DE
Tue Jan 19 05:59:00 GMT 1999


Native configuration is alpha-dec-osf4.0b

		=== libio tests ===


Running target unix

		=== libio Summary ===

# of expected passes		40
		=== libstdc++ tests ===


Running target unix

		=== libstdc++ Summary ===

# of expected passes		30
		=== gcc tests ===


Running target unix
FAIL: gcc.c-torture/execute/980506-2.c execution,  -O2 
FAIL: gcc.c-torture/execute/980506-2.c execution,  -O2 -g 
FAIL: gcc.c-torture/execute/980506-2.c execution,  -Os 
FAIL: gcc.c-torture/execute/980526-1.c execution,  -O2 -fomit-frame-pointer -finline-functions 
FAIL: gcc.c-torture/execute/complex-5.c execution,  -O0 
FAIL: gcc.c-torture/execute/complex-5.c execution,  -O1 
FAIL: gcc.c-torture/execute/complex-5.c execution,  -O2 
FAIL: gcc.c-torture/execute/complex-5.c execution,  -O2 -fomit-frame-pointer -finline-functions 
FAIL: gcc.c-torture/execute/complex-5.c execution,  -O2 -g 
FAIL: gcc.c-torture/execute/complex-5.c execution,  -Os 
FAIL: gcc.c-torture/execute/ieee/mzero2.c execution,  -O0 
FAIL: gcc.c-torture/execute/ieee/mzero2.c execution,  -O1 
FAIL: gcc.c-torture/execute/ieee/mzero2.c execution,  -O2 
FAIL: gcc.c-torture/execute/ieee/mzero2.c execution,  -O2 -fomit-frame-pointer -finline-functions 
FAIL: gcc.c-torture/execute/ieee/mzero2.c execution,  -O2 -g 
FAIL: gcc.c-torture/execute/ieee/mzero2.c execution,  -Os 
FAIL: gcc.c-torture/execute/memcheck/blkarg.c execution,  -O2 -fomit-frame-pointer -finline-functions 
FAIL: gcc.c-torture/special/981006-1.c  (test for bogus messages, line 11)
FAIL: gcc.c-torture/special/981006-1.c  (test for bogus messages, line 12)

		=== gcc Summary ===

# of expected passes		7847
# of unexpected failures	19
# of expected failures		13
# of unsupported tests		19
/tmp/egcs-pthreads/gcc/xgcc version egcs-2.93.01 19990112 (gcc2 ss-980609 experimental)

		=== g++ tests ===


Running target unix
XPASS: g++.benjamin/p12475.C (test for excess errors)
FAIL: g++.brendan/eh1.C  Execution test
FAIL: g++.eh/cleanup1.C  Execution test
FAIL: g++.eh/flow1.C  Execution test
FAIL: g++.eh/new1.C  Execution test
FAIL: g++.eh/new2.C  Execution test
FAIL: g++.eh/pdel1.C  Execution test
FAIL: g++.eh/pdel2.C  Execution test
FAIL: g++.eh/ptr1.C  Execution test
FAIL: g++.eh/rethrow1.C  Execution test
FAIL: g++.eh/rethrow2.C  Execution test
FAIL: g++.eh/rethrow3.C  Execution test
FAIL: g++.eh/rethrow4.C  Execution test
FAIL: g++.eh/rethrow5.C  Execution test
FAIL: g++.eh/spec1.C  Execution test
FAIL: g++.eh/spec2.C  Execution test
FAIL: g++.eh/spec3.C  Execution test
FAIL: g++.eh/tmpl1.C  Execution test
FAIL: g++.gb/sig19.C (test for excess errors)
FAIL: g++.gb/sig21.C (test for excess errors)
FAIL: g++.jason/thunk2.C (test for excess errors)
XPASS: g++.jason/thunk3.C (test for excess errors)
XPASS: g++.jason/thunk3.C  Execution test
FAIL: g++.law/operators8.C (test for excess errors)
XPASS: g++.law/profile1.C (test for excess errors)
XPASS: g++.law/profile1.C  Execution test
FAIL: g++.martin/new1.C  Execution test
FAIL: g++.mike/dyncast1.C  Execution test
FAIL: g++.mike/dyncast2.C  Execution test
FAIL: g++.mike/dyncast5.C (test for excess errors)
FAIL: g++.mike/eh10.C  Execution test
FAIL: g++.mike/eh12.C  Execution test
FAIL: g++.mike/eh14.C  Execution test
FAIL: g++.mike/eh16.C  Execution test
FAIL: g++.mike/eh17.C  Execution test
FAIL: g++.mike/eh18.C  Execution test
FAIL: g++.mike/eh2.C  Execution test
FAIL: g++.mike/eh21.C  Execution test
FAIL: g++.mike/eh24.C  Execution test
FAIL: g++.mike/eh25.C  Execution test
FAIL: g++.mike/eh26.C  Execution test
FAIL: g++.mike/eh27.C  Execution test
FAIL: g++.mike/eh28.C  Execution test
FAIL: g++.mike/eh29.C  Execution test
FAIL: g++.mike/eh3.C  Execution test
FAIL: g++.mike/eh31.C  Execution test
FAIL: g++.mike/eh33.C  Execution test
FAIL: g++.mike/eh34.C  Execution test
FAIL: g++.mike/eh35.C  Execution test
FAIL: g++.mike/eh36.C  Execution test
FAIL: g++.mike/eh37.C  Execution test
FAIL: g++.mike/eh38.C  Execution test
FAIL: g++.mike/eh39.C  Execution test
FAIL: g++.mike/eh40.C  Execution test
FAIL: g++.mike/eh41.C  Execution test
FAIL: g++.mike/eh42.C  Execution test
FAIL: g++.mike/eh44.C  Execution test
FAIL: g++.mike/eh47.C  Execution test
FAIL: g++.mike/eh48.C  Execution test
FAIL: g++.mike/eh49.C  Execution test
FAIL: g++.mike/eh5.C  Execution test
FAIL: g++.mike/eh50.C  Execution test
FAIL: g++.mike/eh51.C  Execution test
FAIL: g++.mike/eh6.C  Execution test
FAIL: g++.mike/eh8.C  Execution test
FAIL: g++.mike/net21.C (test for excess errors)
FAIL: g++.mike/p1248.C (test for excess errors)
FAIL: g++.mike/p3139.C (test for excess errors)
FAIL: g++.mike/p5571.C (test for excess errors)
FAIL: g++.mike/p7912.C  Execution test
FAIL: g++.mike/p9706.C  Execution test
FAIL: g++.mike/rtti3.C (test for excess errors)
FAIL: g++.mike/virt5.C (test for excess errors)
FAIL: g++.other/array1.C  Execution test
FAIL: g++.other/delete3.C (test for excess errors)
FAIL: g++.other/init7.C  Execution test
FAIL: g++.other/null1.C (test for excess errors)
FAIL: g++.other/singleton.C  Execution test
FAIL: g++.pt/instantiate5.C (test for excess errors)
XPASS: g++.pt/instantiate6.C (test for excess errors)
FAIL: g++.pt/mi1.C (test for excess errors)
FAIL: g++.robertl/eb31.C  Execution test
FAIL: g++.robertl/eb50.C  Execution test
FAIL: g++.robertl/eb66.C  Execution test
FAIL: g++.robertl/eb88.C  Execution test

		=== g++ Summary ===

# of expected passes		4699
# of unexpected failures	79
# of unexpected successes	6
# of expected failures		99
# of untested testcases		7
/tmp/egcs-pthreads/gcc/testsuite/../xgcc version egcs-2.93.01 19990112 (gcc2 ss-980609 experimental)

		=== g77 tests ===


Running target unix
FAIL: g77.f-torture/execute/u77-test.f execution,  -O0 
FAIL: g77.f-torture/execute/u77-test.f execution,  -O1 
FAIL: g77.f-torture/execute/u77-test.f execution,  -O2 
FAIL: g77.f-torture/execute/u77-test.f execution,  -O2 -fomit-frame-pointer -finline-functions 
FAIL: g77.f-torture/execute/u77-test.f execution,  -O2 -fomit-frame-pointer -finline-functions -funroll-loops 
FAIL: g77.f-torture/execute/u77-test.f execution,  -O2 -fomit-frame-pointer -finline-functions -funroll-all-loops 
FAIL: g77.f-torture/execute/u77-test.f execution,  -Os 

		=== g77 Summary ===

# of expected passes		458
# of unexpected failures	7
		=== objc tests ===


Running target unix
FAIL: objc/execute/bf-1.m compilation,  -O 
FAIL: objc/execute/bf-10.m compilation,  -O 
FAIL: objc/execute/bf-11.m compilation,  -O 
FAIL: objc/execute/bf-12.m compilation,  -O 
FAIL: objc/execute/bf-13.m compilation,  -O 
FAIL: objc/execute/bf-14.m compilation,  -O 
FAIL: objc/execute/bf-15.m compilation,  -O 
FAIL: objc/execute/bf-16.m compilation,  -O 
FAIL: objc/execute/bf-17.m compilation,  -O 
FAIL: objc/execute/bf-18.m compilation,  -O 
FAIL: objc/execute/bf-19.m compilation,  -O 
FAIL: objc/execute/bf-2.m compilation,  -O 
FAIL: objc/execute/bf-3.m compilation,  -O 
FAIL: objc/execute/bf-4.m compilation,  -O 
FAIL: objc/execute/bf-5.m compilation,  -O 
FAIL: objc/execute/bf-6.m compilation,  -O 
FAIL: objc/execute/bf-7.m compilation,  -O 
FAIL: objc/execute/bf-8.m compilation,  -O 
FAIL: objc/execute/bf-9.m compilation,  -O 

		=== objc Summary ===

# of unexpected failures	19
# of untested testcases		19
/tmp/egcs-pthreads/gcc/xgcc version egcs-2.93.01 19990112 (gcc2 ss-980609 experimental)


Compiler version: egcs-2.93.01 19990112 (gcc2 ss-980609 experimental) 
Platform: alpha-dec-osf4.0b
configure flags: --with-gcc-version-trigger=/amnt/pharao/volumes/c3t3d0s5/egcs/src/egcs/egcs/egcs/gcc/version.c --host=alpha-dec-osf4.0b --prefix=/vol/egcs --with-local-prefix=/vol/egcs --enable-shared --disable-nls --enable-threads=posix -v --norecursion


More information about the Gcc-testresults mailing list