Results for egcs-2.93.02 19990117 (gcc2 ss-980609 experiment
rodneybrown@pmsc.com
rodneybrown@pmsc.com
Mon Jan 18 23:39:00 GMT 1999
Results for egcs-2.93.02 19990117 (gcc2 ss-980609 experimental) testsuite on
hppa2.0-hp-hpux10.20
Native configuration is hppa2.0-hp-hpux10.20
=== libio tests ===
Running target unix
FAIL: tFile.cc compilation
FAIL: tFile.cc compilation -b0
FAIL: tFile.cc compilation -b3
=== libio Summary ===
# of expected passes 31
# of unexpected failures 3
# of expected failures 6
=== libstdc++ tests ===
Running target unix
=== libstdc++ Summary ===
# of expected passes 30
=== gcc tests ===
Running target unix
FAIL: gcc.c-torture/execute/980506-2.c execution, -O2
FAIL: gcc.c-torture/execute/980506-2.c execution, -O2 -g
FAIL: gcc.c-torture/execute/980506-2.c execution, -Os
FAIL: gcc.c-torture/execute/980526-1.c execution, -O2 -fomit-frame-pointer
-finline-functions
FAIL: gcc.c-torture/execute/980716-1.c execution, -O0
FAIL: gcc.c-torture/execute/bcp-1.c compilation, -O1
FAIL: gcc.c-torture/execute/bcp-1.c execution, -O2
FAIL: gcc.c-torture/execute/bcp-1.c execution, -O2 -fomit-frame-pointer
-finline-functions
FAIL: gcc.c-torture/execute/bcp-1.c execution, -O2 -fomit-frame-pointer
-finline-functions -funroll-loops
FAIL: gcc.c-torture/execute/bcp-1.c execution, -O2 -fomit-frame-pointer
-finline-functions -funroll-all-loops
FAIL: gcc.c-torture/execute/bcp-1.c execution, -O2 -g
FAIL: gcc.c-torture/execute/bcp-1.c execution, -Os
FAIL: gcc.c-torture/execute/strct-stdarg-1.c execution, -O0
FAIL: gcc.c-torture/execute/strct-stdarg-1.c execution, -O1
FAIL: gcc.c-torture/execute/strct-stdarg-1.c execution, -O2
FAIL: gcc.c-torture/execute/strct-stdarg-1.c execution, -O2
-fomit-frame-pointer -finline-functions
FAIL: gcc.c-torture/execute/strct-stdarg-1.c execution, -O2
-fomit-frame-pointer -finline-functions -funroll-loops
FAIL: gcc.c-torture/execute/strct-stdarg-1.c execution, -O2
-fomit-frame-pointer -finline-functions -funroll-all-loops
FAIL: gcc.c-torture/execute/strct-stdarg-1.c execution, -O2 -g
FAIL: gcc.c-torture/execute/strct-stdarg-1.c execution, -Os
FAIL: gcc.c-torture/execute/ieee/fp-cmp-1.c execution, -O0
FAIL: gcc.c-torture/execute/ieee/mzero2.c execution, -O1
FAIL: gcc.c-torture/execute/ieee/mzero2.c execution, -O2
FAIL: gcc.c-torture/execute/ieee/mzero2.c execution, -O2 -fomit-frame-pointer
-finline-functions
FAIL: gcc.c-torture/execute/ieee/mzero2.c execution, -O2 -g
FAIL: gcc.c-torture/execute/ieee/mzero2.c execution, -Os
FAIL: gcc.c-torture/execute/memcheck/blkarg.c execution, -O0
FAIL: gcc.c-torture/execute/memcheck/blkarg.c execution, -O1
FAIL: gcc.c-torture/execute/memcheck/blkarg.c execution, -O2
FAIL: gcc.c-torture/execute/memcheck/blkarg.c execution, -O2
-fomit-frame-pointer -finline-functions
FAIL: gcc.c-torture/execute/memcheck/blkarg.c execution, -O2 -g
FAIL: gcc.c-torture/execute/memcheck/blkarg.c execution, -Os
FAIL: gcc.c-torture/special/981006-1.c (test for bogus messages, line 11)
FAIL: gcc.c-torture/special/981006-1.c (test for bogus messages, line 12)
=== gcc Summary ===
# of expected passes 7855
# of unexpected failures 34
# of expected failures 13
# of untested testcases 1
# of unsupported tests 19
/devel/span/rdb/src/egcs-19990117.obj/gcc/xgcc version egcs-2.93.02 19990117
(gcc2 ss-980609 experimental)
=== g++ tests ===
Running target unix
XPASS: g++.mike/eh33.C (test for excess errors)
XPASS: g++.mike/eh33.C Execution test
XPASS: g++.mike/eh50.C (test for excess errors)
XPASS: g++.mike/eh50.C Execution test
XPASS: g++.pt/instantiate6.C (test for excess errors)
FAIL: g++.pt/static3.C (test for excess errors)
=== g++ Summary ===
# of expected passes 4796
# of unexpected failures 1
# of unexpected successes 5
# of expected failures 88
# of untested testcases 7
/devel/span/rdb/src/egcs-19990117.obj/gcc/testsuite/../xgcc version egcs-2.93.02
19990117 (gcc2 ss-980609 experimental)
=== g77 tests ===
Running target unix
=== g77 Summary ===
# of expected passes 472
=== objc tests ===
Running target unix
=== objc Summary ===
# of expected passes 38
/devel/span/rdb/src/egcs-19990117.obj/gcc/xgcc version egcs-2.93.02 19990117
(gcc2 ss-980609 experimental)
Compiler version: egcs-2.93.02 19990117 (gcc2 ss-980609 experimental)
Platform: hppa2.0-hp-hpux10.20
configure flags:
--with-gcc-version-trigger=/devel/span/rdb/src/egcs-19990117/gcc/version.c
--host=hppa2.0-hp-hpux10.20 --with-gnu-as --norecursion
Counting all warnings,
there are 776 warnings in stage3 of this bootstrap.
Number of warnings per file:
37 ../../egcs-19990117/gcc/cse.c
37 ../../egcs-19990117/gcc/combine.c
34 ../../egcs-19990117/gcc/toplev.c
34 ../../../egcs-19990117/gcc/java/expr.c
31 ../../egcs-19990117/gcc/expmed.c
30 ../../../egcs-19990117/gcc/java/javaop.h
29 ../../egcs-19990117/gcc/optabs.c
27 ../../../egcs-19990117/gcc/java/jcf-parse.c
24 ../../egcs-19990117/gcc/expr.c
23 ../../../egcs-19990117/gcc/java/lex.c
19 ../../egcs-19990117/gcc/reload1.c
19 ../../egcs-19990117/gcc/config/pa/pa.c
18 ../../egcs-19990117/gcc/calls.c
17 ./parse.y
17 ../../../egcs-19990117/gcc/java/jcf-reader.c
17 ../../../egcs-19990117/gcc/java/class.c
16 ../../../egcs-19990117/gcc/java/jcf-write.c
15 ../../egcs-19990117/gcc/objc/objc-act.c
15 ../../../egcs-19990117/gcc/ch/typeck.c
14 ../../egcs-19990117/gcc/c-common.c
13 ../../../egcs-19990117/gcc/java/verify.c
13 ../../../egcs-19990117/gcc/java/javaop.def
12 ../../egcs-19990117/gcc/recog.c
12 ../../egcs-19990117/gcc/function.c
12 ../../../egcs-19990117/gcc/java/jcf-dump.c
11 ../../egcs-19990117/gcc/unroll.c
10 ../../egcs-19990117/gcc/varasm.c
10 ../../egcs-19990117/gcc/fold-const.c
10 ../../../egcs-19990117/gcc/f/com.c
9 ../../egcs-19990117/gcc/reload.c
9 ../../../egcs-19990117/gcc/java/typeck.c
9 ../../../egcs-19990117/gcc/java/decl.c
7 pexecute.c
7 ../../egcs-19990117/gcc/integrate.c
7 ../../../egcs-19990117/gcc/java/gjavah.c
6 ../../egcs-19990117/gcc/stmt.c
6 ../../egcs-19990117/gcc/final.c
6 ../../egcs-19990117/gcc/emit-rtl.c
6 ../../egcs-19990117/gcc/dbxout.c
6 ../../egcs-19990117/gcc/c-lex.c
6 ../../../egcs-19990117/gcc/cp/lex.c
5 ../../egcs-19990117/gcc/loop.c
5 ../../egcs-19990117/gcc/cccp.c
4 cexp.y
4 ../../egcs-19990117/gcc/regmove.c
4 ../../egcs-19990117/gcc/collect2.c
4 ../../../egcs-19990117/gcc/java/jcf-io.c
3 ../../egcs-19990117/gcc/local-alloc.c
3 ../../egcs-19990117/gcc/genopinit.c
3 ../../egcs-19990117/gcc/flow.c
3 ../../egcs-19990117/gcc/fix-header.c
3 ../../egcs-19990117/gcc/explow.c
3 ../../egcs-19990117/gcc/cpplib.c
3 ../../../egcs-19990117/gcc/ch/expr.c
2 insn-recog.c
2 getopt.c
2 gcj.c
2 g77.c
2 g++.c
2 ../../egcs-19990117/gcc/tree.c
2 ../../egcs-19990117/gcc/scan-decls.c
2 ../../egcs-19990117/gcc/regclass.c
2 ../../egcs-19990117/gcc/genattrtab.c
2 ../../egcs-19990117/gcc/gcc.c
2 ../../egcs-19990117/gcc/c-decl.c
2 ../../egcs-19990117/gcc/bitmap.c
2 ../../../egcs-19990117/gcc/java/zextract.c
2 ../../../egcs-19990117/gcc/java/parse.h
2 ../../../egcs-19990117/gcc/java/mangle.c
2 ../../../egcs-19990117/gcc/java/lex.h
2 ../../../egcs-19990117/gcc/ch/tasking.c
2 ../../../egcs-19990117/gcc/ch/parse.c
2 ../../../egcs-19990117/gcc/ch/inout.c
1 splay-tree.c
1 insn-attrtab.c
1 cxxmain.c
1 cplus-dem.c
1 choose-temp.c
1 ./parse-scan.y
1 ../../egcs-19990117/gcc/tlink.c
1 ../../egcs-19990117/gcc/stupid.c
1 ../../egcs-19990117/gcc/rtl.c
1 ../../egcs-19990117/gcc/print-rtl.c
1 ../../egcs-19990117/gcc/java/jvspec.c
1 ../../egcs-19990117/gcc/hash.c
1 ../../egcs-19990117/gcc/graph.c
1 ../../egcs-19990117/gcc/genrecog.c
1 ../../egcs-19990117/gcc/genpeep.c
1 ../../egcs-19990117/gcc/genoutput.c
1 ../../egcs-19990117/gcc/genemit.c
1 ../../egcs-19990117/gcc/gcov-io.h
1 ../../egcs-19990117/gcc/f/g77spec.c
1 ../../egcs-19990117/gcc/except.c
1 ../../egcs-19990117/gcc/cppfiles.c
1 ../../egcs-19990117/gcc/cppexp.c
1 ../../../egcs-19990117/gcc/java/jvgenmain.c
1 ../../../egcs-19990117/gcc/java/jv-scan.c
1 ../../../egcs-19990117/gcc/java/except.c
1 ../../../egcs-19990117/gcc/java/constants.c
1 ../../../egcs-19990117/gcc/cp/typeck.c
1 ../../../egcs-19990117/gcc/cp/pt.c
1 ../../../egcs-19990117/gcc/cp/decl.c
1 ../../../egcs-19990117/gcc/ch/decl.c
1 ../../../egcs-19990117/gcc/ch/actions.c
Number of warning types:
273 comparison between signed and unsigned
125 \`???' might be used uninitialized in this function
124 implicit declaration of function \`???'
78 unused parameter \`???'
45 unused variable \`???'
34 \`???' defined but not used
31 variable \`???' might be clobbered by \`longjmp' or \`vfork'
29 missing initializer for \`???'
14 ??? format, ??? arg (arg ???)
6 value computed is not used
5 argument \`???' might be clobbered by \`longjmp' or \`vfork'
4 \`???' declared \`static' but never defined
3 left-hand operand of comma expression has no effect
2 statement with no effect
2 label \`???' defined but not used
1 type of \`???' defaults to \`int'
More information about the Gcc-testresults
mailing list