Results for egcs-2.93.02 19990117 (gcc2 ss-980609 experimental) testsuite on alpha-unknown-linux-gnu

Alexandre Oliva oliva@dcc.unicamp.br
Mon Jan 18 13:08:00 GMT 1999


Native configuration is alpha-unknown-linux-gnu

		=== g++ tests ===


Running target unix
XPASS: g++.benjamin/p12475.C (test for excess errors)
FAIL: g++.brendan/eh1.C  Execution test
FAIL: g++.eh/cleanup1.C  Execution test
FAIL: g++.eh/flow1.C  Execution test
FAIL: g++.eh/new1.C  Execution test
FAIL: g++.eh/new2.C  Execution test
FAIL: g++.eh/pdel1.C  Execution test
FAIL: g++.eh/pdel2.C  Execution test
FAIL: g++.eh/ptr1.C  Execution test
FAIL: g++.eh/rethrow1.C  Execution test
FAIL: g++.eh/rethrow2.C  Execution test
FAIL: g++.eh/rethrow3.C  Execution test
FAIL: g++.eh/rethrow4.C  Execution test
FAIL: g++.eh/rethrow5.C  Execution test
FAIL: g++.eh/spec1.C  Execution test
FAIL: g++.eh/spec2.C  Execution test
FAIL: g++.eh/spec3.C  Execution test
FAIL: g++.eh/spec4.C  Execution test
FAIL: g++.eh/tmpl1.C  Execution test
XPASS: g++.jason/thunk3.C (test for excess errors)
XPASS: g++.jason/thunk3.C  Execution test
XPASS: g++.law/profile1.C (test for excess errors)
XPASS: g++.law/profile1.C  Execution test
FAIL: g++.martin/new1.C  Execution test
FAIL: g++.mike/dyncast1.C  Execution test
FAIL: g++.mike/dyncast2.C  Execution test
FAIL: g++.mike/eh10.C  Execution test
FAIL: g++.mike/eh12.C  Execution test
FAIL: g++.mike/eh14.C  Execution test
FAIL: g++.mike/eh16.C  Execution test
FAIL: g++.mike/eh17.C  Execution test
FAIL: g++.mike/eh18.C  Execution test
FAIL: g++.mike/eh2.C  Execution test
FAIL: g++.mike/eh21.C  Execution test
FAIL: g++.mike/eh23.C  Execution test
FAIL: g++.mike/eh24.C  Execution test
FAIL: g++.mike/eh25.C  Execution test
FAIL: g++.mike/eh26.C  Execution test
FAIL: g++.mike/eh27.C  Execution test
FAIL: g++.mike/eh28.C  Execution test
FAIL: g++.mike/eh29.C  Execution test
FAIL: g++.mike/eh3.C  Execution test
FAIL: g++.mike/eh31.C  Execution test
FAIL: g++.mike/eh33.C  Execution test
FAIL: g++.mike/eh34.C  Execution test
FAIL: g++.mike/eh35.C  Execution test
FAIL: g++.mike/eh36.C  Execution test
FAIL: g++.mike/eh37.C  Execution test
FAIL: g++.mike/eh38.C  Execution test
FAIL: g++.mike/eh39.C  Execution test
FAIL: g++.mike/eh40.C  Execution test
FAIL: g++.mike/eh41.C  Execution test
FAIL: g++.mike/eh42.C  Execution test
FAIL: g++.mike/eh44.C  Execution test
FAIL: g++.mike/eh47.C  Execution test
FAIL: g++.mike/eh48.C  Execution test
FAIL: g++.mike/eh49.C  Execution test
FAIL: g++.mike/eh5.C  Execution test
FAIL: g++.mike/eh50.C  Execution test
FAIL: g++.mike/eh51.C  Execution test
FAIL: g++.mike/eh55.C  Execution test
FAIL: g++.mike/eh6.C  Execution test
FAIL: g++.mike/eh8.C  Execution test
FAIL: g++.mike/p7912.C  Execution test
FAIL: g++.mike/p9706.C  Execution test
FAIL: g++.other/array1.C  Execution test
FAIL: g++.other/init7.C  Execution test
FAIL: g++.other/null1.C (test for excess errors)
FAIL: g++.other/singleton.C  Execution test
FAIL: g++.robertl/eb31.C  Execution test
FAIL: g++.robertl/eb50.C  Execution test
FAIL: g++.robertl/eb66.C  Execution test
FAIL: g++.robertl/eb88.C  Execution test

		=== g++ Summary ===

# of expected passes		4727
# of unexpected failures	68
# of unexpected successes	5
# of expected failures		90
# of untested testcases		7
/tmp/egcs/gcc/testsuite/../xgcc version egcs-2.93.02 19990117 (gcc2 ss-980609 experimental)

		=== g77 tests ===


Running target unix

		=== g77 Summary ===

# of expected passes		472
		=== gcc tests ===


Running target unix
FAIL: gcc.c-torture/execute/980506-2.c execution,  -O2 
FAIL: gcc.c-torture/execute/980506-2.c execution,  -O2 -g 
FAIL: gcc.c-torture/execute/980506-2.c execution,  -Os 
FAIL: gcc.c-torture/execute/980526-1.c execution,  -O2 -fomit-frame-pointer -finline-functions 
FAIL: gcc.c-torture/execute/complex-5.c execution,  -O0 
FAIL: gcc.c-torture/execute/complex-5.c execution,  -O1 
FAIL: gcc.c-torture/execute/complex-5.c execution,  -O2 
FAIL: gcc.c-torture/execute/complex-5.c execution,  -O2 -fomit-frame-pointer -finline-functions 
FAIL: gcc.c-torture/execute/complex-5.c execution,  -O2 -g 
FAIL: gcc.c-torture/execute/complex-5.c execution,  -Os 
FAIL: gcc.c-torture/execute/ieee/mzero2.c execution,  -O0 
FAIL: gcc.c-torture/execute/ieee/mzero2.c execution,  -O1 
FAIL: gcc.c-torture/execute/ieee/mzero2.c execution,  -O2 
FAIL: gcc.c-torture/execute/ieee/mzero2.c execution,  -O2 -fomit-frame-pointer -finline-functions 
FAIL: gcc.c-torture/execute/ieee/mzero2.c execution,  -O2 -g 
FAIL: gcc.c-torture/execute/ieee/mzero2.c execution,  -Os 
FAIL: gcc.c-torture/execute/memcheck/blkarg.c execution,  -O2 -fomit-frame-pointer -finline-functions 
FAIL: gcc.c-torture/special/981006-1.c  (test for bogus messages, line 11)
FAIL: gcc.c-torture/special/981006-1.c  (test for bogus messages, line 12)

		=== gcc Summary ===

# of expected passes		7871
# of unexpected failures	19
# of expected failures		13
# of unsupported tests		19
/tmp/egcs/gcc/xgcc version egcs-2.93.02 19990117 (gcc2 ss-980609 experimental)

		=== libg++ tests ===


Running target unix

		=== libg++ Summary ===

# of expected passes		72
		=== libio tests ===


Running target unix

		=== libio Summary ===

# of expected passes		40
		=== libstdc++ tests ===


Running target unix

		=== libstdc++ Summary ===

# of expected passes		30
		=== objc tests ===


Running target unix
FAIL: objc/execute/bf-1.m compilation,  -O 
FAIL: objc/execute/bf-10.m compilation,  -O 
FAIL: objc/execute/bf-11.m compilation,  -O 
FAIL: objc/execute/bf-12.m compilation,  -O 
FAIL: objc/execute/bf-13.m compilation,  -O 
FAIL: objc/execute/bf-14.m compilation,  -O 
FAIL: objc/execute/bf-15.m compilation,  -O 
FAIL: objc/execute/bf-16.m compilation,  -O 
FAIL: objc/execute/bf-17.m compilation,  -O 
FAIL: objc/execute/bf-18.m compilation,  -O 
FAIL: objc/execute/bf-19.m compilation,  -O 
FAIL: objc/execute/bf-2.m compilation,  -O 
FAIL: objc/execute/bf-3.m compilation,  -O 
FAIL: objc/execute/bf-4.m compilation,  -O 
FAIL: objc/execute/bf-5.m compilation,  -O 
FAIL: objc/execute/bf-6.m compilation,  -O 
FAIL: objc/execute/bf-7.m compilation,  -O 
FAIL: objc/execute/bf-8.m compilation,  -O 
FAIL: objc/execute/bf-9.m compilation,  -O 

		=== objc Summary ===

# of unexpected failures	19
# of untested testcases		19
/tmp/egcs/gcc/xgcc version egcs-2.93.02 19990117 (gcc2 ss-980609 experimental)


Compiler version: egcs-2.93.02 19990117 (gcc2 ss-980609 experimental) 
Platform: alpha-unknown-linux-gnu

BOOT_CFLAGS: -g -O9 -W -Wall

Counting all warnings,
there are 378 warnings in stage3 of this bootstrap.

Number of warnings per file:
     39	/home/phd/oliva/src/egcs/gcc/cse.c
     21	/home/phd/oliva/src/egcs/gcc/f/stb.c
     18	/home/phd/oliva/src/egcs/gcc/f/intrin.c
     16	insn-emit.c
     16	/home/phd/oliva/src/egcs/gcc/reload1.c
     15	/home/phd/oliva/src/egcs/gcc/c-lex.c
     13	/home/phd/oliva/src/egcs/gcc/stmt.c
     11	/home/phd/oliva/src/egcs/gcc/reload.c
     11	/home/phd/oliva/src/egcs/gcc/fold-const.c
     11	/home/phd/oliva/src/egcs/gcc/combine.c
     10	/home/phd/oliva/src/egcs/gcc/varasm.c
      9	/home/phd/oliva/src/egcs/gcc/rtl.c
      9	/home/phd/oliva/src/egcs/gcc/java/lex.c
      9	/home/phd/oliva/src/egcs/gcc/cp/lex.c
      8	/home/phd/oliva/src/egcs/gcc/f/expr.c
      8	/home/phd/oliva/src/egcs/gcc/dwarf2out.c
      7	pexecute.c
      7	/home/phd/oliva/src/egcs/gcc/integrate.c
      7	/home/phd/oliva/src/egcs/gcc/dbxout.c
      7	./parse.y
      6	/home/phd/oliva/src/egcs/gcc/sdbout.c
      6	/home/phd/oliva/src/egcs/gcc/optabs.c
      6	/home/phd/oliva/src/egcs/gcc/expr.c
      5	/home/phd/oliva/src/egcs/gcc/unroll.c
      5	/home/phd/oliva/src/egcs/gcc/loop.c
      5	/home/phd/oliva/src/egcs/gcc/jump.c
      5	/home/phd/oliva/src/egcs/gcc/final.c
      5	/home/phd/oliva/src/egcs/gcc/expmed.c
      4	insn-recog.c
      4	cexp.y
      4	/home/phd/oliva/src/egcs/gcc/regmove.c
      4	/home/phd/oliva/src/egcs/gcc/genattrtab.c
      4	/home/phd/oliva/src/egcs/gcc/config/alpha/alpha.c
      4	/home/phd/oliva/src/egcs/gcc/ch/actions.c
      4	/home/phd/oliva/src/egcs/gcc/cccp.c
      4	/home/phd/oliva/src/egcs/gcc/calls.c
      3	insn-output.c
      3	/home/phd/oliva/src/egcs/gcc/local-alloc.c
      3	/home/phd/oliva/src/egcs/gcc/genopinit.c
      3	/home/phd/oliva/src/egcs/gcc/function.c
      3	/home/phd/oliva/src/egcs/gcc/flow.c
      3	/home/phd/oliva/src/egcs/gcc/ch/parse.c
      3	/home/phd/oliva/src/egcs/gcc/ch/inout.c
      3	/home/phd/oliva/src/egcs/gcc/ch/expr.c
      2	/home/phd/oliva/src/egcs/gcc/regclass.c
      2	/home/phd/oliva/src/egcs/gcc/f/lex.c
      2	/home/phd/oliva/src/egcs/gcc/cp/decl.c
      2	/home/phd/oliva/src/egcs/gcc/ch/tasking.c
      2	/home/phd/oliva/src/egcs/gcc/c-decl.c
      2	/home/phd/oliva/src/egcs/gcc/bitmap.c
      1	splay-tree.c
      1	/home/phd/oliva/src/egcs/gcc/tree.c
      1	/home/phd/oliva/src/egcs/gcc/toplev.c
      1	/home/phd/oliva/src/egcs/gcc/stupid.c
      1	/home/phd/oliva/src/egcs/gcc/hash.c
      1	/home/phd/oliva/src/egcs/gcc/haifa-sched.c
      1	/home/phd/oliva/src/egcs/gcc/graph.c
      1	/home/phd/oliva/src/egcs/gcc/gengenrtl.c
      1	/home/phd/oliva/src/egcs/gcc/gcc.c
      1	/home/phd/oliva/src/egcs/gcc/f/com.c
      1	/home/phd/oliva/src/egcs/gcc/explow.c
      1	/home/phd/oliva/src/egcs/gcc/except.c
      1	/home/phd/oliva/src/egcs/gcc/cp/typeck.c
      1	/home/phd/oliva/src/egcs/gcc/ch/typeck.c
      1	/home/phd/oliva/src/egcs/gcc/ch/decl.c

Number of warning types:
    236	`???' might be used uninitialized in this function
     45	unused parameter `???'
     33	variable `???' might be clobbered by `longjmp' or `vfork'
     30	comparison between signed and unsigned
     22	unused variable `???'
      7	argument `???' might be clobbered by `longjmp' or `vfork'
      3	implicit declaration of function `???'
      1	`???' defined but not used
      1	??? format, ??? arg (arg ???)


More information about the Gcc-testresults mailing list