Results for egcs-2.93.02 19990117 (gcc2 ss-980609 experimental) testsuite on mips-sgi-irix6.3

Alexandre Oliva oliva@dcc.unicamp.br
Mon Jan 18 00:46:00 GMT 1999


Native configuration is mips-sgi-irix6.3

		=== g++ tests ===


Running target unix
XPASS: g++.pt/instantiate6.C (test for excess errors)

		=== g++ Summary ===

# of expected passes		4798
# of unexpected successes	1
# of expected failures		91
# of untested testcases		7
/tmp/egcs/gcc/testsuite/../xgcc version egcs-2.93.02 19990117 (gcc2 ss-980609 experimental)

		=== g77 tests ===


Running target unix

		=== g77 Summary ===

# of expected passes		472
		=== gcc tests ===


Running target unix
FAIL: gcc.c-torture/compile/990117-1.c,  -O1  
FAIL: gcc.c-torture/compile/990117-1.c,  -O2  
FAIL: gcc.c-torture/compile/990117-1.c,  -O2 -fomit-frame-pointer -finline-functions  
FAIL: gcc.c-torture/compile/990117-1.c,  -O2 -g  
FAIL: gcc.c-torture/compile/990117-1.c,  -Os  
FAIL: gcc.c-torture/execute/980506-2.c execution,  -O2 
FAIL: gcc.c-torture/execute/980506-2.c execution,  -O2 -g 
FAIL: gcc.c-torture/execute/980506-2.c execution,  -Os 
FAIL: gcc.c-torture/execute/980526-1.c execution,  -O2 -fomit-frame-pointer -finline-functions 
FAIL: gcc.c-torture/execute/bcp-1.c compilation,  -O1 
FAIL: gcc.c-torture/execute/bcp-1.c compilation,  -O2 
FAIL: gcc.c-torture/execute/bcp-1.c compilation,  -O2 -fomit-frame-pointer -finline-functions 
FAIL: gcc.c-torture/execute/bcp-1.c compilation,  -O2 -fomit-frame-pointer -finline-functions -funroll-loops 
FAIL: gcc.c-torture/execute/bcp-1.c compilation,  -O2 -fomit-frame-pointer -finline-functions -funroll-all-loops 
FAIL: gcc.c-torture/execute/bcp-1.c compilation,  -O2 -g 
FAIL: gcc.c-torture/execute/bcp-1.c compilation,  -Os 
FAIL: gcc.c-torture/execute/complex-5.c execution,  -O0 
FAIL: gcc.c-torture/execute/complex-5.c execution,  -O1 
FAIL: gcc.c-torture/execute/complex-5.c execution,  -O2 
FAIL: gcc.c-torture/execute/complex-5.c execution,  -O2 -fomit-frame-pointer -finline-functions 
FAIL: gcc.c-torture/execute/complex-5.c execution,  -O2 -g 
FAIL: gcc.c-torture/execute/complex-5.c execution,  -Os 
FAIL: gcc.c-torture/execute/memcheck/blkarg.c execution,  -O0 
FAIL: gcc.c-torture/execute/memcheck/blkarg.c execution,  -O1 
FAIL: gcc.c-torture/execute/memcheck/blkarg.c execution,  -O2 
FAIL: gcc.c-torture/execute/memcheck/blkarg.c execution,  -O2 -fomit-frame-pointer -finline-functions 
FAIL: gcc.c-torture/execute/memcheck/blkarg.c execution,  -O2 -g 
FAIL: gcc.c-torture/execute/memcheck/blkarg.c execution,  -Os 

		=== gcc Summary ===

# of expected passes		7853
# of unexpected failures	28
# of expected failures		13
# of untested testcases		7
# of unsupported tests		20
/tmp/egcs/gcc/xgcc version egcs-2.93.02 19990117 (gcc2 ss-980609 experimental)

		=== libg++ tests ===


Running target unix

		=== libg++ Summary ===

# of expected passes		72
		=== libio tests ===


Running target unix

		=== libio Summary ===

# of expected passes		40
		=== libstdc++ tests ===


Running target unix

		=== libstdc++ Summary ===

# of expected passes		30
		=== objc tests ===


Running target unix

		=== objc Summary ===

# of expected passes		38
/tmp/egcs/gcc/xgcc version egcs-2.93.02 19990117 (gcc2 ss-980609 experimental)


Compiler version: egcs-2.93.02 19990117 (gcc2 ss-980609 experimental) 
Platform: mips-sgi-irix6.3

BOOT_CFLAGS: -g -O9 -W -Wall

Counting all warnings,
there are 539 warnings in stage3 of this bootstrap.

Number of warnings per file:
     65	/home/msc/oliva/src/egcs/gcc/toplev.c
     35	/home/msc/oliva/src/egcs/gcc/java/expr.c
     29	/home/msc/oliva/src/egcs/gcc/java/jcf-parse.c
     22	/home/msc/oliva/src/egcs/gcc/java/lex.c
     18	/home/msc/oliva/src/egcs/gcc/java/class.c
     17	/home/msc/oliva/src/egcs/gcc/java/jcf-write.c
     17	/home/msc/oliva/src/egcs/gcc/java/jcf-reader.c
     17	./parse.y
     14	/home/msc/oliva/src/egcs/gcc/objc/objc-act.c
     13	/home/msc/oliva/src/egcs/gcc/java/verify.c
     13	/home/msc/oliva/src/egcs/gcc/java/jcf-dump.c
     13	/home/msc/oliva/src/egcs/gcc/java/javaop.def
     12	insn-emit.c
     12	/home/msc/oliva/src/egcs/gcc/cse.c
     10	/home/msc/oliva/src/egcs/gcc/varasm.c
     10	/home/msc/oliva/src/egcs/gcc/reload1.c
     10	/home/msc/oliva/src/egcs/gcc/fold-const.c
      9	/home/msc/oliva/src/egcs/gcc/java/decl.c
      8	/home/msc/oliva/src/egcs/gcc/dwarf2out.c
      8	/home/msc/oliva/src/egcs/gcc/combine.c
      7	/home/msc/oliva/src/egcs/gcc/unroll.c
      7	/home/msc/oliva/src/egcs/gcc/reload.c
      7	/home/msc/oliva/src/egcs/gcc/optabs.c
      7	/home/msc/oliva/src/egcs/gcc/java/gjavah.c
      7	/home/msc/oliva/src/egcs/gcc/integrate.c
      6	/home/msc/oliva/src/egcs/gcc/cp/lex.c
      6	/home/msc/oliva/src/egcs/gcc/calls.c
      6	/home/msc/oliva/src/egcs/gcc/c-lex.c
      5	/home/msc/oliva/src/egcs/gcc/final.c
      4	cexp.y
      4	/home/msc/oliva/src/egcs/gcc/regmove.c
      4	/home/msc/oliva/src/egcs/gcc/java/lex.h
      4	/home/msc/oliva/src/egcs/gcc/expr.c
      4	/home/msc/oliva/src/egcs/gcc/expmed.c
      4	/home/msc/oliva/src/egcs/gcc/cpplib.c
      3	pexecute.c
      3	/home/msc/oliva/src/egcs/gcc/stmt.c
      3	/home/msc/oliva/src/egcs/gcc/sched.c
      3	/home/msc/oliva/src/egcs/gcc/rtl.c
      3	/home/msc/oliva/src/egcs/gcc/recog.c
      3	/home/msc/oliva/src/egcs/gcc/loop.c
      3	/home/msc/oliva/src/egcs/gcc/local-alloc.c
      3	/home/msc/oliva/src/egcs/gcc/jump.c
      3	/home/msc/oliva/src/egcs/gcc/java/jcf-io.c
      3	/home/msc/oliva/src/egcs/gcc/genopinit.c
      3	/home/msc/oliva/src/egcs/gcc/config/mips/mips.c
      3	/home/msc/oliva/src/egcs/gcc/ch/expr.c
      3	/home/msc/oliva/src/egcs/gcc/cccp.c
      2	insn-attrtab.c
      2	getopt.c
      2	/home/msc/oliva/src/egcs/gcc/scan-decls.c
      2	/home/msc/oliva/src/egcs/gcc/reorg.c
      2	/home/msc/oliva/src/egcs/gcc/java/zextract.c
      2	/home/msc/oliva/src/egcs/gcc/java/typeck.c
      2	/home/msc/oliva/src/egcs/gcc/java/parse.h
      2	/home/msc/oliva/src/egcs/gcc/java/mangle.c
      2	/home/msc/oliva/src/egcs/gcc/java/../config/mips/mips.h
      2	/home/msc/oliva/src/egcs/gcc/function.c
      2	/home/msc/oliva/src/egcs/gcc/flow.c
      2	/home/msc/oliva/src/egcs/gcc/fix-header.c
      2	/home/msc/oliva/src/egcs/gcc/f/intrin.c
      2	/home/msc/oliva/src/egcs/gcc/ch/tasking.c
      2	/home/msc/oliva/src/egcs/gcc/ch/parse.c
      2	/home/msc/oliva/src/egcs/gcc/ch/inout.c
      2	/home/msc/oliva/src/egcs/gcc/c-decl.c
      2	/home/msc/oliva/src/egcs/gcc/bitmap.c
      1	splay-tree.c
      1	gcj.c
      1	g77.c
      1	g++.c
      1	cxxmain.c
      1	cplus-dem.c
      1	/home/msc/oliva/src/egcs/gcc/tree.c
      1	/home/msc/oliva/src/egcs/gcc/tlink.c
      1	/home/msc/oliva/src/egcs/gcc/stupid.c
      1	/home/msc/oliva/src/egcs/gcc/regclass.c
      1	/home/msc/oliva/src/egcs/gcc/java/jvspec.c
      1	/home/msc/oliva/src/egcs/gcc/java/jvgenmain.c
      1	/home/msc/oliva/src/egcs/gcc/java/jv-scan.c
      1	/home/msc/oliva/src/egcs/gcc/java/except.c
      1	/home/msc/oliva/src/egcs/gcc/java/constants.c
      1	/home/msc/oliva/src/egcs/gcc/hash.c
      1	/home/msc/oliva/src/egcs/gcc/graph.c
      1	/home/msc/oliva/src/egcs/gcc/gengenrtl.c
      1	/home/msc/oliva/src/egcs/gcc/genattrtab.c
      1	/home/msc/oliva/src/egcs/gcc/gcc.c
      1	/home/msc/oliva/src/egcs/gcc/f/g77spec.c
      1	/home/msc/oliva/src/egcs/gcc/except.c
      1	/home/msc/oliva/src/egcs/gcc/cppexp.c
      1	/home/msc/oliva/src/egcs/gcc/cp/typeck.c
      1	/home/msc/oliva/src/egcs/gcc/cp/decl.c
      1	/home/msc/oliva/src/egcs/gcc/collect2.c
      1	/home/msc/oliva/src/egcs/gcc/ch/typeck.c
      1	/home/msc/oliva/src/egcs/gcc/ch/decl.c
      1	/home/msc/oliva/src/egcs/gcc/ch/actions.c
      1	./parse-scan.y

Number of warning types:
    156	`???' might be used uninitialized in this function
     91	implicit declaration of function `???'
     73	unused parameter `???'
     64	missing initializer for `???'
     54	unused variable `???'
     30	comparison between signed and unsigned
     28	variable `???' might be clobbered by `longjmp' or `vfork'
     14	??? format, ??? arg (arg ???)
      5	control reaches end of non-void function
      5	argument `???' might be clobbered by `longjmp' or `vfork'
      4	label `???' defined but not used
      4	`???' declared `static' but never defined
      2	this is the location of the previous definition
      2	subscript has type `char'
      2	statement with no effect
      2	`???' redefined
      1	value computed is not used
      1	type of `???' defaults to `int'
      1	`???' defined but not used


More information about the Gcc-testresults mailing list