Results for haifa-enabled egcs-2.93.02 19990117 (gcc2 ss-980609 experimental) testsuite on mips-sgi-irix6.2/-mabi=64

Billinghurst, David (RTD) David.Billinghurst@riotinto.com.au
Sun Jan 17 19:20:00 GMT 1999


Target is mips-sgi-irix6.2/-mabi=64
Host   is mips-sgi-irix6.2

		=== gcc tests ===


Running target unix
FAIL: gcc.c-torture/compile/920501-4.c,  -O1  
FAIL: gcc.c-torture/compile/990117-1.c,  -O1  
FAIL: gcc.c-torture/compile/990117-1.c,  -O2  
FAIL: gcc.c-torture/compile/990117-1.c,  -O2 -fomit-frame-pointer
-finline-functions  
FAIL: gcc.c-torture/compile/990117-1.c,  -O2 -g  
FAIL: gcc.c-torture/compile/990117-1.c,  -Os  
FAIL: gcc.c-torture/execute/980506-2.c execution,  -O2 
FAIL: gcc.c-torture/execute/980506-2.c execution,  -O2 -g 
FAIL: gcc.c-torture/execute/980506-2.c execution,  -Os 
FAIL: gcc.c-torture/execute/980526-1.c execution,  -O2 -fomit-frame-pointer
-finline-functions 
FAIL: gcc.c-torture/execute/bcp-1.c compilation,  -O1 
FAIL: gcc.c-torture/execute/bcp-1.c compilation,  -O2 
FAIL: gcc.c-torture/execute/bcp-1.c compilation,  -O2 -fomit-frame-pointer
-finline-functions 
FAIL: gcc.c-torture/execute/bcp-1.c compilation,  -O2 -fomit-frame-pointer
-finline-functions -funroll-loops 
FAIL: gcc.c-torture/execute/bcp-1.c compilation,  -O2 -fomit-frame-pointer
-finline-functions -funroll-all-loops 
FAIL: gcc.c-torture/execute/bcp-1.c compilation,  -O2 -g 
FAIL: gcc.c-torture/execute/bcp-1.c compilation,  -Os 
FAIL: gcc.c-torture/execute/complex-5.c execution,  -O0 
FAIL: gcc.c-torture/execute/complex-5.c execution,  -O1 
FAIL: gcc.c-torture/execute/complex-5.c execution,  -O2 
FAIL: gcc.c-torture/execute/complex-5.c execution,  -O2 -fomit-frame-pointer
-finline-functions 
FAIL: gcc.c-torture/execute/complex-5.c execution,  -O2 -g 
FAIL: gcc.c-torture/execute/complex-5.c execution,  -Os 
FAIL: gcc.c-torture/execute/memcheck/blkarg.c execution,  -O0 
FAIL: gcc.c-torture/execute/memcheck/blkarg.c execution,  -O1 
FAIL: gcc.c-torture/execute/memcheck/blkarg.c execution,  -O2 
FAIL: gcc.c-torture/execute/memcheck/blkarg.c execution,  -O2
-fomit-frame-pointer -finline-functions 
FAIL: gcc.c-torture/execute/memcheck/blkarg.c execution,  -O2 -g 
FAIL: gcc.c-torture/execute/memcheck/blkarg.c execution,  -Os 

		=== gcc Summary ===

# of expected passes		7835
# of unexpected failures	29
# of expected failures		13
# of untested testcases		7
# of unsupported tests		22
/exd4/billingd/tmp/egcs-19990117/bin/gcc version egcs-2.93.02 19990117 (gcc2
ss-980609 experimental)

Host   is mips-sgi-irix6.2

		=== g77 tests ===


Running target unix
FAIL: g77.f-torture/compile/980419-2.f,  -O0  
FAIL: g77.f-torture/compile/980419-2.f,  -O1  
FAIL: g77.f-torture/compile/980419-2.f,  -O2  
FAIL: g77.f-torture/compile/980419-2.f,  -O2 -fomit-frame-pointer
-finline-functions  
FAIL: g77.f-torture/compile/980419-2.f,  -O2 -fomit-frame-pointer
-finline-functions -funroll-loops  
FAIL: g77.f-torture/compile/980419-2.f,  -O2 -fomit-frame-pointer
-finline-functions -funroll-all-loops  
FAIL: g77.f-torture/compile/980419-2.f,  -Os  
FAIL: g77.f-torture/execute/970816-3.f execution,  -O0 
FAIL: g77.f-torture/execute/970816-3.f execution,  -O1 
FAIL: g77.f-torture/execute/970816-3.f execution,  -O2 
FAIL: g77.f-torture/execute/970816-3.f execution,  -O2 -fomit-frame-pointer
-finline-functions 
FAIL: g77.f-torture/execute/970816-3.f execution,  -Os 
FAIL: g77.f-torture/execute/971102-1.f execution,  -O0 
FAIL: g77.f-torture/execute/971102-1.f execution,  -O1 
FAIL: g77.f-torture/execute/971102-1.f execution,  -O2 
FAIL: g77.f-torture/execute/971102-1.f execution,  -O2 -fomit-frame-pointer
-finline-functions 
FAIL: g77.f-torture/execute/971102-1.f execution,  -O2 -fomit-frame-pointer
-finline-functions -funroll-loops 
FAIL: g77.f-torture/execute/971102-1.f execution,  -O2 -fomit-frame-pointer
-finline-functions -funroll-all-loops 
FAIL: g77.f-torture/execute/971102-1.f execution,  -Os 
FAIL: g77.f-torture/execute/io0.f execution,  -O0 
FAIL: g77.f-torture/execute/io0.f execution,  -O1 
FAIL: g77.f-torture/execute/io0.f execution,  -O2 
FAIL: g77.f-torture/execute/io0.f execution,  -O2 -fomit-frame-pointer
-finline-functions 
FAIL: g77.f-torture/execute/io0.f execution,  -Os 
FAIL: g77.f-torture/execute/io1.f compilation,  -O0 
FAIL: g77.f-torture/execute/io1.f execution,  -O1 
FAIL: g77.f-torture/execute/io1.f execution,  -O2 
FAIL: g77.f-torture/execute/io1.f execution,  -O2 -fomit-frame-pointer
-finline-functions 
FAIL: g77.f-torture/execute/io1.f execution,  -Os 
FAIL: g77.f-torture/execute/u77-test.f compilation,  -O0 
FAIL: g77.f-torture/execute/u77-test.f compilation,  -O1 
FAIL: g77.f-torture/execute/u77-test.f compilation,  -O2 
FAIL: g77.f-torture/execute/u77-test.f compilation,  -O2
-fomit-frame-pointer -finline-functions 
FAIL: g77.f-torture/execute/u77-test.f compilation,  -O2
-fomit-frame-pointer -finline-functions -funroll-loops 
FAIL: g77.f-torture/execute/u77-test.f compilation,  -O2
-fomit-frame-pointer -finline-functions -funroll-all-loops 
FAIL: g77.f-torture/execute/u77-test.f compilation,  -Os 

		=== g77 Summary ===

# of expected passes		428
# of unexpected failures	36
# of untested testcases		8
Host   is mips-sgi-irix6.2

		=== g++ tests ===


Running target unix
FAIL: g++.benjamin/p12475.C , (test for warnings, line 5)
FAIL: g++.other/null1.C (test for excess errors)
XPASS: g++.pt/instantiate6.C (test for excess errors)

		=== g++ Summary ===

# of expected passes		4792
# of unexpected failures	2
# of unexpected successes	1
# of expected failures		89
# of untested testcases		11
/exd4/billingd/tmp/egcs-19990117/bin/g++ version egcs-2.93.02 19990117 (gcc2
ss-980609 experimental)


Compiler version: haifa-enabled egcs-2.93.02 19990117 (gcc2 ss-980609
experimental) 
Platform: mips-sgi-irix6.2/-mabi
configure flags:
--with-gcc-version-trigger=/exd4/billingd/src/egcs-19990117/gcc/version.c
--host=mips-sgi-irix6.2 --enable-shared --enable-haifa
--prefix=/exd4/billingd/tmp/egcs-19990117 --norecursion



More information about the Gcc-testresults mailing list