Results for egcs-2.93.01 19990112 (gcc2 ss-980609 experimental) testsuite on mips-sgi-irix6.2
Rainer Orth
ro@TechFak.Uni-Bielefeld.DE
Fri Jan 15 17:01:00 GMT 1999
Native configuration is mips-sgi-irix6.2
=== libio tests ===
Running target unix
=== libio Summary for unix ===
# of expected passes 40
Running target unix/-mabi=64
=== libio Summary for unix/-mabi=64 ===
# of expected passes 40
=== libio Summary ===
# of expected passes 80
=== libstdc++ tests ===
Running target unix
=== libstdc++ Summary for unix ===
# of expected passes 30
Running target unix/-mabi=64
=== libstdc++ Summary for unix/-mabi=64 ===
# of expected passes 30
=== libstdc++ Summary ===
# of expected passes 60
=== gcc tests ===
Running target unix
FAIL: gcc.c-torture/execute/980506-2.c execution, -O2
FAIL: gcc.c-torture/execute/980506-2.c execution, -O2 -g
FAIL: gcc.c-torture/execute/980506-2.c execution, -Os
FAIL: gcc.c-torture/execute/980526-1.c execution, -O2 -fomit-frame-pointer -finline-functions
FAIL: gcc.c-torture/execute/bcp-1.c compilation, -O1
FAIL: gcc.c-torture/execute/bcp-1.c compilation, -O2
FAIL: gcc.c-torture/execute/bcp-1.c compilation, -O2 -fomit-frame-pointer -finline-functions
FAIL: gcc.c-torture/execute/bcp-1.c compilation, -O2 -fomit-frame-pointer -finline-functions -funroll-loops
FAIL: gcc.c-torture/execute/bcp-1.c compilation, -O2 -fomit-frame-pointer -finline-functions -funroll-all-loops
FAIL: gcc.c-torture/execute/bcp-1.c compilation, -O2 -g
FAIL: gcc.c-torture/execute/bcp-1.c compilation, -Os
FAIL: gcc.c-torture/execute/complex-5.c execution, -O0
FAIL: gcc.c-torture/execute/complex-5.c execution, -O1
FAIL: gcc.c-torture/execute/complex-5.c execution, -O2
FAIL: gcc.c-torture/execute/complex-5.c execution, -O2 -fomit-frame-pointer -finline-functions
FAIL: gcc.c-torture/execute/complex-5.c execution, -O2 -g
FAIL: gcc.c-torture/execute/complex-5.c execution, -Os
FAIL: gcc.c-torture/execute/memcheck/blkarg.c execution, -O0
FAIL: gcc.c-torture/execute/memcheck/blkarg.c execution, -O1
FAIL: gcc.c-torture/execute/memcheck/blkarg.c execution, -O2
FAIL: gcc.c-torture/execute/memcheck/blkarg.c execution, -O2 -fomit-frame-pointer -finline-functions
FAIL: gcc.c-torture/execute/memcheck/blkarg.c execution, -O2 -g
FAIL: gcc.c-torture/execute/memcheck/blkarg.c execution, -Os
=== gcc Summary for unix ===
# of expected passes 7834
# of unexpected failures 23
# of expected failures 13
# of untested testcases 7
# of unsupported tests 20
Running target unix/-mabi=64
FAIL: gcc.c-torture/compile/920501-4.c, -O1
FAIL: gcc.c-torture/execute/980506-2.c execution, -O2
FAIL: gcc.c-torture/execute/980506-2.c execution, -O2 -g
FAIL: gcc.c-torture/execute/980506-2.c execution, -Os
FAIL: gcc.c-torture/execute/980526-1.c execution, -O2 -fomit-frame-pointer -finline-functions
FAIL: gcc.c-torture/execute/bcp-1.c compilation, -O1
FAIL: gcc.c-torture/execute/bcp-1.c compilation, -O2
FAIL: gcc.c-torture/execute/bcp-1.c compilation, -O2 -fomit-frame-pointer -finline-functions
FAIL: gcc.c-torture/execute/bcp-1.c compilation, -O2 -fomit-frame-pointer -finline-functions -funroll-loops
FAIL: gcc.c-torture/execute/bcp-1.c compilation, -O2 -fomit-frame-pointer -finline-functions -funroll-all-loops
FAIL: gcc.c-torture/execute/bcp-1.c compilation, -O2 -g
FAIL: gcc.c-torture/execute/bcp-1.c compilation, -Os
FAIL: gcc.c-torture/execute/complex-5.c execution, -O0
FAIL: gcc.c-torture/execute/complex-5.c execution, -O1
FAIL: gcc.c-torture/execute/complex-5.c execution, -O2
FAIL: gcc.c-torture/execute/complex-5.c execution, -O2 -fomit-frame-pointer -finline-functions
FAIL: gcc.c-torture/execute/complex-5.c execution, -O2 -g
FAIL: gcc.c-torture/execute/complex-5.c execution, -Os
FAIL: gcc.c-torture/execute/memcheck/blkarg.c execution, -O0
FAIL: gcc.c-torture/execute/memcheck/blkarg.c execution, -O1
FAIL: gcc.c-torture/execute/memcheck/blkarg.c execution, -O2
FAIL: gcc.c-torture/execute/memcheck/blkarg.c execution, -O2 -fomit-frame-pointer -finline-functions
FAIL: gcc.c-torture/execute/memcheck/blkarg.c execution, -O2 -g
FAIL: gcc.c-torture/execute/memcheck/blkarg.c execution, -Os
=== gcc Summary for unix/-mabi=64 ===
# of expected passes 7833
# of unexpected failures 24
# of expected failures 13
# of untested testcases 7
# of unsupported tests 20
=== gcc Summary ===
# of expected passes 15667
# of unexpected failures 47
# of expected failures 26
# of untested testcases 14
# of unsupported tests 40
/tmp/egcs-pthreads/gcc/xgcc version egcs-2.93.01 19990112 (gcc2 ss-980609 experimental)
=== g++ tests ===
Running target unix
XPASS: g++.pt/instantiate6.C (test for excess errors)
=== g++ Summary for unix ===
# of expected passes 4792
# of unexpected successes 1
# of expected failures 90
# of untested testcases 7
Running target unix/-mabi=64
FAIL: g++.benjamin/p12475.C , (test for warnings, line 5)
FAIL: g++.other/null1.C (test for excess errors)
XPASS: g++.pt/instantiate6.C (test for excess errors)
=== g++ Summary for unix/-mabi=64 ===
# of expected passes 4790
# of unexpected failures 2
# of unexpected successes 1
# of expected failures 90
# of untested testcases 7
=== g++ Summary ===
# of expected passes 9582
# of unexpected failures 2
# of unexpected successes 2
# of expected failures 180
# of untested testcases 14
/tmp/egcs-pthreads/gcc/testsuite/../xgcc version egcs-2.93.01 19990112 (gcc2 ss-980609 experimental)
=== g77 tests ===
Running target unix
FAIL: g77.f-torture/execute/u77-test.f execution, -O0
FAIL: g77.f-torture/execute/u77-test.f execution, -O1
FAIL: g77.f-torture/execute/u77-test.f execution, -O2
FAIL: g77.f-torture/execute/u77-test.f execution, -O2 -fomit-frame-pointer -finline-functions
FAIL: g77.f-torture/execute/u77-test.f execution, -O2 -fomit-frame-pointer -finline-functions -funroll-loops
FAIL: g77.f-torture/execute/u77-test.f execution, -O2 -fomit-frame-pointer -finline-functions -funroll-all-loops
FAIL: g77.f-torture/execute/u77-test.f execution, -Os
=== g77 Summary for unix ===
# of expected passes 458
# of unexpected failures 7
Running target unix/-mabi=64
FAIL: g77.f-torture/compile/980419-2.f, -O0
FAIL: g77.f-torture/compile/980419-2.f, -O1
FAIL: g77.f-torture/compile/980419-2.f, -O2
FAIL: g77.f-torture/compile/980419-2.f, -O2 -fomit-frame-pointer -finline-functions
FAIL: g77.f-torture/compile/980419-2.f, -O2 -fomit-frame-pointer -finline-functions -funroll-loops
FAIL: g77.f-torture/compile/980419-2.f, -O2 -fomit-frame-pointer -finline-functions -funroll-all-loops
FAIL: g77.f-torture/compile/980419-2.f, -Os
FAIL: g77.f-torture/execute/970816-3.f execution, -O0
FAIL: g77.f-torture/execute/970816-3.f execution, -O1
FAIL: g77.f-torture/execute/970816-3.f execution, -O2
FAIL: g77.f-torture/execute/970816-3.f execution, -O2 -fomit-frame-pointer -finline-functions
FAIL: g77.f-torture/execute/970816-3.f execution, -Os
FAIL: g77.f-torture/execute/971102-1.f execution, -O0
FAIL: g77.f-torture/execute/971102-1.f execution, -O1
FAIL: g77.f-torture/execute/971102-1.f execution, -O2
FAIL: g77.f-torture/execute/971102-1.f execution, -O2 -fomit-frame-pointer -finline-functions
FAIL: g77.f-torture/execute/971102-1.f execution, -O2 -fomit-frame-pointer -finline-functions -funroll-loops
FAIL: g77.f-torture/execute/971102-1.f execution, -O2 -fomit-frame-pointer -finline-functions -funroll-all-loops
FAIL: g77.f-torture/execute/971102-1.f execution, -Os
FAIL: g77.f-torture/execute/io0.f execution, -O0
FAIL: g77.f-torture/execute/io0.f execution, -O1
FAIL: g77.f-torture/execute/io0.f execution, -O2
FAIL: g77.f-torture/execute/io0.f execution, -O2 -fomit-frame-pointer -finline-functions
FAIL: g77.f-torture/execute/io0.f execution, -Os
FAIL: g77.f-torture/execute/io1.f compilation, -O0
FAIL: g77.f-torture/execute/io1.f execution, -O1
FAIL: g77.f-torture/execute/io1.f execution, -O2
FAIL: g77.f-torture/execute/io1.f execution, -O2 -fomit-frame-pointer -finline-functions
FAIL: g77.f-torture/execute/io1.f execution, -Os
FAIL: g77.f-torture/execute/u77-test.f compilation, -O0
FAIL: g77.f-torture/execute/u77-test.f compilation, -O1
FAIL: g77.f-torture/execute/u77-test.f compilation, -O2
FAIL: g77.f-torture/execute/u77-test.f compilation, -O2 -fomit-frame-pointer -finline-functions
FAIL: g77.f-torture/execute/u77-test.f compilation, -O2 -fomit-frame-pointer -finline-functions -funroll-loops
FAIL: g77.f-torture/execute/u77-test.f compilation, -O2 -fomit-frame-pointer -finline-functions -funroll-all-loops
FAIL: g77.f-torture/execute/u77-test.f compilation, -Os
=== g77 Summary for unix/-mabi=64 ===
# of expected passes 421
# of unexpected failures 36
# of untested testcases 8
=== g77 Summary ===
# of expected passes 879
# of unexpected failures 43
# of untested testcases 8
=== objc tests ===
Running target unix
FAIL: objc/execute/bf-1.m compilation, -O
FAIL: objc/execute/bf-10.m compilation, -O
FAIL: objc/execute/bf-11.m compilation, -O
FAIL: objc/execute/bf-12.m compilation, -O
FAIL: objc/execute/bf-13.m compilation, -O
FAIL: objc/execute/bf-14.m compilation, -O
FAIL: objc/execute/bf-15.m compilation, -O
FAIL: objc/execute/bf-16.m compilation, -O
FAIL: objc/execute/bf-17.m compilation, -O
FAIL: objc/execute/bf-18.m compilation, -O
FAIL: objc/execute/bf-19.m compilation, -O
FAIL: objc/execute/bf-2.m compilation, -O
FAIL: objc/execute/bf-3.m compilation, -O
FAIL: objc/execute/bf-4.m compilation, -O
FAIL: objc/execute/bf-5.m compilation, -O
FAIL: objc/execute/bf-6.m compilation, -O
FAIL: objc/execute/bf-7.m compilation, -O
FAIL: objc/execute/bf-8.m compilation, -O
FAIL: objc/execute/bf-9.m compilation, -O
=== objc Summary for unix ===
# of unexpected failures 19
# of untested testcases 19
Running target unix/-mabi=64
FAIL: objc/execute/bf-1.m compilation, -O
FAIL: objc/execute/bf-10.m compilation, -O
FAIL: objc/execute/bf-11.m compilation, -O
FAIL: objc/execute/bf-12.m compilation, -O
FAIL: objc/execute/bf-13.m compilation, -O
FAIL: objc/execute/bf-14.m compilation, -O
FAIL: objc/execute/bf-15.m compilation, -O
FAIL: objc/execute/bf-16.m compilation, -O
FAIL: objc/execute/bf-17.m compilation, -O
FAIL: objc/execute/bf-18.m compilation, -O
FAIL: objc/execute/bf-19.m compilation, -O
FAIL: objc/execute/bf-2.m compilation, -O
FAIL: objc/execute/bf-3.m compilation, -O
FAIL: objc/execute/bf-4.m compilation, -O
FAIL: objc/execute/bf-5.m compilation, -O
FAIL: objc/execute/bf-6.m compilation, -O
FAIL: objc/execute/bf-7.m compilation, -O
FAIL: objc/execute/bf-8.m compilation, -O
FAIL: objc/execute/bf-9.m compilation, -O
=== objc Summary for unix/-mabi=64 ===
# of unexpected failures 19
# of untested testcases 19
=== objc Summary ===
# of unexpected failures 38
# of untested testcases 38
/tmp/egcs-pthreads/gcc/xgcc version egcs-2.93.01 19990112 (gcc2 ss-980609 experimental)
Compiler version: egcs-2.93.01 19990112 (gcc2 ss-980609 experimental)
Platform: mips-sgi-irix6.2
configure flags: --with-gcc-version-trigger=/amnt/pharao/volumes/c3t3d0s5/egcs/src/egcs/egcs/egcs/gcc/version.c --host=mips-sgi-irix6.2 --prefix=/vol/egcs --with-local-prefix=/vol/egcs --enable-shared --enable-threads=posix --disable-nls -v --norecursion
-----------------------------------------------------------------------------
Rainer Orth, Technical Faculty, University of Bielefeld
Internet: ro@TechFak.Uni-Bielefeld.DE
More information about the Gcc-testresults
mailing list