Results for egcs-2.93.01 19990112 (gcc2 ss-980609 experiment
rodneybrown@pmsc.com
rodneybrown@pmsc.com
Thu Jan 14 16:46:00 GMT 1999
Results for egcs-2.93.01 19990112 (gcc2 ss-980609 experimental) testsuite on
hppa1.1-hp-hpux9.04
Native configuration is hppa1.1-hp-hpux9.04
=== libio tests ===
Running target unix
FAIL: hounddog.cc compilation
FAIL: hounddog.cc compilation -b0
FAIL: hounddog.cc compilation -b2
FAIL: putbackdog.cc compilation
FAIL: putbackdog.cc compilation -b0
FAIL: putbackdog.cc compilation -b2
FAIL: tFile.cc compilation
FAIL: tFile.cc compilation -b0
FAIL: tFile.cc compilation -b3
FAIL: tiomanip.cc compilation
FAIL: tiomisc.cc compilation
=== libio Summary ===
# of expected passes 7
# of unexpected failures 11
# of expected failures 22
=== gcc tests ===
Running target unix
FAIL: gcc.c-torture/execute/980506-2.c execution, -O2
FAIL: gcc.c-torture/execute/980506-2.c execution, -O2 -g
FAIL: gcc.c-torture/execute/980506-2.c execution, -Os
FAIL: gcc.c-torture/execute/980526-1.c execution, -O2 -fomit-frame-pointer
-finline-functions
FAIL: gcc.c-torture/execute/980716-1.c execution, -O0
FAIL: gcc.c-torture/execute/bcp-1.c compilation, -O1
FAIL: gcc.c-torture/execute/bcp-1.c execution, -O2
FAIL: gcc.c-torture/execute/bcp-1.c execution, -O2 -fomit-frame-pointer
-finline-functions
FAIL: gcc.c-torture/execute/bcp-1.c execution, -O2 -fomit-frame-pointer
-finline-functions -funroll-loops
FAIL: gcc.c-torture/execute/bcp-1.c execution, -O2 -fomit-frame-pointer
-finline-functions -funroll-all-loops
FAIL: gcc.c-torture/execute/bcp-1.c execution, -O2 -g
FAIL: gcc.c-torture/execute/bcp-1.c execution, -Os
FAIL: gcc.c-torture/execute/strct-stdarg-1.c execution, -O0
FAIL: gcc.c-torture/execute/strct-stdarg-1.c execution, -O1
FAIL: gcc.c-torture/execute/strct-stdarg-1.c execution, -O2
FAIL: gcc.c-torture/execute/strct-stdarg-1.c execution, -O2
-fomit-frame-pointer -finline-functions
FAIL: gcc.c-torture/execute/strct-stdarg-1.c execution, -O2
-fomit-frame-pointer -finline-functions -funroll-loops
FAIL: gcc.c-torture/execute/strct-stdarg-1.c execution, -O2
-fomit-frame-pointer -finline-functions -funroll-all-loops
FAIL: gcc.c-torture/execute/strct-stdarg-1.c execution, -O2 -g
FAIL: gcc.c-torture/execute/strct-stdarg-1.c execution, -Os
FAIL: gcc.c-torture/execute/ieee/fp-cmp-1.c execution, -O0
FAIL: gcc.c-torture/execute/ieee/mzero2.c execution, -O1
FAIL: gcc.c-torture/execute/ieee/mzero2.c execution, -O2
FAIL: gcc.c-torture/execute/ieee/mzero2.c execution, -O2 -fomit-frame-pointer
-finline-functions
FAIL: gcc.c-torture/execute/ieee/mzero2.c execution, -O2 -g
FAIL: gcc.c-torture/execute/ieee/mzero2.c execution, -Os
FAIL: gcc.c-torture/execute/memcheck/blkarg.c execution, -O0
FAIL: gcc.c-torture/execute/memcheck/blkarg.c execution, -O1
FAIL: gcc.c-torture/execute/memcheck/blkarg.c execution, -O2
FAIL: gcc.c-torture/execute/memcheck/blkarg.c execution, -O2
-fomit-frame-pointer -finline-functions
FAIL: gcc.c-torture/execute/memcheck/blkarg.c execution, -O2 -g
FAIL: gcc.c-torture/execute/memcheck/blkarg.c execution, -Os
FAIL: gcc.c-torture/special/981006-1.c (test for bogus messages, line 11)
FAIL: gcc.c-torture/special/981006-1.c (test for bogus messages, line 12)
=== gcc Summary ===
# of expected passes 7831
# of unexpected failures 34
# of expected failures 13
# of untested testcases 1
# of unsupported tests 19
/user4/vsb/rdb/egcs-19990112.obj/gcc/xgcc version egcs-2.93.01 19990112 (gcc2
ss-980609 experimental)
=== g++ tests ===
Running target unix
FAIL: g++.benjamin/typeid01.C (test for excess errors)
FAIL: g++.brendan/eh1.C (test for excess errors)
FAIL: g++.eh/cleanup1.C (test for excess errors)
FAIL: g++.eh/flow1.C (test for excess errors)
FAIL: g++.eh/new1.C (test for excess errors)
FAIL: g++.eh/new2.C (test for excess errors)
FAIL: g++.eh/pdel1.C (test for excess errors)
FAIL: g++.eh/pdel2.C (test for excess errors)
FAIL: g++.eh/rethrow1.C (test for excess errors)
FAIL: g++.eh/rethrow2.C (test for excess errors)
FAIL: g++.eh/rethrow3.C (test for excess errors)
FAIL: g++.eh/rethrow4.C (test for excess errors)
FAIL: g++.eh/rethrow5.C (test for excess errors)
FAIL: g++.eh/spec1.C (test for excess errors)
FAIL: g++.eh/spec2.C (test for excess errors)
FAIL: g++.eh/spec3.C (test for excess errors)
FAIL: g++.eh/spec4.C (test for excess errors)
FAIL: g++.eh/tmpl1.C (test for excess errors)
FAIL: g++.jason/dtor5.C (test for excess errors)
FAIL: g++.jason/template31.C (test for excess errors)
FAIL: g++.jason/typeid1.C (test for excess errors)
FAIL: g++.jason/typeid2.C (test for excess errors)
FAIL: g++.law/virtual3.C (test for excess errors)
FAIL: g++.martin/new1.C (test for excess errors)
FAIL: g++.mike/dyncast1.C (test for excess errors)
FAIL: g++.mike/dyncast2.C (test for excess errors)
FAIL: g++.mike/dyncast7.C (test for excess errors)
FAIL: g++.mike/eh10.C (test for excess errors)
FAIL: g++.mike/eh12.C (test for excess errors)
FAIL: g++.mike/eh14.C (test for excess errors)
FAIL: g++.mike/eh16.C (test for excess errors)
FAIL: g++.mike/eh17.C (test for excess errors)
FAIL: g++.mike/eh18.C (test for excess errors)
FAIL: g++.mike/eh2.C (test for excess errors)
FAIL: g++.mike/eh21.C (test for excess errors)
FAIL: g++.mike/eh23.C (test for excess errors)
FAIL: g++.mike/eh24.C (test for excess errors)
FAIL: g++.mike/eh25.C (test for excess errors)
FAIL: g++.mike/eh26.C (test for excess errors)
FAIL: g++.mike/eh27.C (test for excess errors)
FAIL: g++.mike/eh28.C (test for excess errors)
FAIL: g++.mike/eh29.C (test for excess errors)
FAIL: g++.mike/eh3.C (test for excess errors)
FAIL: g++.mike/eh31.C (test for excess errors)
FAIL: g++.mike/eh34.C (test for excess errors)
FAIL: g++.mike/eh35.C (test for excess errors)
FAIL: g++.mike/eh39.C (test for excess errors)
FAIL: g++.mike/eh40.C (test for excess errors)
FAIL: g++.mike/eh41.C (test for excess errors)
FAIL: g++.mike/eh42.C (test for excess errors)
FAIL: g++.mike/eh47.C (test for excess errors)
FAIL: g++.mike/eh49.C (test for excess errors)
FAIL: g++.mike/eh51.C (test for excess errors)
FAIL: g++.mike/eh55.C (test for excess errors)
FAIL: g++.mike/eh6.C (test for excess errors)
FAIL: g++.mike/eh7.C (test for excess errors)
FAIL: g++.mike/eh8.C (test for excess errors)
FAIL: g++.mike/p7912.C (test for excess errors)
FAIL: g++.mike/p9706.C (test for excess errors)
FAIL: g++.mike/thunk2.C (test for excess errors)
FAIL: g++.other/array1.C (test for excess errors)
FAIL: g++.other/init7.C (test for excess errors)
FAIL: g++.other/rtti1.C (test for excess errors)
FAIL: g++.other/rtti2.C (test for excess errors)
FAIL: g++.other/rtti3.C (test for excess errors)
FAIL: g++.other/rtti4.C (test for excess errors)
XPASS: g++.pt/instantiate6.C (test for excess errors)
FAIL: g++.pt/memclass4.C (test for excess errors)
FAIL: g++.pt/static3.C (test for excess errors)
FAIL: g++.pt/ttp19.C (test for excess errors)
FAIL: g++.pt/ttp40.C (test for excess errors)
FAIL: g++.robertl/eb115.C (test for excess errors)
FAIL: g++.robertl/eb118.C (test for excess errors)
FAIL: g++.robertl/eb127.C (test for excess errors)
FAIL: g++.robertl/eb21.C (test for excess errors)
FAIL: g++.robertl/eb31.C (test for excess errors)
FAIL: g++.robertl/eb41.C (test for excess errors)
FAIL: g++.robertl/eb50.C (test for excess errors)
FAIL: g++.robertl/eb54.C (test for excess errors)
FAIL: g++.robertl/eb59.C (test for excess errors)
FAIL: g++.robertl/eb66.C (test for excess errors)
FAIL: g++.robertl/eb73.C (test for excess errors)
FAIL: g++.robertl/eb77.C Execution test
FAIL: g++.robertl/eb78.C (test for excess errors)
FAIL: g++.robertl/eb88.C (test for excess errors)
=== g++ Summary ===
# of expected passes 4626
# of unexpected failures 84
# of unexpected successes 1
# of expected failures 172
# of untested testcases 7
/user4/vsb/rdb/egcs-19990112.obj/gcc/testsuite/../xgcc version egcs-2.93.01
19990112 (gcc2 ss-980609 experimental)
=== g77 tests ===
Running target unix
=== g77 Summary ===
# of expected passes 465
=== objc tests ===
Running target unix
=== objc Summary ===
# of expected passes 38
/user4/vsb/rdb/egcs-19990112.obj/gcc/xgcc version egcs-2.93.01 19990112 (gcc2
ss-980609 experimental)
Compiler version: egcs-2.93.01 19990112 (gcc2 ss-980609 experimental)
Platform: hppa1.1-hp-hpux9.04
configure flags:
--with-gcc-version-trigger=/user4/vsb/rdb/egcs-19990112/gcc/version.c
--host=hppa1.1-hp-hpux9.04 --with-gnu-as --norecursion
Counting all warnings,
there are 773 warnings in stage3 of this bootstrap.
Number of warnings per file:
37 ../../egcs-19990112/gcc/cse.c
37 ../../egcs-19990112/gcc/combine.c
34 ../../../egcs-19990112/gcc/java/expr.c
33 ../../egcs-19990112/gcc/toplev.c
31 ../../egcs-19990112/gcc/expmed.c
30 ../../../egcs-19990112/gcc/java/javaop.h
29 ../../egcs-19990112/gcc/optabs.c
29 ../../../egcs-19990112/gcc/java/jcf-parse.c
25 ../../../egcs-19990112/gcc/java/lex.c
24 ../../egcs-19990112/gcc/expr.c
22 ../../../egcs-19990112/gcc/java/class.c
21 ../../egcs-19990112/gcc/reload1.c
19 ../../egcs-19990112/gcc/config/pa/pa.c
18 ./parse.y
18 ../../egcs-19990112/gcc/calls.c
17 ../../../egcs-19990112/gcc/java/jcf-reader.c
16 ../../../egcs-19990112/gcc/java/jcf-write.c
15 ../../egcs-19990112/gcc/objc/objc-act.c
15 ../../../egcs-19990112/gcc/ch/typeck.c
14 ../../egcs-19990112/gcc/c-common.c
13 ../../../egcs-19990112/gcc/java/verify.c
13 ../../../egcs-19990112/gcc/java/javaop.def
12 ../../egcs-19990112/gcc/recog.c
12 ../../egcs-19990112/gcc/function.c
12 ../../../egcs-19990112/gcc/java/jcf-dump.c
11 ../../egcs-19990112/gcc/unroll.c
11 ../../../egcs-19990112/gcc/java/decl.c
10 ../../egcs-19990112/gcc/varasm.c
10 ../../egcs-19990112/gcc/fold-const.c
10 ../../../egcs-19990112/gcc/f/com.c
9 ../../egcs-19990112/gcc/reload.c
8 ../../../egcs-19990112/gcc/java/typeck.c
7 pexecute.c
7 ../../egcs-19990112/gcc/integrate.c
7 ../../../egcs-19990112/gcc/java/gjavah.c
6 ../../egcs-19990112/gcc/stmt.c
6 ../../egcs-19990112/gcc/emit-rtl.c
6 ../../egcs-19990112/gcc/c-lex.c
6 ../../../egcs-19990112/gcc/cp/lex.c
5 ../../egcs-19990112/gcc/tree.c
5 ../../egcs-19990112/gcc/final.c
5 ../../egcs-19990112/gcc/dbxout.c
4 cexp.y
4 ../../egcs-19990112/gcc/regmove.c
4 ../../egcs-19990112/gcc/loop.c
4 ../../egcs-19990112/gcc/cccp.c
3 ../../egcs-19990112/gcc/local-alloc.c
3 ../../egcs-19990112/gcc/genopinit.c
3 ../../egcs-19990112/gcc/explow.c
3 ../../egcs-19990112/gcc/collect2.c
3 ../../../egcs-19990112/gcc/java/jcf-io.c
3 ../../../egcs-19990112/gcc/ch/expr.c
2 getopt.c
2 ./parse-scan.y
2 ../../egcs-19990112/gcc/scan-decls.c
2 ../../egcs-19990112/gcc/sbitmap.c
2 ../../egcs-19990112/gcc/regclass.c
2 ../../egcs-19990112/gcc/genattrtab.c
2 ../../egcs-19990112/gcc/flow.c
2 ../../egcs-19990112/gcc/fix-header.c
2 ../../egcs-19990112/gcc/cpplib.c
2 ../../egcs-19990112/gcc/c-decl.c
2 ../../egcs-19990112/gcc/bitmap.c
2 ../../../egcs-19990112/gcc/java/zextract.c
2 ../../../egcs-19990112/gcc/java/parse.h
2 ../../../egcs-19990112/gcc/java/mangle.c
2 ../../../egcs-19990112/gcc/java/lex.h
2 ../../../egcs-19990112/gcc/ch/tasking.c
2 ../../../egcs-19990112/gcc/ch/parse.c
2 ../../../egcs-19990112/gcc/ch/inout.c
1 splay-tree.c
1 insn-recog.c
1 insn-attrtab.c
1 gcj.c
1 g77.c
1 g++.c
1 cxxmain.c
1 cplus-dem.c
1 choose-temp.c
1 ../../egcs-19990112/gcc/tlink.c
1 ../../egcs-19990112/gcc/stupid.c
1 ../../egcs-19990112/gcc/java/jvspec.c
1 ../../egcs-19990112/gcc/hash.c
1 ../../egcs-19990112/gcc/graph.c
1 ../../egcs-19990112/gcc/gcov-io.h
1 ../../egcs-19990112/gcc/gcc.c
1 ../../egcs-19990112/gcc/f/g77spec.c
1 ../../egcs-19990112/gcc/cppfiles.c
1 ../../egcs-19990112/gcc/cppexp.c
1 ../../../egcs-19990112/gcc/java/jvgenmain.c
1 ../../../egcs-19990112/gcc/java/jv-scan.c
1 ../../../egcs-19990112/gcc/java/except.c
1 ../../../egcs-19990112/gcc/java/constants.c
1 ../../../egcs-19990112/gcc/cp/typeck.c
1 ../../../egcs-19990112/gcc/cp/pt.c
1 ../../../egcs-19990112/gcc/cp/decl.c
1 ../../../egcs-19990112/gcc/ch/decl.c
1 ../../../egcs-19990112/gcc/ch/actions.c
Number of warning types:
273 comparison between signed and unsigned
124 \`???' might be used uninitialized in this function
102 implicit declaration of function \`???'
78 unused parameter \`???'
45 unused variable \`???'
34 \`???' defined but not used
31 variable \`???' might be clobbered by \`longjmp' or \`vfork'
29 missing initializer for \`???'
16 passing arg ??? of \`???' from incompatible pointer type
14 ??? format, ??? arg (arg ???)
6 value computed is not used
5 argument \`???' might be clobbered by \`longjmp' or \`vfork'
4 \`???' declared \`static' but never defined
3 left-hand operand of comma expression has no effect
2 subscript has type \`char'
2 statement with no effect
2 label \`???' defined but not used
1 type of \`???' defaults to \`int'
1 this function may return with or without a value
1 \`return' with no value, in function returning non-void
More information about the Gcc-testresults
mailing list