Results for haifa-enabled egcs-2.91.62 19990224 (egcs-1.1.2 pre-release-2) testsuite on rs6000-ibm-aix4.1.5.0
David W. Schuler
schuld@btv.ibm.com
Fri Feb 26 04:58:00 GMT 1999
Native configuration is rs6000-ibm-aix4.1.5.0
=== libio tests ===
Running target unix
=== libio Summary ===
# of expected passes 40
=== libstdc++ tests ===
Running target unix
=== libstdc++ Summary ===
# of expected passes 30
=== gcc tests ===
Running target unix
FAIL: gcc.c-torture/execute/931004-12.c execution, -O0
FAIL: gcc.c-torture/execute/931004-12.c execution, -O1
FAIL: gcc.c-torture/execute/931004-12.c execution, -O2
FAIL: gcc.c-torture/execute/931004-12.c execution, -O2 -fomit-frame-pointer -finline-functions
FAIL: gcc.c-torture/execute/931004-12.c execution, -O2 -fomit-frame-pointer -finline-functions -funroll-loops
FAIL: gcc.c-torture/execute/931004-12.c execution, -O2 -fomit-frame-pointer -finline-functions -funroll-all-loops
FAIL: gcc.c-torture/execute/931004-12.c execution, -O2 -g
FAIL: gcc.c-torture/execute/931004-12.c execution, -Os
FAIL: gcc.c-torture/execute/980506-2.c execution, -O2
FAIL: gcc.c-torture/execute/980506-2.c execution, -O2 -g
FAIL: gcc.c-torture/execute/980506-2.c execution, -Os
FAIL: gcc.c-torture/execute/980526-1.c execution, -O2 -fomit-frame-pointer -finline-functions
FAIL: gcc.c-torture/execute/complex-5.c execution, -O2 -fomit-frame-pointer -finline-functions
FAIL: gcc.c-torture/execute/ieee/980619-1.c execution, -O1
FAIL: gcc.c-torture/execute/ieee/980619-1.c execution, -O2
FAIL: gcc.c-torture/execute/ieee/980619-1.c execution, -O2 -fomit-frame-pointer -finline-functions
FAIL: gcc.c-torture/execute/ieee/980619-1.c execution, -O2 -fomit-frame-pointer -finline-functions -funroll-loops
FAIL: gcc.c-torture/execute/ieee/980619-1.c execution, -O2 -fomit-frame-pointer -finline-functions -funroll-all-loops
FAIL: gcc.c-torture/execute/ieee/980619-1.c execution, -O2 -g
FAIL: gcc.c-torture/execute/ieee/980619-1.c execution, -Os
FAIL: gcc.dg/980626-1.c (test for excess errors)
=== gcc Summary ===
# of expected passes 7475
# of unexpected failures 21
# of expected failures 7
# of unsupported tests 19
/usr/local/x86srvr1/WORKSPACE5/schuld/EGCS/egcs-1.1.2-pre2-aix41/gcc/xgcc version egcs-2.91.62 19990224 (egcs-1.1.2 pre-release-2)
=== g++ tests ===
Running target unix
FAIL: g++.jason/thunk2.C (test for excess errors)
FAIL: g++.law/profile1.C (test for excess errors)
FAIL: g++.mike/eh30.C (test for excess errors)
FAIL: g++.mike/p4750.C (test for excess errors)
FAIL: g++.pt/static3.C (test for excess errors)
FAIL: g++.robertl/eb101.C (test for excess errors)
FAIL: g++.robertl/eb106.C (test for excess errors)
XPASS: g++.robertl/eb132.C (test for excess errors)
FAIL: g++.robertl/eb71.C (test for excess errors)
FAIL: g++.robertl/eb91.C (test for excess errors)
=== g++ Summary ===
# of expected passes 4209
# of unexpected failures 9
# of unexpected successes 1
# of expected failures 88
# of untested testcases 7
/usr/local/x86srvr1/WORKSPACE5/schuld/EGCS/egcs-1.1.2-pre2-aix41/gcc/testsuite/../xgcc version egcs-2.91.62 19990224 (egcs-1.1.2 pre-release-2)
=== g77 tests ===
Running target unix
FAIL: g77.f-torture/compile/980310-7.f, -O0
FAIL: g77.f-torture/compile/980310-7.f, -O1
FAIL: g77.f-torture/compile/980310-7.f, -O2
FAIL: g77.f-torture/compile/980310-7.f, -O2 -fomit-frame-pointer -finline-functions
FAIL: g77.f-torture/compile/980310-7.f, -O2 -fomit-frame-pointer -finline-functions -funroll-loops
FAIL: g77.f-torture/compile/980310-7.f, -O2 -fomit-frame-pointer -finline-functions -funroll-all-loops
FAIL: g77.f-torture/compile/980310-7.f, -Os
=== g77 Summary ===
# of expected passes 408
# of unexpected failures 7
Compiler version: haifa-enabled egcs-2.91.62 19990224 (egcs-1.1.2 pre-release-2)
Platform: rs6000-ibm-aix4.1.5.0
configure flags: --with-gcc-version-trigger=/usr/local/x86srvr1/WORKSPACE5/schuld/EGCS/egcs/gcc/version.c --host=rs6000-ibm-aix4.1.5.0 --prefix=/afs/btv.ibm.com/data/n37v/software/gnu-aix41/egcs --with-cpu=common --enable-haifa --enable-multilib --norecursion
There are 7 warnings in stage3 of this bootstrap.
Number of warnings per file:
2 ../../egcs/gcc/explow.c
1 ../../egcs/gcc/objc/archive.c
1 ../../../egcs/gcc/f/where.c
1 ../../../egcs/gcc/f/top.c
1 ../../../egcs/gcc/f/malloc.c
1 ../../../egcs/gcc/f/com.c
Number of warning types:
3 missing initializer for ???
2 assignment from incompatible pointer type
1 unused parameter ???
1 comparison is always 1 due to limited range of data type
More information about the Gcc-testresults
mailing list