Results for egcs-2.91.62 19990224 (egcs-1.1.2 pre-release-2)
rodneybrown@pmsc.com
rodneybrown@pmsc.com
Thu Feb 25 20:06:00 GMT 1999
Results for egcs-2.91.62 19990224 (egcs-1.1.2 pre-release-2) testsuite on
i386-pc-sysv4.2uw2.1.1
Native configuration is i386-pc-sysv4.2uw2.1.1
=== libio tests ===
Running target unix
=== libio Summary ===
# of expected passes 40
=== libstdc++ tests ===
Running target unix
FAIL: tcomplex.cc compilation
FAIL: tcomplex.cc -O compilation
FAIL: tstring.cc compilation
=== libstdc++ Summary ===
# of expected passes 21
# of unexpected failures 3
# of expected failures 6
=== gcc tests ===
Running target unix
FAIL: gcc.c-torture/execute/920501-6.c compilation, -O2 -fomit-frame-pointer
-finline-functions
FAIL: gcc.c-torture/execute/920501-6.c compilation, -O2 -fomit-frame-pointer
-finline-functions -funroll-loops
FAIL: gcc.c-torture/execute/920501-6.c compilation, -O2 -fomit-frame-pointer
-finline-functions -funroll-all-loops
FAIL: gcc.c-torture/execute/920501-6.c compilation, -O2 -g
FAIL: gcc.c-torture/execute/920501-6.c compilation, -Os
=== gcc Summary ===
# of expected passes 1714
# of unexpected failures 5
# of expected failures 1
# of untested testcases 5
/var/src/egcs-1.1.2-pre2.obj/gcc/xgcc version egcs-2.91.62 19990224 (egcs-1.1.2
pre-release-2)
=== g++ tests ===
Running target unix
FAIL: g++.bugs/900402_01.C (test for excess errors)
=== g++ Summary ===
# of expected passes 959
# of unexpected failures 1
# of expected failures 13
# of untested testcases 1
/var/src/egcs-1.1.2-pre2.obj/gcc/testsuite/../xgcc version egcs-2.91.62 19990224
(egcs-1.1.2 pre-release-2)
=== g77 tests ===
Running target unix
=== g77 Summary ===
# of expected passes 415
Compiler version: egcs-2.91.62 19990224 (egcs-1.1.2 pre-release-2)
Platform: i386-pc-sysv4.2uw2.1.1
configure flags:
--with-gcc-version-trigger=/tmp_mnt/net/reckless/devel/tmp/egcs-1.1.2-pre2/gcc/v
ersion.c --host=i386-pc-sysv4.2uw2.1.1 --with-gnu-as --with-gnu-ld --norecursion
There are 46 warnings in stage3 of this bootstrap.
Number of warnings per file:
28 /net/reckless/devel/tmp/egcs-1.1.2-pre2/gcc/f/stb.c
5 /net/reckless/devel/tmp/egcs-1.1.2-pre2/gcc/f/lex.c
4 /net/reckless/devel/tmp/egcs-1.1.2-pre2/gcc/f/bad.c
2 /net/reckless/devel/tmp/egcs-1.1.2-pre2/gcc/f/intrin.c
1 include/sys/param.h
1 /net/reckless/devel/tmp/egcs-1.1.2-pre2/gcc/f/where.c
1 /net/reckless/devel/tmp/egcs-1.1.2-pre2/gcc/f/top.c
1 /net/reckless/devel/tmp/egcs-1.1.2-pre2/gcc/f/malloc.c
1 /net/reckless/devel/tmp/egcs-1.1.2-pre2/gcc/f/implic.c
1 /net/reckless/devel/tmp/egcs-1.1.2-pre2/gcc/f/fini.c
1 /net/reckless/devel/tmp/egcs-1.1.2-pre2/gcc/f/com.c
Number of warning types:
40 subscript has type \`char'
3 missing initializer for \`???'
1 unused parameter \`???'
1 this is the location of the previous definition
1 \`???' redefined
More information about the Gcc-testresults
mailing list