Results for egcs-2.91.62 19990224 testsuite on mips-sgi-irix6.4

Tim C Prince Prince_Tim_C@solarturbines.com
Thu Feb 25 16:56:00 GMT 1999


Native configuration is mips-sgi-irix6.4

		=== gcc tests ===


Running target unix
FAIL: gcc.c-torture/execute/980506-2.c execution,  -O2 
FAIL: gcc.c-torture/execute/980506-2.c execution,  -O2 -g 
FAIL: gcc.c-torture/execute/980506-2.c execution,  -Os 
FAIL: gcc.c-torture/execute/980526-1.c execution,  -O2 -fomit-frame-pointer -finline-functions 
FAIL: gcc.c-torture/execute/complex-5.c execution,  -O0 
FAIL: gcc.c-torture/execute/complex-5.c execution,  -O1 
FAIL: gcc.c-torture/execute/complex-5.c execution,  -O2 
FAIL: gcc.c-torture/execute/complex-5.c execution,  -O2 -fomit-frame-pointer -finline-functions 
FAIL: gcc.c-torture/execute/complex-5.c execution,  -O2 -g 
FAIL: gcc.c-torture/execute/complex-5.c execution,  -Os 
FAIL: gcc.dg/980626-1.c (test for excess errors)

		=== gcc Summary ===

# of expected passes		7485
# of unexpected failures	11
# of expected failures		7
# of unsupported tests		19
/wrk1/aerotherm/dawes/src/gnu/egcs-1.1.2-pre1/i64/gcc/xgcc version egcs-2.91.62 19990224 (egcs-1.1.2 pre-release-2)


		=== g77 tests ===


Running target unix

		=== g77 Summary ===

# of expected passes		415
		=== g++ tests ===


Running target unix
XPASS: g++.robertl/eb132.C (test for excess errors)

		=== g++ Summary ===

# of expected passes		4219
# of unexpected successes	1
# of expected failures		87
# of untested testcases		7
/wrk1/aerotherm/dawes/src/gnu/egcs-1.1.2-pre1/i64/gcc/testsuite/../xgcc version egcs-2.91.62 19990224 (egcs-1.1.2 pre-release-2)


		=== libstdc++ tests ===


Running target unix

		=== libstdc++ Summary ===

# of expected passes		30
		=== libio tests ===


Running target unix

		=== libio Summary ===

# of expected passes		40

Compiler version: egcs-2.91.62 19990224 (egcs-1.1.2 pre-release-2)
 
Platform: mips-sgi-irix6.4
configure flags: --with-gcc-version-trigger=/wrk1/aerotherm/dawes/src/gnu/egcs-1.1.2-pre1/gcc/version.c --host=mips-sgi-irix6.4 --prefix=/wrk1/aerotherm/dawes/src/gnu/803 --norecursion
EOF
Mail -s "Results for egcs-2.91.62 19990224 (egcs-1.1.2 pre-release-2)
 testsuite on mips-sgi-irix6.4" egcs-testresults@egcs.cygnus.com &&


More information about the Gcc-testresults mailing list