Results for egcs-2.91.62 19990224 (egcs-1.1.2 pre-release-2) testsuite on i686-pc-linux-gnulibc1
Peter Schmid
schmid@ltoi.iap.physik.tu-darmstadt.de
Thu Feb 25 08:23:00 GMT 1999
Native configuration is i686-pc-linux-gnulibc1
=== gcc tests ===
Running target unix
FAIL: gcc.c-torture/execute/980526-1.c execution, -O2 -fomit-frame-pointer -finline-functions
FAIL: gcc.c-torture/execute/ieee/980619-1.c execution, -O1
FAIL: gcc.c-torture/execute/ieee/980619-1.c execution, -O2
FAIL: gcc.c-torture/execute/ieee/980619-1.c execution, -O2 -fomit-frame-pointer -finline-functions
FAIL: gcc.c-torture/execute/ieee/980619-1.c execution, -O2 -fomit-frame-pointer -finline-functions -funroll-loops
FAIL: gcc.c-torture/execute/ieee/980619-1.c execution, -O2 -fomit-frame-pointer -finline-functions -funroll-all-loops
FAIL: gcc.c-torture/execute/ieee/980619-1.c execution, -O2 -g
FAIL: gcc.c-torture/execute/ieee/980619-1.c execution, -Os
FAIL: gcc.dg/980626-1.c (test for excess errors)
FAIL: gcc.dg/clobbers.c execution test
=== gcc Summary ===
# of expected passes 7497
# of unexpected failures 10
# of expected failures 7
# of unsupported tests 11
/home/schmid/trans/egcs-1.1.2-pre2/gcc/xgcc version egcs-2.91.62 19990224 (egcs-1.1.2 pre-release-2)
=== g++ tests ===
Running target unix
=== g++ Summary ===
# of expected passes 4223
# of expected failures 84
# of untested testcases 7
/home/schmid/trans/egcs-1.1.2-pre2/gcc/testsuite/../xgcc version egcs-2.91.62 19990224 (egcs-1.1.2 pre-release-2)
=== g77 tests ===
Running target unix
=== g77 Summary ===
# of expected passes 415
=== libio tests ===
Running target unix
=== libio Summary ===
# of expected passes 40
=== libstdc++ tests ===
Running target unix
=== libstdc++ Summary ===
# of expected passes 30
Compiler version: egcs-2.91.62 19990224 (egcs-1.1.2 pre-release-2)
Platform: i686-pc-linux-gnulibc1
configure flags: --with-gcc-version-trigger=/home/schmid/trans/egcs-1.1.2-pre2/gcc/version.c --host=i686-pc-linux-gnulibc1 --enable-shared --norecursion
More information about the Gcc-testresults
mailing list