Results for egcs-2.93.09 19990221 (gcc2 ss-980929 experimental) testsuite on alphaev56-dec-osf4.0d
Matthias Mueller
matthias@ica1.uni-stuttgart.de
Tue Feb 23 10:02:00 GMT 1999
Native configuration is alphaev56-dec-osf4.0d
=== libio tests ===
Running target unix
=== libio Summary ===
# of expected passes 40
=== libstdc++ tests ===
Running target unix
=== libstdc++ Summary ===
# of expected passes 30
=== gcc tests ===
Running target unix
FAIL: gcc.c-torture/compile/921206-1.c, -O1
FAIL: gcc.c-torture/execute/990119-1.c execution, -O0
FAIL: gcc.c-torture/execute/990119-1.c execution, -O1
FAIL: gcc.c-torture/execute/990119-1.c execution, -O2
FAIL: gcc.c-torture/execute/990119-1.c execution, -O2 -fomit-frame-pointer -finline-functions
FAIL: gcc.c-torture/execute/990119-1.c execution, -O2 -g
FAIL: gcc.c-torture/execute/990119-1.c execution, -Os
FAIL: gcc.c-torture/execute/990130-1.c compilation, -O0
FAIL: gcc.c-torture/execute/990130-1.c compilation, -O1
FAIL: gcc.c-torture/execute/990130-1.c compilation, -O2
FAIL: gcc.c-torture/execute/990130-1.c compilation, -O2 -fomit-frame-pointer -finline-functions
FAIL: gcc.c-torture/execute/990130-1.c compilation, -O2 -g
FAIL: gcc.c-torture/execute/990130-1.c compilation, -Os
FAIL: gcc.c-torture/execute/complex-5.c execution, -O0
FAIL: gcc.c-torture/execute/complex-5.c execution, -O1
FAIL: gcc.c-torture/execute/complex-5.c execution, -O2
FAIL: gcc.c-torture/execute/complex-5.c execution, -O2 -fomit-frame-pointer -finline-functions
FAIL: gcc.c-torture/execute/complex-5.c execution, -O2 -g
FAIL: gcc.c-torture/execute/complex-5.c execution, -Os
FAIL: gcc.c-torture/execute/ieee/mzero2.c execution, -O0
FAIL: gcc.c-torture/execute/ieee/mzero2.c execution, -O1
FAIL: gcc.c-torture/execute/ieee/mzero2.c execution, -O2
FAIL: gcc.c-torture/execute/ieee/mzero2.c execution, -O2 -fomit-frame-pointer -finline-functions
FAIL: gcc.c-torture/execute/ieee/mzero2.c execution, -O2 -g
FAIL: gcc.c-torture/execute/ieee/mzero2.c execution, -Os
XPASS: gcc.c-torture/execute/memcheck/blkarg.c execution, -O0
XPASS: gcc.c-torture/execute/memcheck/blkarg.c execution, -O1
XPASS: gcc.c-torture/execute/memcheck/blkarg.c execution, -O2
XPASS: gcc.c-torture/execute/memcheck/blkarg.c execution, -O2 -g
XPASS: gcc.c-torture/execute/memcheck/blkarg.c execution, -Os
FAIL: gcc.c-torture/noncompile/951227-1.c
FAIL: gcc.c-torture/special/981006-1.c (test for bogus messages, line 11)
FAIL: gcc.c-torture/special/981006-1.c (test for bogus messages, line 12)
FAIL: gcc.dg/cpp-if1.c invalid number (test for errors, line 12)
FAIL: gcc.dg/cpp-if1.c invalid number (test for errors, line 15)
FAIL: gcc.dg/cpp-if1.c invalid number (test for errors, line 18)
FAIL: gcc.dg/cpp-if1.c floating point in #if (test for errors, line 21)
FAIL: gcc.dg/cpp-if1.c too many suffixes (test for errors, line 24)
FAIL: gcc.dg/cpp-if1.c too many suffixes (test for errors, line 27)
FAIL: gcc.dg/cpp-if1.c (test for excess errors)
FAIL: gcc.misc-tests/m-un-2.c warning regression (test for warnings, line 18)
FAIL: gcc.misc-tests/m-un-2.c warning regression (test for warnings, line 23)
FAIL: gcc.misc-tests/m-un-2.c (test for excess errors)
=== gcc Summary ===
# of expected passes 7950
# of unexpected failures 38
# of unexpected successes 5
# of expected failures 14
# of unresolved testcases 6
# of unsupported tests 23
/mnt/video/matthias/src/objdir/gcc/xgcc version egcs-2.93.09 19990221 (gcc2 ss-980929 experimental)
=== g++ tests ===
Running target unix
XPASS: g++.benjamin/p12475.C (test for excess errors)
FAIL: g++.brendan/eh1.C Execution test
FAIL: g++.eh/cleanup1.C Execution test
FAIL: g++.eh/flow1.C Execution test
FAIL: g++.eh/new1.C Execution test
FAIL: g++.eh/new2.C Execution test
FAIL: g++.eh/pdel1.C Execution test
FAIL: g++.eh/pdel2.C Execution test
FAIL: g++.eh/ptr1.C Execution test
FAIL: g++.eh/rethrow1.C Execution test
FAIL: g++.eh/rethrow2.C Execution test
FAIL: g++.eh/rethrow3.C Execution test
FAIL: g++.eh/rethrow4.C Execution test
FAIL: g++.eh/rethrow5.C Execution test
FAIL: g++.eh/spec1.C Execution test
FAIL: g++.eh/spec2.C Execution test
FAIL: g++.eh/spec3.C Execution test
FAIL: g++.eh/tmpl1.C Execution test
FAIL: g++.jason/thunk2.C (test for excess errors)
XPASS: g++.jason/thunk3.C (test for excess errors)
XPASS: g++.jason/thunk3.C Execution test
XPASS: g++.law/profile1.C (test for excess errors)
XPASS: g++.law/profile1.C Execution test
FAIL: g++.martin/new1.C Execution test
FAIL: g++.mike/dyncast1.C Execution test
FAIL: g++.mike/dyncast2.C Execution test
FAIL: g++.mike/eh10.C Execution test
FAIL: g++.mike/eh12.C Execution test
FAIL: g++.mike/eh14.C Execution test
FAIL: g++.mike/eh16.C Execution test
FAIL: g++.mike/eh17.C Execution test
FAIL: g++.mike/eh18.C Execution test
FAIL: g++.mike/eh2.C Execution test
FAIL: g++.mike/eh21.C Execution test
FAIL: g++.mike/eh24.C Execution test
FAIL: g++.mike/eh25.C Execution test
FAIL: g++.mike/eh26.C Execution test
FAIL: g++.mike/eh27.C Execution test
FAIL: g++.mike/eh28.C Execution test
FAIL: g++.mike/eh29.C Execution test
FAIL: g++.mike/eh3.C Execution test
FAIL: g++.mike/eh31.C Execution test
FAIL: g++.mike/eh33.C Execution test
FAIL: g++.mike/eh34.C Execution test
FAIL: g++.mike/eh35.C Execution test
FAIL: g++.mike/eh36.C Execution test
FAIL: g++.mike/eh37.C Execution test
FAIL: g++.mike/eh38.C Execution test
FAIL: g++.mike/eh39.C Execution test
FAIL: g++.mike/eh40.C Execution test
FAIL: g++.mike/eh41.C Execution test
FAIL: g++.mike/eh42.C Execution test
FAIL: g++.mike/eh44.C Execution test
FAIL: g++.mike/eh47.C Execution test
FAIL: g++.mike/eh48.C Execution test
FAIL: g++.mike/eh49.C Execution test
FAIL: g++.mike/eh5.C Execution test
FAIL: g++.mike/eh50.C Execution test
FAIL: g++.mike/eh51.C Execution test
FAIL: g++.mike/eh6.C Execution test
FAIL: g++.mike/eh8.C Execution test
FAIL: g++.mike/p7912.C Execution test
FAIL: g++.mike/p9706.C Execution test
FAIL: g++.other/array1.C Execution test
FAIL: g++.other/init7.C Execution test
FAIL: g++.other/null1.C (test for excess errors)
FAIL: g++.other/singleton.C Execution test
XPASS: g++.pt/enum5.C template declaration of enum (test for errors, line 4)
XPASS: g++.pt/instantiate6.C (test for excess errors)
FAIL: g++.pt/static3.C (test for excess errors)
FAIL: g++.robertl/eb31.C Execution test
FAIL: g++.robertl/eb50.C Execution test
FAIL: g++.robertl/eb66.C Execution test
FAIL: g++.robertl/eb88.C Execution test
=== g++ Summary ===
# of expected passes 4793
# of unexpected failures 67
# of unexpected successes 7
# of expected failures 88
# of untested testcases 7
/mnt/video/matthias/src/objdir/gcc/testsuite/../xgcc version egcs-2.93.09 19990221 (gcc2 ss-980929 experimental)
=== g77 tests ===
Running target unix
FAIL: g77.f-torture/compile/19981216-0.f, -O0
FAIL: g77.f-torture/compile/19981216-0.f, -O1
FAIL: g77.f-torture/compile/19981216-0.f, -O2
FAIL: g77.f-torture/compile/19981216-0.f, -O2 -fomit-frame-pointer -finline-functions
FAIL: g77.f-torture/compile/19981216-0.f, -Os
FAIL: g77.f-torture/execute/auto0.f execution, -O2 -fomit-frame-pointer -finline-functions -funroll-all-loops
FAIL: g77.f-torture/execute/auto1.f execution, -O2 -fomit-frame-pointer -finline-functions -funroll-all-loops
FAIL: g77.f-torture/execute/io0.f execution, -O0
FAIL: g77.f-torture/execute/io0.f execution, -O1
FAIL: g77.f-torture/execute/io0.f execution, -O2
FAIL: g77.f-torture/execute/io0.f execution, -O2 -fomit-frame-pointer -finline-functions
FAIL: g77.f-torture/execute/io0.f execution, -Os
FAIL: g77.f-torture/execute/io1.f execution, -O0
FAIL: g77.f-torture/execute/io1.f execution, -O1
FAIL: g77.f-torture/execute/io1.f execution, -O2
FAIL: g77.f-torture/execute/io1.f execution, -O2 -fomit-frame-pointer -finline-functions
FAIL: g77.f-torture/execute/io1.f execution, -Os
FAIL: g77.f-torture/execute/short.f execution, -O2 -fomit-frame-pointer -finline-functions -funroll-all-loops
FAIL: g77.f-torture/execute/u77-test.f execution, -O0
FAIL: g77.f-torture/execute/u77-test.f execution, -O1
FAIL: g77.f-torture/execute/u77-test.f execution, -O2
FAIL: g77.f-torture/execute/u77-test.f execution, -O2 -fomit-frame-pointer -finline-functions
FAIL: g77.f-torture/execute/u77-test.f execution, -O2 -fomit-frame-pointer -finline-functions -funroll-loops
FAIL: g77.f-torture/execute/u77-test.f execution, -O2 -fomit-frame-pointer -finline-functions -funroll-all-loops
FAIL: g77.f-torture/execute/u77-test.f execution, -Os
=== g77 Summary ===
# of expected passes 457
# of unexpected failures 25
=== objc tests ===
Running target unix
FAIL: objc/execute/bf-1.m compilation, -O
FAIL: objc/execute/bf-10.m compilation, -O
FAIL: objc/execute/bf-11.m compilation, -O
FAIL: objc/execute/bf-12.m compilation, -O
FAIL: objc/execute/bf-13.m compilation, -O
FAIL: objc/execute/bf-14.m compilation, -O
FAIL: objc/execute/bf-15.m compilation, -O
FAIL: objc/execute/bf-16.m compilation, -O
FAIL: objc/execute/bf-17.m compilation, -O
FAIL: objc/execute/bf-2.m compilation, -O
FAIL: objc/execute/bf-3.m compilation, -O
FAIL: objc/execute/bf-4.m compilation, -O
FAIL: objc/execute/bf-5.m compilation, -O
FAIL: objc/execute/bf-6.m compilation, -O
FAIL: objc/execute/bf-7.m compilation, -O
FAIL: objc/execute/bf-8.m compilation, -O
FAIL: objc/execute/bf-9.m compilation, -O
=== objc Summary ===
# of expected passes 4
# of unexpected failures 17
# of untested testcases 17
/mnt/video/matthias/src/objdir/gcc/xgcc version egcs-2.93.09 19990221 (gcc2 ss-980929 experimental)
Compiler version: egcs-2.93.09 19990221 (gcc2 ss-980929 experimental)
Platform: alphaev56-dec-osf4.0d
configure flags: --with-gcc-version-trigger=/mnt/video/matthias/src/egcs-19990221/gcc/version.c --host=alphaev56-dec-osf4.0d --prefix=/local/egcs-19990221 --norecursion
Counting all warnings,
there are 576 warnings in stage3 of this bootstrap.
Number of warnings per file:
39 ../../egcs-19990221/gcc/cse.c
27 ../../../egcs-19990221/gcc/java/lex.c
22 ../../../egcs-19990221/gcc/java/jcf-parse.c
21 ../../../egcs-19990221/gcc/f/stb.c
18 ../../../egcs-19990221/gcc/f/intrin.c
17 ../../egcs-19990221/gcc/reload1.c
16 insn-emit.c
16 ../../../egcs-19990221/gcc/java/jcf-reader.c
15 ../../egcs-19990221/gcc/objc/objc-act.c
15 ../../egcs-19990221/gcc/integrate.c
14 ./parse.y
13 ../../egcs-19990221/gcc/stmt.c
12 ../../egcs-19990221/gcc/toplev.c
12 ../../../egcs-19990221/gcc/java/jcf-dump.c
12 ../../../egcs-19990221/gcc/java/javaop.def
12 ../../../egcs-19990221/gcc/java/expr.c
11 ../../egcs-19990221/gcc/varasm.c
11 ../../egcs-19990221/gcc/loop.c
11 ../../egcs-19990221/gcc/combine.c
11 ../../../egcs-19990221/gcc/java/jcf-write.c
10 ../../egcs-19990221/gcc/rtl.c
10 ../../egcs-19990221/gcc/reload.c
10 ../../egcs-19990221/gcc/fold-const.c
9 ../../egcs-19990221/gcc/c-lex.c
9 ../../../egcs-19990221/gcc/cp/lex.c
8 ../../egcs-19990221/gcc/dbxout.c
8 ../../../egcs-19990221/gcc/java/class.c
8 ../../../egcs-19990221/gcc/f/expr.c
7 ../../egcs-19990221/gcc/cccp.c
7 ../../../egcs-19990221/gcc/java/gjavah.c
6 ../../egcs-19990221/gcc/unroll.c
6 ../../egcs-19990221/gcc/sdbout.c
6 ../../egcs-19990221/gcc/optabs.c
6 ../../egcs-19990221/gcc/genattrtab.c
6 ../../../egcs-19990221/gcc/java/verify.c
5 ../../egcs-19990221/gcc/final.c
5 ../../egcs-19990221/gcc/config/alpha/alpha.c
4 insn-recog.c
4 gcj.c
4 g77.c
4 g++.c
4 cexp.y
4 ../../egcs-19990221/gcc/regmove.c
4 ../../egcs-19990221/gcc/protoize.c
4 ../../egcs-19990221/gcc/gcc.c
4 ../../egcs-19990221/gcc/collect2.c
4 ../../egcs-19990221/gcc/calls.c
3 insn-output.c
3 ../../egcs-19990221/gcc/regclass.c
3 ../../egcs-19990221/gcc/local-alloc.c
3 ../../egcs-19990221/gcc/genopinit.c
3 ../../egcs-19990221/gcc/function.c
3 ../../egcs-19990221/gcc/flow.c
3 ../../egcs-19990221/gcc/fix-header.c
3 ../../egcs-19990221/gcc/expr.c
3 ../../egcs-19990221/gcc/expmed.c
3 ../../../egcs-19990221/gcc/java/parse.h
3 ../../../egcs-19990221/gcc/java/lex.h
3 ../../../egcs-19990221/gcc/java/decl.c
2 ./parse-scan.y
2 ../../egcs-19990221/gcc/tree.c
2 ../../egcs-19990221/gcc/mips-tfile.c
2 ../../egcs-19990221/gcc/jump.c
2 ../../egcs-19990221/gcc/genrecog.c
2 ../../egcs-19990221/gcc/gcov.c
2 ../../egcs-19990221/gcc/cpphash.c
2 ../../egcs-19990221/gcc/cppexp.c
2 ../../../egcs-19990221/gcc/java/jcf-io.c
2 ../../../egcs-19990221/gcc/f/lex.c
1 splay-tree.c
1 cxxmain.c
1 ../../egcs-19990221/gcc/tlink.c
1 ../../egcs-19990221/gcc/stupid.c
1 ../../egcs-19990221/gcc/scan-decls.c
1 ../../egcs-19990221/gcc/recog.c
1 ../../egcs-19990221/gcc/print-rtl.c
1 ../../egcs-19990221/gcc/java/jvspec.c
1 ../../egcs-19990221/gcc/hash.c
1 ../../egcs-19990221/gcc/haifa-sched.c
1 ../../egcs-19990221/gcc/graph.c
1 ../../egcs-19990221/gcc/genpeep.c
1 ../../egcs-19990221/gcc/genoutput.c
1 ../../egcs-19990221/gcc/genemit.c
1 ../../egcs-19990221/gcc/gcov-io.h
1 ../../egcs-19990221/gcc/f/g77spec.c
1 ../../egcs-19990221/gcc/explow.c
1 ../../egcs-19990221/gcc/except.c
1 ../../egcs-19990221/gcc/dwarf2out.c
1 ../../egcs-19990221/gcc/cpplib.c
1 ../../egcs-19990221/gcc/cppinit.c
1 ../../../egcs-19990221/gcc/java/typeck.c
1 ../../../egcs-19990221/gcc/java/jvgenmain.c
1 ../../../egcs-19990221/gcc/java/constants.c
1 ../../../egcs-19990221/gcc/f/com.c
1 ../../../egcs-19990221/gcc/cp/pt.c
1 ../../../egcs-19990221/gcc/cp/decl.c
1 ../../../egcs-19990221/gcc/ch/parse.c
1 ../../../egcs-19990221/gcc/ch/inout.c
Number of warning types:
239 `???' might be used uninitialized in this function
77 unused parameter `???'
72 implicit declaration of function `???'
44 comparison between signed and unsigned
38 unused variable `???'
34 variable `???' might be clobbered by `longjmp' or `vfork'
22 statement with no effect
14 ??? format, ??? arg (arg ???)
10 passing arg ??? of `???' from incompatible pointer type
7 argument `???' might be clobbered by `longjmp' or `vfork'
6 `???' declared `static' but never defined
5 initialization from incompatible pointer type
4 `???' defined but not used
1 value computed is not used
1 missing initializer
1 label `???' defined but not used
1 (near initialization for `???')
More information about the Gcc-testresults
mailing list