Results for haifa-enabled egcs-2.93.09 19990221 (gcc2 ss-980929 experimental) testsuite on rs6000-ibm-aix4.2.1.0

David W. Schuler schuld@btv.ibm.com
Tue Feb 23 09:19:00 GMT 1999


Native configuration is rs6000-ibm-aix4.2.1.0

make bootstrap fails compiling libobjc/Object.m with the following errors:

../../../egcs/libobjc/Object.m: In function -[Object forward::]:
../../../egcs/libobjc/Object.m:275: attempt to encode unsigned int of unknown type
make[2]: *** [Object.o] Error 1
make[2]: Leaving directory /usr/local/x86srvr1/WORKSPACE5/schuld/EGCS/egcs-19990221-aix42/rs6000-ibm-aix4.2.1.0/libobjc
make[1]: *** [all-target-libobjc] Error 2
make[1]: Leaving directory /usr/local/x86srvr1/WORKSPACE5/schuld/EGCS/egcs-19990221-aix42
make: *** [bootstrap] Error 2




		=== libstdc++ tests ===


Running target unix

		=== libstdc++ Summary ===

# of expected passes		30
		=== gcc tests ===


Running target unix
FAIL: gcc.c-torture/execute/921208-2.c compilation,  -O1 
FAIL: gcc.c-torture/execute/921208-2.c compilation,  -O2 
FAIL: gcc.c-torture/execute/921208-2.c compilation,  -O2 -g 
FAIL: gcc.c-torture/execute/921208-2.c compilation,  -Os 
FAIL: gcc.c-torture/execute/931004-12.c execution,  -O0 
FAIL: gcc.c-torture/execute/931004-12.c execution,  -O1 
FAIL: gcc.c-torture/execute/931004-12.c execution,  -O2 
FAIL: gcc.c-torture/execute/931004-12.c execution,  -O2 -fomit-frame-pointer -finline-functions 
FAIL: gcc.c-torture/execute/931004-12.c execution,  -O2 -fomit-frame-pointer -finline-functions -funroll-loops 
FAIL: gcc.c-torture/execute/931004-12.c execution,  -O2 -fomit-frame-pointer -finline-functions -funroll-all-loops 
FAIL: gcc.c-torture/execute/931004-12.c execution,  -O2 -g 
FAIL: gcc.c-torture/execute/931004-12.c execution,  -Os 
FAIL: gcc.c-torture/execute/990119-1.c execution,  -O0 
FAIL: gcc.c-torture/execute/990119-1.c execution,  -O1 
FAIL: gcc.c-torture/execute/990119-1.c execution,  -O2 
FAIL: gcc.c-torture/execute/990119-1.c execution,  -O2 -fomit-frame-pointer -finline-functions 
FAIL: gcc.c-torture/execute/990119-1.c execution,  -O2 -g 
FAIL: gcc.c-torture/execute/990119-1.c execution,  -Os 
FAIL: gcc.c-torture/execute/990130-1.c compilation,  -O0 
FAIL: gcc.c-torture/execute/990130-1.c compilation,  -O1 
FAIL: gcc.c-torture/execute/990130-1.c compilation,  -O2 
FAIL: gcc.c-torture/execute/990130-1.c compilation,  -O2 -fomit-frame-pointer -finline-functions 
FAIL: gcc.c-torture/execute/990130-1.c compilation,  -O2 -g 
FAIL: gcc.c-torture/execute/990130-1.c compilation,  -Os 
FAIL: gcc.c-torture/execute/complex-5.c execution,  -O2 -fomit-frame-pointer -finline-functions 
XPASS: gcc.c-torture/execute/memcheck/blkarg.c execution,  -O0 
XPASS: gcc.c-torture/execute/memcheck/blkarg.c execution,  -O1 
XPASS: gcc.c-torture/execute/memcheck/blkarg.c execution,  -O2 
XPASS: gcc.c-torture/execute/memcheck/blkarg.c execution,  -O2 -fomit-frame-pointer -finline-functions 
XPASS: gcc.c-torture/execute/memcheck/blkarg.c execution,  -O2 -g 
XPASS: gcc.c-torture/execute/memcheck/blkarg.c execution,  -Os 
FAIL: gcc.c-torture/noncompile/951227-1.c
FAIL: gcc.dg/cpp-if1.c invalid number (test for errors, line 12)
FAIL: gcc.dg/cpp-if1.c invalid number (test for errors, line 15)
FAIL: gcc.dg/cpp-if1.c invalid number (test for errors, line 18)
FAIL: gcc.dg/cpp-if1.c floating point in #if (test for errors, line 21)
FAIL: gcc.dg/cpp-if1.c too many suffixes (test for errors, line 24)
FAIL: gcc.dg/cpp-if1.c too many suffixes (test for errors, line 27)
FAIL: gcc.dg/cpp-if1.c (test for excess errors)
FAIL: gcc.dg/special/alias-1.c (test for excess errors)
FAIL: gcc.dg/special/wkali-1.c (test for excess errors)

		=== gcc Summary ===

# of expected passes		7938
# of unexpected failures	35
# of unexpected successes	6
# of expected failures		7
# of unresolved testcases	10
# of unsupported tests		27
/usr/local/x86srvr1/WORKSPACE5/schuld/EGCS/egcs-19990221-aix42/gcc/xgcc version egcs-2.93.09 19990221 (gcc2 ss-980929 experimental)

		=== g++ tests ===


Running target unix
FAIL: g++.jason/thunk2.C (test for excess errors)
FAIL: g++.law/profile1.C (test for excess errors)
FAIL: g++.mike/eh30.C (test for excess errors)
FAIL: g++.mike/p4750.C (test for excess errors)
FAIL: g++.pt/decl2.C currently an ICE (test for errors, line 9)
FAIL: g++.pt/decl2.C (test for excess errors)
XPASS: g++.pt/enum5.C template declaration of enum (test for errors, line 4)
FAIL: g++.pt/friend37.C undeclared (test for errors, line 7)
FAIL: g++.pt/friend38.C template parameters cannot be friends (test for errors, line 9)
FAIL: g++.pt/instantiate4.C (test for excess errors)
FAIL: g++.pt/static3.C (test for excess errors)
FAIL: g++.pt/typename8.C (test for excess errors)
FAIL: g++.robertl/eb106.C (test for excess errors)

		=== g++ Summary ===

# of expected passes		4859
# of unexpected failures	12
# of unexpected successes	1
# of expected failures		87
# of untested testcases		7
/usr/local/x86srvr1/WORKSPACE5/schuld/EGCS/egcs-19990221-aix42/gcc/testsuite/../xgcc version egcs-2.93.09 19990221 (gcc2 ss-980929 experimental)

		=== g77 tests ===


Running target unix
FAIL: g77.f-torture/compile/19981216-0.f,  -O0  
FAIL: g77.f-torture/compile/19981216-0.f,  -O1  
FAIL: g77.f-torture/compile/19981216-0.f,  -O2  
FAIL: g77.f-torture/compile/19981216-0.f,  -O2 -fomit-frame-pointer -finline-functions  
FAIL: g77.f-torture/compile/19981216-0.f,  -Os  
FAIL: g77.f-torture/compile/980310-7.f,  -O0  
FAIL: g77.f-torture/compile/980310-7.f,  -O1  
FAIL: g77.f-torture/compile/980310-7.f,  -O2  
FAIL: g77.f-torture/compile/980310-7.f,  -O2 -fomit-frame-pointer -finline-functions  
FAIL: g77.f-torture/compile/980310-7.f,  -O2 -fomit-frame-pointer -finline-functions -funroll-loops  
FAIL: g77.f-torture/compile/980310-7.f,  -O2 -fomit-frame-pointer -finline-functions -funroll-all-loops  
FAIL: g77.f-torture/compile/980310-7.f,  -Os  
FAIL: g77.f-torture/compile/980424-0.f,  -O1  
FAIL: g77.f-torture/compile/980424-0.f,  -O2  
FAIL: g77.f-torture/compile/980424-0.f,  -O2 -fomit-frame-pointer -finline-functions  
FAIL: g77.f-torture/compile/980424-0.f,  -Os  
FAIL: g77.f-torture/execute/auto0.f execution,  -O2 -fomit-frame-pointer -finline-functions -funroll-loops 
FAIL: g77.f-torture/execute/auto0.f execution,  -O2 -fomit-frame-pointer -finline-functions -funroll-all-loops 
FAIL: g77.f-torture/execute/auto1.f execution,  -O2 -fomit-frame-pointer -finline-functions -funroll-loops 
FAIL: g77.f-torture/execute/auto1.f execution,  -O2 -fomit-frame-pointer -finline-functions -funroll-all-loops 
FAIL: g77.f-torture/execute/dnrm2.f execution,  -O2 -fomit-frame-pointer -finline-functions -funroll-loops 
FAIL: g77.f-torture/execute/dnrm2.f execution,  -O2 -fomit-frame-pointer -finline-functions -funroll-all-loops 
FAIL: g77.f-torture/execute/u77-test.f execution,  -O0 
FAIL: g77.f-torture/execute/u77-test.f execution,  -O1 
FAIL: g77.f-torture/execute/u77-test.f execution,  -O2 
FAIL: g77.f-torture/execute/u77-test.f execution,  -O2 -fomit-frame-pointer -finline-functions 
FAIL: g77.f-torture/execute/u77-test.f execution,  -O2 -fomit-frame-pointer -finline-functions -funroll-loops 
FAIL: g77.f-torture/execute/u77-test.f execution,  -O2 -fomit-frame-pointer -finline-functions -funroll-all-loops 
FAIL: g77.f-torture/execute/u77-test.f execution,  -Os 

		=== g77 Summary ===

# of expected passes		453
# of unexpected failures	29
		=== objc tests ===


Running target unix
FAIL: objc/execute/bf-1.m compilation,  -O 
FAIL: objc/execute/bf-10.m compilation,  -O 
FAIL: objc/execute/bf-11.m compilation,  -O 
FAIL: objc/execute/bf-12.m compilation,  -O 
FAIL: objc/execute/bf-13.m compilation,  -O 
FAIL: objc/execute/bf-14.m compilation,  -O 
FAIL: objc/execute/bf-15.m compilation,  -O 
FAIL: objc/execute/bf-16.m compilation,  -O 
FAIL: objc/execute/bf-17.m compilation,  -O 
FAIL: objc/execute/bf-18.m compilation,  -O 
FAIL: objc/execute/bf-19.m compilation,  -O 
FAIL: objc/execute/bf-2.m compilation,  -O 
FAIL: objc/execute/bf-3.m compilation,  -O 
FAIL: objc/execute/bf-4.m compilation,  -O 
FAIL: objc/execute/bf-5.m compilation,  -O 
FAIL: objc/execute/bf-6.m compilation,  -O 
FAIL: objc/execute/bf-7.m compilation,  -O 
FAIL: objc/execute/bf-8.m compilation,  -O 
FAIL: objc/execute/bf-9.m compilation,  -O 

		=== objc Summary ===

# of unexpected failures	19
# of untested testcases		19
/usr/local/x86srvr1/WORKSPACE5/schuld/EGCS/egcs-19990221-aix42/gcc/xgcc version egcs-2.93.09 19990221 (gcc2 ss-980929 experimental)


Compiler version: haifa-enabled egcs-2.93.09 19990221 (gcc2 ss-980929 experimental) 
Platform: rs6000-ibm-aix4.2.1.0
configure flags: --with-gcc-version-trigger=/usr/local/x86srvr1/WORKSPACE5/schuld/EGCS/egcs-19990221/gcc/version.c --host=rs6000-ibm-aix4.2.1.0 --prefix=/afs/btv.ibm.com/data/n37v/software/gnu-aix42/egcs --with-cpu=common --enable-haifa --enable-multilib --norecursion




Counting all warnings,
there are 484 warnings in stage3 of this bootstrap.

Number of warnings per file:
  94 ../../egcs/gcc/toplev.c
  23 ../../../egcs/gcc/java/lex.c
  20 ../../../egcs/gcc/java/jcf-parse.c
  16 ../../../egcs/gcc/java/jcf-reader.c
  15 ../../egcs/gcc/objc/objc-act.c
  13 ../../egcs/gcc/loop.c
  13 ../../egcs/gcc/cse.c
  12 ../../egcs/gcc/reload1.c
  12 ../../egcs/gcc/integrate.c
  12 ../../../egcs/gcc/java/javaop.def
  12 ../../../egcs/gcc/java/expr.c
  11 ./parse.y
  11 ../../egcs/gcc/config/rs6000/rs6000.c
  11 ../../../egcs/gcc/java/jcf-write.c
  11 ../../../egcs/gcc/java/jcf-dump.c
  10 ../../egcs/gcc/fold-const.c
   9 ../../egcs/gcc/varasm.c
   8 ../../egcs/gcc/reload.c
   8 ../../../egcs/gcc/java/gjavah.c
   7 ../../egcs/gcc/unroll.c
   7 ../../egcs/gcc/combine.c
   7 ../../egcs/gcc/cccp.c
   7 ../../../egcs/gcc/java/class.c
   6 ../../egcs/gcc/optabs.c
   6 ../../egcs/gcc/expr.c
   6 ../../egcs/gcc/dbxout.c
   6 ../../egcs/gcc/collect2.c
   6 ../../egcs/gcc/calls.c
   6 ../../egcs/gcc/c-lex.c
   6 ../../../egcs/gcc/cp/lex.c
   5 ../../egcs/gcc/regmove.c
   5 ../../../egcs/gcc/java/verify.c
   4 cexp.y
   4 ../../egcs/gcc/protoize.c
   4 ../../egcs/gcc/final.c
   3 gcj.c
   3 g77.c
   3 g++.c
   3 ../../egcs/gcc/stmt.c
   3 ../../egcs/gcc/local-alloc.c
   3 ../../egcs/gcc/genopinit.c
   3 ../../egcs/gcc/gcc.c
   3 ../../../egcs/gcc/java/parse.h
   3 ../../../egcs/gcc/java/lex.h
   2 insn-recog.c
   2 ../../egcs/gcc/tree.c
   2 ../../egcs/gcc/gcov.c
   2 ../../egcs/gcc/function.c
   2 ../../egcs/gcc/flow.c
   2 ../../egcs/gcc/fix-header.c
   2 ../../egcs/gcc/explow.c
   2 ../../egcs/gcc/cppexp.c
   2 ../../egcs/gcc/alias.c
   1 splay-tree.c
   1 insn-emit.c
   1 cxxmain.c
   1 ./parse-scan.y
   1 ../../egcs/gcc/tlink.c
   1 ../../egcs/gcc/stupid.c
   1 ../../egcs/gcc/scan-decls.c
   1 ../../egcs/gcc/regclass.c
   1 ../../egcs/gcc/jump.c
   1 ../../egcs/gcc/java/jvspec.c
   1 ../../egcs/gcc/hash.c
   1 ../../egcs/gcc/graph.c
   1 ../../egcs/gcc/genattrtab.c
   1 ../../egcs/gcc/gcov-io.h
   1 ../../egcs/gcc/f/g77spec.c
   1 ../../egcs/gcc/emit-rtl.c
   1 ../../egcs/gcc/cpphash.c
   1 ../../../egcs/gcc/java/typeck.c
   1 ../../../egcs/gcc/java/jvgenmain.c
   1 ../../../egcs/gcc/java/jcf-io.c
   1 ../../../egcs/gcc/java/decl.c
   1 ../../../egcs/gcc/java/constants.c
   1 ../../../egcs/gcc/cp/pt.c
   1 ../../../egcs/gcc/cp/expr.c
   1 ../../../egcs/gcc/cp/decl.c
   1 ../../../egcs/gcc/ch/expr.c

Number of warning types:
 119 ??? might be used uninitialized in this function
  69 unused parameter ???
  52 comparison between signed and unsigned
  46 implicit declaration of function ???
  43 missing initializer
  43 (near initialization for ???)
  32 unused variable ???
  27 variable ??? might be clobbered by longjmp or vfork
  22 statement with no effect
  14 ??? format, ??? arg (arg ???)
   6 ??? declared static but never defined
   5 argument ??? might be clobbered by longjmp or vfork
   4 ??? defined but not used
   1 value computed is not used
   1 label ??? defined but not used


More information about the Gcc-testresults mailing list