Results for egcs-2.91.61 19990216 (egcs-1.1.2 pre-release-1) testsuite on sparc-sun-solaris2.5
Kaveh R. Ghazi
ghazi@caip.rutgers.edu
Mon Feb 22 05:50:00 GMT 1999
Native configuration is sparc-sun-solaris2.5
=== gcc tests ===
Running target unix/-fPIC
FAIL: gcc.c-torture/execute/980506-2.c execution, -O2
FAIL: gcc.c-torture/execute/980506-2.c execution, -O2 -g
FAIL: gcc.c-torture/execute/980506-2.c execution, -Os
FAIL: gcc.c-torture/execute/980526-1.c execution, -O2 -fomit-frame-pointer -finline-functions
FAIL: gcc.c-torture/execute/loop-2f.c execution, -O2
FAIL: gcc.c-torture/execute/loop-2f.c execution, -O2 -fomit-frame-pointer -finline-functions
FAIL: gcc.c-torture/execute/loop-2f.c execution, -O2 -fomit-frame-pointer -finline-functions -funroll-loops
FAIL: gcc.c-torture/execute/loop-2f.c execution, -O2 -fomit-frame-pointer -finline-functions -funroll-all-loops
FAIL: gcc.c-torture/execute/loop-2f.c execution, -O2 -g
FAIL: gcc.c-torture/execute/loop-2f.c execution, -Os
FAIL: gcc.c-torture/execute/loop-2g.c execution, -O2
FAIL: gcc.c-torture/execute/loop-2g.c execution, -O2 -fomit-frame-pointer -finline-functions
FAIL: gcc.c-torture/execute/loop-2g.c execution, -O2 -fomit-frame-pointer -finline-functions -funroll-loops
FAIL: gcc.c-torture/execute/loop-2g.c execution, -O2 -fomit-frame-pointer -finline-functions -funroll-all-loops
FAIL: gcc.c-torture/execute/loop-2g.c execution, -O2 -g
FAIL: gcc.c-torture/execute/loop-2g.c execution, -Os
FAIL: gcc.c-torture/execute/ieee/rbug.c execution, -O2 -fomit-frame-pointer -finline-functions
FAIL: gcc.dg/980626-1.c (test for excess errors)
FAIL: gcc.misc-tests/gcov-1.c (test for excess errors)
FAIL: gcc.misc-tests/gcov-1.c execution test
FAIL: gcov-1.c:1:is 4:should be 11
FAIL: gcov-1.c:1:is 5:should be 10
FAIL: gcov-1.c:1:is 7:should be 1
FAIL: gcc.misc-tests/gcov-2.c (test for excess errors) (PRMS 8294)
FAIL: gcc.misc-tests/gcov-2.c execution test (PRMS 8294)
=== gcc Summary for unix/-fPIC ===
# of expected passes 7475
# of unexpected failures 25
# of expected failures 7
# of unsupported tests 18
Running target unix/-fpic
FAIL: gcc.c-torture/execute/980506-2.c execution, -O2
FAIL: gcc.c-torture/execute/980506-2.c execution, -O2 -g
FAIL: gcc.c-torture/execute/980506-2.c execution, -Os
FAIL: gcc.c-torture/execute/980526-1.c execution, -O2 -fomit-frame-pointer -finline-functions
FAIL: gcc.c-torture/execute/loop-2f.c execution, -O2
FAIL: gcc.c-torture/execute/loop-2f.c execution, -O2 -fomit-frame-pointer -finline-functions
FAIL: gcc.c-torture/execute/loop-2f.c execution, -O2 -fomit-frame-pointer -finline-functions -funroll-loops
FAIL: gcc.c-torture/execute/loop-2f.c execution, -O2 -fomit-frame-pointer -finline-functions -funroll-all-loops
FAIL: gcc.c-torture/execute/loop-2f.c execution, -O2 -g
FAIL: gcc.c-torture/execute/loop-2f.c execution, -Os
FAIL: gcc.c-torture/execute/loop-2g.c execution, -O2
FAIL: gcc.c-torture/execute/loop-2g.c execution, -O2 -fomit-frame-pointer -finline-functions
FAIL: gcc.c-torture/execute/loop-2g.c execution, -O2 -fomit-frame-pointer -finline-functions -funroll-loops
FAIL: gcc.c-torture/execute/loop-2g.c execution, -O2 -fomit-frame-pointer -finline-functions -funroll-all-loops
FAIL: gcc.c-torture/execute/loop-2g.c execution, -O2 -g
FAIL: gcc.c-torture/execute/loop-2g.c execution, -Os
FAIL: gcc.c-torture/execute/ieee/rbug.c execution, -O2 -fomit-frame-pointer -finline-functions
FAIL: gcc.dg/980626-1.c (test for excess errors)
FAIL: gcc.misc-tests/gcov-1.c (test for excess errors)
FAIL: gcc.misc-tests/gcov-1.c execution test
FAIL: gcov-1.c:1:is 4:should be 11
FAIL: gcov-1.c:1:is 5:should be 10
FAIL: gcov-1.c:1:is 7:should be 1
FAIL: gcc.misc-tests/gcov-2.c (test for excess errors) (PRMS 8294)
FAIL: gcc.misc-tests/gcov-2.c execution test (PRMS 8294)
=== gcc Summary for unix/-fpic ===
# of expected passes 7475
# of unexpected failures 25
# of expected failures 7
# of unsupported tests 18
Running target unix
FAIL: gcc.c-torture/execute/980506-2.c execution, -O2
FAIL: gcc.c-torture/execute/980506-2.c execution, -O2 -g
FAIL: gcc.c-torture/execute/980506-2.c execution, -Os
FAIL: gcc.c-torture/execute/980526-1.c execution, -O2 -fomit-frame-pointer -finline-functions
FAIL: gcc.c-torture/execute/loop-2f.c execution, -O2
FAIL: gcc.c-torture/execute/loop-2f.c execution, -O2 -fomit-frame-pointer -finline-functions
FAIL: gcc.c-torture/execute/loop-2f.c execution, -O2 -fomit-frame-pointer -finline-functions -funroll-loops
FAIL: gcc.c-torture/execute/loop-2f.c execution, -O2 -fomit-frame-pointer -finline-functions -funroll-all-loops
FAIL: gcc.c-torture/execute/loop-2f.c execution, -O2 -g
FAIL: gcc.c-torture/execute/loop-2f.c execution, -Os
FAIL: gcc.c-torture/execute/loop-2g.c execution, -O2
FAIL: gcc.c-torture/execute/loop-2g.c execution, -O2 -fomit-frame-pointer -finline-functions
FAIL: gcc.c-torture/execute/loop-2g.c execution, -O2 -fomit-frame-pointer -finline-functions -funroll-loops
FAIL: gcc.c-torture/execute/loop-2g.c execution, -O2 -fomit-frame-pointer -finline-functions -funroll-all-loops
FAIL: gcc.c-torture/execute/loop-2g.c execution, -O2 -g
FAIL: gcc.c-torture/execute/loop-2g.c execution, -Os
FAIL: gcc.dg/980626-1.c (test for excess errors)
=== gcc Summary for unix ===
# of expected passes 7481
# of unexpected failures 17
# of expected failures 7
# of unsupported tests 18
=== gcc Summary ===
# of expected passes 22431
# of unexpected failures 67
# of expected failures 21
# of unsupported tests 54
/tmp/gcc-testing/egcs-1.1.2-pre1/gcc/xgcc version egcs-2.91.61 19990216 (egcs-1.1.2 pre-release-1)
=== g++ tests ===
Running target unix/-fPIC
FAIL: g++.law/code-gen5.C (test for excess errors)
FAIL: g++.law/profile1.C (test for excess errors)
FAIL: g++.law/profile1.C Execution test
XPASS: g++.robertl/eb132.C (test for excess errors)
FAIL: g++.robertl/eb83.C (test for excess errors)
FAIL: g++.robertl/eb83.C Execution test
FAIL: g++.robertl/eb91.C (test for excess errors)
=== g++ Summary for unix/-fPIC ===
# of expected passes 4216
# of unexpected failures 6
# of unexpected successes 1
# of expected failures 85
# of untested testcases 6
Running target unix/-fpic
FAIL: g++.law/code-gen5.C (test for excess errors)
FAIL: g++.law/profile1.C (test for excess errors)
FAIL: g++.law/profile1.C Execution test
XPASS: g++.robertl/eb132.C (test for excess errors)
FAIL: g++.robertl/eb83.C (test for excess errors)
FAIL: g++.robertl/eb83.C Execution test
FAIL: g++.robertl/eb91.C (test for excess errors)
=== g++ Summary for unix/-fpic ===
# of expected passes 4216
# of unexpected failures 6
# of unexpected successes 1
# of expected failures 85
# of untested testcases 6
Running target unix
FAIL: g++.law/code-gen5.C (test for excess errors)
XPASS: g++.robertl/eb132.C (test for excess errors)
FAIL: g++.robertl/eb91.C (test for excess errors)
=== g++ Summary for unix ===
# of expected passes 4220
# of unexpected failures 2
# of unexpected successes 1
# of expected failures 85
# of untested testcases 6
=== g++ Summary ===
# of expected passes 12652
# of unexpected failures 14
# of unexpected successes 3
# of expected failures 255
# of untested testcases 18
/tmp/gcc-testing/egcs-1.1.2-pre1/gcc/testsuite/../xgcc version egcs-2.91.61 19990216 (egcs-1.1.2 pre-release-1)
=== g77 tests ===
Running target unix/-fPIC
=== g77 Summary for unix/-fPIC ===
# of expected passes 415
Running target unix/-fpic
=== g77 Summary for unix/-fpic ===
# of expected passes 415
Running target unix
=== g77 Summary for unix ===
# of expected passes 415
=== g77 Summary ===
# of expected passes 1245
=== libio tests ===
Running target unix/-fPIC
=== libio Summary for unix/-fPIC ===
# of expected passes 40
Running target unix/-fpic
=== libio Summary for unix/-fpic ===
# of expected passes 40
Running target unix
=== libio Summary for unix ===
# of expected passes 40
=== libio Summary ===
# of expected passes 120
=== libstdc++ tests ===
Running target unix/-fPIC
=== libstdc++ Summary for unix/-fPIC ===
# of expected passes 30
Running target unix/-fpic
=== libstdc++ Summary for unix/-fpic ===
# of expected passes 30
Running target unix
=== libstdc++ Summary for unix ===
# of expected passes 30
=== libstdc++ Summary ===
# of expected passes 90
Compiler version: egcs-2.91.61 19990216 (egcs-1.1.2 pre-release-1)
Platform: sparc-sun-solaris2.5
configure flags: --with-gcc-version-trigger=/tmp/gcc-testing/egcs-1.1.2-pre1/gcc/version.c --host=sparc-sun-solaris2.5 --verbose --norecursion
BOOT_CFLAGS=-g -O3 -funroll-all-loops
More information about the Gcc-testresults
mailing list