egcs-1.1.2-pre1, alpha-dec-osf4.0
Stephen L Moshier
moshier@mediaone.net
Mon Feb 22 05:46:00 GMT 1999
alpha-dec-osf4.0
egcs-1.1.2 pre1
default configurations
=== libio Summary ===
# of expected passes 40
=== libstdc++ Summary ===
# of expected passes 30
=== gcc tests ===
FAIL: gcc.c-torture/execute/980506-2.c execution, -O2
FAIL: gcc.c-torture/execute/980506-2.c execution, -O2 -g
FAIL: gcc.c-torture/execute/980506-2.c execution, -Os
FAIL: gcc.c-torture/execute/980526-1.c execution, -O2 -fomit-frame-pointer -finline-functions
FAIL: gcc.c-torture/execute/complex-5.c execution, -O0
FAIL: gcc.c-torture/execute/complex-5.c execution, -O1
FAIL: gcc.c-torture/execute/complex-5.c execution, -O2
FAIL: gcc.c-torture/execute/complex-5.c execution, -O2 -fomit-frame-pointer -finline-functions
FAIL: gcc.c-torture/execute/complex-5.c execution, -O2 -g
FAIL: gcc.c-torture/execute/complex-5.c execution, -Os
Running /export/2/u/o1/smoshier/egcs-1.1.2-pre1/gcc/testsuite/gcc.c-torture/execute/ieee/ieee.exp ...
FAIL: gcc.c-torture/execute/ieee/mzero2.c execution, -O0
FAIL: gcc.c-torture/execute/ieee/mzero2.c execution, -O1
FAIL: gcc.c-torture/execute/ieee/mzero2.c execution, -O2
FAIL: gcc.c-torture/execute/ieee/mzero2.c execution, -O2 -fomit-frame-pointer -finline-functions
FAIL: gcc.c-torture/execute/ieee/mzero2.c execution, -O2 -g
FAIL: gcc.c-torture/execute/ieee/mzero2.c execution, -Os
FAIL: gcc.dg/980626-1.c (test for excess errors)
=== gcc Summary ===
# of expected passes 7481
# of unexpected failures 17
# of expected failures 7
# of unsupported tests 18
=== g++ tests ===
XPASS: g++.benjamin/p12475.C (test for excess errors)
XPASS: g++.brendan/array1.C overflow in array dimension.* , (test for errors, line 6)
FAIL: g++.jason/thunk2.C (test for excess errors)
XPASS: g++.jason/thunk3.C (test for excess errors)
XPASS: g++.jason/thunk3.C Execution test
XPASS: g++.law/profile1.C (test for excess errors)
XPASS: g++.law/profile1.C Execution test
FAIL: g++.other/new.C (test for excess errors)
FAIL: g++.other/new2.C (test for excess errors)
FAIL: g++.pt/static3.C (test for excess errors)
XPASS: g++.robertl/eb132.C (test for excess errors)
FAIL: g++.robertl/eb15.C (test for excess errors)
FAIL: g++.robertl/eb2.C (test for excess errors)
FAIL: g++.robertl/eb71.C (test for excess errors)
FAIL: g++.robertl/eb91.C (test for excess errors)
=== g++ Summary ===
# of expected passes 4206
# of unexpected failures 8
# of unexpected successes 7
# of expected failures 86
# of untested testcases 7
=== g77 tests ===
FAIL: g77.f-torture/execute/auto0.f execution, -Os
=== g77 Summary ===
# of expected passes 414
# of unexpected failures 1
More information about the Gcc-testresults
mailing list