Results for egcs-2.93.09 19990221 (gcc2 ss-980929 experimental) testsuite on sparc-sun-solaris2.6
Alexandre Oliva
oliva@dcc.unicamp.br
Mon Feb 22 04:18:00 GMT 1999
Native configuration is sparc-sun-solaris2.6
=== g++ tests ===
Running target unix
FAIL: g++.dg/special/conpr-1.C execution test
FAIL: g++.dg/special/conpr-2.C execution test
FAIL: g++.dg/special/conpr-3.C execution test
FAIL: g++.dg/special/conpr-3.C execution test
FAIL: g++.brendan/asm-extn1.C caused compiler crash
XPASS: g++.pt/enum5.C template declaration of enum (test for errors, line 4)
=== g++ Summary ===
# of expected passes 4863
# of unexpected failures 5
# of unexpected successes 1
# of expected failures 87
# of untested testcases 6
/l/dsk00/temp/egcs/gcc/testsuite/../xgcc version egcs-2.93.09 19990221 (gcc2 ss-980929 experimental)
=== g77 tests ===
Running target unix
FAIL: g77.f-torture/compile/19981216-0.f, -O0
FAIL: g77.f-torture/compile/19981216-0.f, -O1
FAIL: g77.f-torture/compile/19981216-0.f, -O2
FAIL: g77.f-torture/compile/19981216-0.f, -O2 -fomit-frame-pointer -finline-functions
FAIL: g77.f-torture/compile/19981216-0.f, -Os
FAIL: g77.f-torture/execute/auto0.f execution, -O2 -fomit-frame-pointer -finline-functions -funroll-loops
FAIL: g77.f-torture/execute/auto0.f execution, -O2 -fomit-frame-pointer -finline-functions -funroll-all-loops
FAIL: g77.f-torture/execute/auto1.f execution, -O2 -fomit-frame-pointer -finline-functions -funroll-loops
FAIL: g77.f-torture/execute/auto1.f execution, -O2 -fomit-frame-pointer -finline-functions -funroll-all-loops
FAIL: g77.f-torture/execute/dnrm2.f execution, -O2 -fomit-frame-pointer -finline-functions -funroll-loops
FAIL: g77.f-torture/execute/dnrm2.f execution, -O2 -fomit-frame-pointer -finline-functions -funroll-all-loops
=== g77 Summary ===
# of expected passes 471
# of unexpected failures 11
=== gcc tests ===
Running target unix
FAIL: gcc.c-torture/compile/921206-1.c, -O1
FAIL: gcc.c-torture/compile/921206-1.c, -O2
FAIL: gcc.c-torture/compile/921206-1.c, -O2 -fomit-frame-pointer -finline-functions
FAIL: gcc.c-torture/compile/921206-1.c, -O2 -fomit-frame-pointer -finline-functions -funroll-loops
FAIL: gcc.c-torture/compile/921206-1.c, -O2 -fomit-frame-pointer -finline-functions -funroll-all-loops
FAIL: gcc.c-torture/compile/921206-1.c, -O2 -g
FAIL: gcc.c-torture/compile/921206-1.c, -Os
FAIL: gcc.c-torture/execute/990119-1.c execution, -O0
FAIL: gcc.c-torture/execute/990119-1.c execution, -O1
FAIL: gcc.c-torture/execute/990119-1.c execution, -O2
FAIL: gcc.c-torture/execute/990119-1.c execution, -O2 -fomit-frame-pointer -finline-functions
FAIL: gcc.c-torture/execute/990119-1.c execution, -O2 -g
FAIL: gcc.c-torture/execute/990119-1.c execution, -Os
FAIL: gcc.c-torture/execute/990130-1.c compilation, -O0
FAIL: gcc.c-torture/execute/990130-1.c compilation, -O1
FAIL: gcc.c-torture/execute/990130-1.c compilation, -O2
FAIL: gcc.c-torture/execute/990130-1.c compilation, -O2 -fomit-frame-pointer -finline-functions
FAIL: gcc.c-torture/execute/990130-1.c compilation, -O2 -g
FAIL: gcc.c-torture/execute/990130-1.c compilation, -Os
FAIL: gcc.c-torture/noncompile/951227-1.c
FAIL: gcc.dg/cpp-if1.c invalid number (test for errors, line 12)
FAIL: gcc.dg/cpp-if1.c invalid number (test for errors, line 15)
FAIL: gcc.dg/cpp-if1.c invalid number (test for errors, line 18)
FAIL: gcc.dg/cpp-if1.c floating point in #if (test for errors, line 21)
FAIL: gcc.dg/cpp-if1.c too many suffixes (test for errors, line 24)
FAIL: gcc.dg/cpp-if1.c too many suffixes (test for errors, line 27)
FAIL: gcc.dg/cpp-if1.c (test for excess errors)
FAIL: gcc.misc-tests/m-un-2.c warning regression (test for warnings, line 18)
FAIL: gcc.misc-tests/m-un-2.c warning regression (test for warnings, line 23)
FAIL: gcc.misc-tests/m-un-2.c (test for excess errors)
=== gcc Summary ===
# of expected passes 7966
# of unexpected failures 30
# of expected failures 19
# of unresolved testcases 6
# of unsupported tests 24
/l/dsk00/temp/egcs/gcc/xgcc version egcs-2.93.09 19990221 (gcc2 ss-980929 experimental)
=== libg++ tests ===
Running target unix
FAIL: tRational.cc execution
FAIL: tRandom.cc execution
=== libg++ Summary ===
# of expected passes 68
# of unexpected failures 2
# of expected failures 2
=== libio tests ===
Running target unix
=== libio Summary ===
# of expected passes 40
=== libstdc++ tests ===
Running target unix
FAIL: tcomplex.cc execution
FAIL: tcomplex.cc -O execution
=== libstdc++ Summary ===
# of expected passes 26
# of unexpected failures 2
# of expected failures 2
=== objc tests ===
Running target unix
FAIL: objc/execute/bf-1.m compilation, -O
FAIL: objc/execute/bf-10.m compilation, -O
FAIL: objc/execute/bf-11.m compilation, -O
FAIL: objc/execute/bf-12.m compilation, -O
FAIL: objc/execute/bf-13.m compilation, -O
FAIL: objc/execute/bf-14.m compilation, -O
FAIL: objc/execute/bf-15.m compilation, -O
FAIL: objc/execute/bf-16.m compilation, -O
FAIL: objc/execute/bf-17.m compilation, -O
FAIL: objc/execute/bf-18.m compilation, -O
FAIL: objc/execute/bf-19.m compilation, -O
FAIL: objc/execute/bf-2.m compilation, -O
FAIL: objc/execute/bf-3.m compilation, -O
FAIL: objc/execute/bf-4.m compilation, -O
FAIL: objc/execute/bf-5.m compilation, -O
FAIL: objc/execute/bf-6.m compilation, -O
FAIL: objc/execute/bf-7.m compilation, -O
FAIL: objc/execute/bf-8.m compilation, -O
FAIL: objc/execute/bf-9.m compilation, -O
=== objc Summary ===
# of unexpected failures 19
# of untested testcases 19
/l/dsk00/temp/egcs/gcc/xgcc version egcs-2.93.09 19990221 (gcc2 ss-980929 experimental)
Compiler version: egcs-2.93.09 19990221 (gcc2 ss-980929 experimental)
Platform: sparc-sun-solaris2.6
BOOT_CFLAGS: -g -O9 -W -Wall
Counting all warnings,
there are 579 warnings in stage3 of this bootstrap.
Number of warnings per file:
91 /home/phd/oliva/src/egcs/gcc/toplev.c
23 /home/phd/oliva/src/egcs/gcc/config/sparc/sparc.c
22 /home/phd/oliva/src/egcs/gcc/java/lex.c
20 /home/phd/oliva/src/egcs/gcc/java/jcf-parse.c
16 /home/phd/oliva/src/egcs/gcc/objc/objc-act.c
16 /home/phd/oliva/src/egcs/gcc/java/jcf-write.c
16 /home/phd/oliva/src/egcs/gcc/java/jcf-reader.c
15 /home/phd/oliva/src/egcs/gcc/integrate.c
14 ./parse.y
13 /home/phd/oliva/src/egcs/gcc/java/expr.c
13 /home/phd/oliva/src/egcs/gcc/cse.c
12 /home/phd/oliva/src/egcs/gcc/java/javaop.def
11 /home/phd/oliva/src/egcs/gcc/varasm.c
11 /home/phd/oliva/src/egcs/gcc/java/jcf-dump.c
11 /home/phd/oliva/src/egcs/gcc/dwarf2out.c
10 /home/phd/oliva/src/egcs/gcc/reload1.c
10 /home/phd/oliva/src/egcs/gcc/fold-const.c
10 /home/phd/oliva/src/egcs/gcc/final.c
10 /home/phd/oliva/src/egcs/gcc/expr.c
9 /home/phd/oliva/src/egcs/gcc/loop.c
8 /home/phd/oliva/src/egcs/gcc/unroll.c
8 /home/phd/oliva/src/egcs/gcc/java/gjavah.c
8 /home/phd/oliva/src/egcs/gcc/combine.c
7 /home/phd/oliva/src/egcs/gcc/optabs.c
7 /home/phd/oliva/src/egcs/gcc/java/class.c
7 /home/phd/oliva/src/egcs/gcc/ch/actions.c
7 /home/phd/oliva/src/egcs/gcc/cccp.c
7 /home/phd/oliva/src/egcs/gcc/calls.c
6 /home/phd/oliva/src/egcs/gcc/reload.c
6 /home/phd/oliva/src/egcs/gcc/cpphash.c
6 /home/phd/oliva/src/egcs/gcc/cp/lex.c
6 /home/phd/oliva/src/egcs/gcc/c-lex.c
5 /home/phd/oliva/src/egcs/gcc/reorg.c
5 /home/phd/oliva/src/egcs/gcc/java/verify.c
5 /home/phd/oliva/src/egcs/gcc/dbxout.c
5 /home/phd/oliva/src/egcs/gcc/collect2.c
4 gcj.c
4 g77.c
4 g++.c
4 cexp.y
4 /home/phd/oliva/src/egcs/gcc/rtl.c
4 /home/phd/oliva/src/egcs/gcc/regmove.c
4 /home/phd/oliva/src/egcs/gcc/protoize.c
4 /home/phd/oliva/src/egcs/gcc/jump.c
4 /home/phd/oliva/src/egcs/gcc/genattrtab.c
4 /home/phd/oliva/src/egcs/gcc/gcc.c
4 /home/phd/oliva/src/egcs/gcc/flow.c
3 insn-emit.c
3 /home/phd/oliva/src/egcs/gcc/stmt.c
3 /home/phd/oliva/src/egcs/gcc/local-alloc.c
3 /home/phd/oliva/src/egcs/gcc/java/parse.h
3 /home/phd/oliva/src/egcs/gcc/java/lex.h
3 /home/phd/oliva/src/egcs/gcc/genopinit.c
3 /home/phd/oliva/src/egcs/gcc/function.c
3 /home/phd/oliva/src/egcs/gcc/fix-header.c
3 /home/phd/oliva/src/egcs/gcc/expmed.c
3 /home/phd/oliva/src/egcs/gcc/config/sparc/gmon-sol2.c
2 insn-attrtab.c
2 /home/phd/oliva/src/egcs/gcc/java/jcf-io.c
2 /home/phd/oliva/src/egcs/gcc/gcov.c
2 /home/phd/oliva/src/egcs/gcc/f/intrin.c
2 /home/phd/oliva/src/egcs/gcc/explow.c
2 /home/phd/oliva/src/egcs/gcc/except.c
2 /home/phd/oliva/src/egcs/gcc/dwarfout.c
2 /home/phd/oliva/src/egcs/gcc/cppexp.c
2 /home/phd/oliva/src/egcs/gcc/alias.c
1 splay-tree.c
1 cxxmain.c
1 /home/phd/oliva/src/egcs/gcc/tree.c
1 /home/phd/oliva/src/egcs/gcc/tlink.c
1 /home/phd/oliva/src/egcs/gcc/stupid.c
1 /home/phd/oliva/src/egcs/gcc/scan-decls.c
1 /home/phd/oliva/src/egcs/gcc/regclass.c
1 /home/phd/oliva/src/egcs/gcc/print-rtl.c
1 /home/phd/oliva/src/egcs/gcc/java/typeck.c
1 /home/phd/oliva/src/egcs/gcc/java/jvspec.c
1 /home/phd/oliva/src/egcs/gcc/java/jvgenmain.c
1 /home/phd/oliva/src/egcs/gcc/java/decl.c
1 /home/phd/oliva/src/egcs/gcc/java/constants.c
1 /home/phd/oliva/src/egcs/gcc/hash.c
1 /home/phd/oliva/src/egcs/gcc/haifa-sched.c
1 /home/phd/oliva/src/egcs/gcc/graph.c
1 /home/phd/oliva/src/egcs/gcc/genrecog.c
1 /home/phd/oliva/src/egcs/gcc/genpeep.c
1 /home/phd/oliva/src/egcs/gcc/genoutput.c
1 /home/phd/oliva/src/egcs/gcc/gengenrtl.c
1 /home/phd/oliva/src/egcs/gcc/genemit.c
1 /home/phd/oliva/src/egcs/gcc/f/g77spec.c
1 /home/phd/oliva/src/egcs/gcc/emit-rtl.c
1 /home/phd/oliva/src/egcs/gcc/cpplib.c
1 /home/phd/oliva/src/egcs/gcc/cppinit.c
1 /home/phd/oliva/src/egcs/gcc/cp/sig.c
1 /home/phd/oliva/src/egcs/gcc/cp/pt.c
1 /home/phd/oliva/src/egcs/gcc/cp/method.c
1 /home/phd/oliva/src/egcs/gcc/cp/expr.c
1 /home/phd/oliva/src/egcs/gcc/ch/expr.c
1 ./parse-scan.y
Number of warning types:
176 `???' might be used uninitialized in this function
72 implicit declaration of function `???'
65 unused parameter `???'
48 comparison between signed and unsigned
41 missing initializer
41 (near initialization for `???')
27 variable `???' might be clobbered by `longjmp' or `vfork'
23 enumeration value `???' not handled in switch
22 unused variable `???'
22 statement with no effect
14 ??? format, ??? arg (arg ???)
6 initialization from incompatible pointer type
6 `???' declared `static' but never defined
5 argument `???' might be clobbered by `longjmp' or `vfork'
3 empty body in an else-statement
3 `???' defined but not used
2 control reaches end of non-void function
1 value computed is not used
1 type defaults to `int' in declaration of `???'
1 label `???' defined but not used
More information about the Gcc-testresults
mailing list