Results for egcs-2.91.61 19990216 (egcs-1.1.2 pre-release-1) testsuite on i686-pc-linux-gnu

khan@xraylith.wisc.edu khan@xraylith.wisc.edu
Thu Feb 18 23:13:00 GMT 1999


Native configuration is i686-pc-linux-gnu

		=== libio tests ===


Running target unix

		=== libio Summary ===

# of expected passes		40
		=== libstdc++ tests ===


Running target unix

		=== libstdc++ Summary ===

# of expected passes		30
		=== gcc tests ===


Running target unix
FAIL: gcc.c-torture/execute/980526-1.c execution,  -O2 -fomit-frame-pointer -finline-functions 
FAIL: gcc.c-torture/execute/ieee/980619-1.c execution,  -O1 
FAIL: gcc.c-torture/execute/ieee/980619-1.c execution,  -O2 
FAIL: gcc.c-torture/execute/ieee/980619-1.c execution,  -O2 -fomit-frame-pointer -finline-functions 
FAIL: gcc.c-torture/execute/ieee/980619-1.c execution,  -O2 -fomit-frame-pointer -finline-functions -funroll-loops 
FAIL: gcc.c-torture/execute/ieee/980619-1.c execution,  -O2 -fomit-frame-pointer -finline-functions -funroll-all-loops 
FAIL: gcc.c-torture/execute/ieee/980619-1.c execution,  -O2 -g 
FAIL: gcc.c-torture/execute/ieee/980619-1.c execution,  -Os 
FAIL: gcc.dg/980626-1.c (test for excess errors)
FAIL: gcc.dg/clobbers.c execution test

		=== gcc Summary ===

# of expected passes		7497
# of unexpected failures	10
# of expected failures		7
# of unsupported tests		11
/homes/khan/src/egcs-1.1.2/LINUX/gcc/xgcc version egcs-2.91.61 19990216 (egcs-1.1.2 pre-release-1)

		=== g++ tests ===


Running target unix

		=== g++ Summary ===

# of expected passes		4222
# of expected failures		85
# of untested testcases		7
/homes/khan/src/egcs-1.1.2/LINUX/gcc/testsuite/../xgcc version egcs-2.91.61 19990216 (egcs-1.1.2 pre-release-1)

		=== g77 tests ===


Running target unix

		=== g77 Summary ===

# of expected passes		415

Compiler version: egcs-2.91.61 19990216 (egcs-1.1.2 pre-release-1)
 
Platform: i686-pc-linux-gnu
configure flags: --with-gcc-version-trigger=/homes/khan/src/egcs-1.1.2/gcc/version.c --host=i686-pc-linux-gnu --prefix=/homes/khan/local --enable-shared --enable-threads -v --norecursion


More information about the Gcc-testresults mailing list