Results for egcs-2.91.61 19990216 (egcs-1.1.2 pre-release-1) testsuite on sparc-redhat-linux-gnu
Christian Joensson FOA 72
chj@lin.foa.se
Thu Feb 18 03:14:00 GMT 1999
This was on a Red Hat Linux 5.2/SPARC system.
Native configuration is sparc-redhat-linux-gnu
=== libio tests ===
Running target unix
=== libio Summary ===
# of expected passes 40
=== libstdc++ tests ===
Running target unix
=== libstdc++ Summary ===
# of expected passes 30
=== gcc tests ===
Running target unix
FAIL: gcc.c-torture/execute/980506-2.c execution, -O2
FAIL: gcc.c-torture/execute/980506-2.c execution, -O2 -g
FAIL: gcc.c-torture/execute/980506-2.c execution, -Os
FAIL: gcc.c-torture/execute/980526-1.c execution, -O2 -fomit-frame-pointer
-finline-functions
FAIL: gcc.dg/980626-1.c (test for excess errors)
=== gcc Summary ===
# of expected passes 7493
# of unexpected failures 5
# of expected failures 7
# of unsupported tests 18
/usr/local/src/objdir-egcs-1.1.2-pre1/gcc/xgcc version egcs-2.91.61 19990216
(egcs-1.1.2 pre-release-1)
=== g++ tests ===
Running target unix
=== g++ Summary ===
# of expected passes 3505
# of expected failures 69
# of untested testcases 7
/usr/local/src/objdir-egcs-1.1.2-pre1/gcc/testsuite/../xgcc version
egcs-2.91.61 19990216 (egcs-1.1.2 pre-release-1)
=== g77 tests ===
Running target unix
FAIL: g77.f-torture/execute/erfc.f execution, -O0
=== g77 Summary ===
# of expected passes 414
# of unexpected failures 1
Compiler version: egcs-2.91.61 19990216 (egcs-1.1.2 pre-release-1)
Platform: sparc-redhat-linux-gnu
configure flags: --with-gcc-version-trigger=/mnt/yoda/egcs-1.1.2-pre1/gcc/versi
on.c --host=sparc-redhat-linux-gnu --enable-threads --verbose --norecursion
There are 4 warnings in stage3 of this bootstrap.
Number of warnings per file:
1 /mnt/yoda/egcs-1.1.2-pre1/gcc/f/where.c
1 /mnt/yoda/egcs-1.1.2-pre1/gcc/f/top.c
1 /mnt/yoda/egcs-1.1.2-pre1/gcc/f/malloc.c
1 /mnt/yoda/egcs-1.1.2-pre1/gcc/f/com.c
Number of warning types:
3 missing initializer for \`???'
1 unused parameter \`???'
More information about the Gcc-testresults
mailing list