Results for egcs-2.91.60 19981201 (egcs-1.1.1 release) testsuite oni586-pc-linux-gnu
David Rees
drees@spoke.nols.com
Wed Feb 17 14:25:00 GMT 1999
Native configuration is i586-pc-linux-gnu
=== libio tests ===
Running target unix
=== libio Summary ===
# of expected passes 40
=== libstdc++ tests ===
Running target unix
=== libstdc++ Summary ===
# of expected passes 30
=== gcc tests ===
Running target unix
FAIL: gcc.c-torture/execute/980526-1.c execution, -O2 -fomit-frame-pointer -finline-functions
FAIL: gcc.c-torture/execute/ieee/980619-1.c execution, -O1
FAIL: gcc.c-torture/execute/ieee/980619-1.c execution, -O2
FAIL: gcc.c-torture/execute/ieee/980619-1.c execution, -O2 -fomit-frame-pointer -finline-functions
FAIL: gcc.c-torture/execute/ieee/980619-1.c execution, -O2 -fomit-frame-pointer -finline-functions -funroll-loops
FAIL: gcc.c-torture/execute/ieee/980619-1.c execution, -O2 -fomit-frame-pointer -finline-functions -funroll-all-loops
FAIL: gcc.c-torture/execute/ieee/980619-1.c execution, -O2 -g
FAIL: gcc.c-torture/execute/ieee/980619-1.c execution, -Os
FAIL: gcc.dg/980626-1.c (test for excess errors)
FAIL: gcc.dg/clobbers.c execution test
=== gcc Summary ===
# of expected passes 7497
# of unexpected failures 10
# of expected failures 7
# of unsupported tests 11
/opt/drees/working/egcs/gcc/xgcc version egcs-2.91.60 19981201 (egcs-1.1.1 release)
=== g++ tests ===
Running target unix
FAIL: g++.law/arm13.C (test for excess errors)
FAIL: g++.law/virtual3.C (test for excess errors)
FAIL: g++.robertl/eb77.C Execution test
=== g++ Summary ===
# of expected passes 4217
# of unexpected failures 3
# of expected failures 87
# of untested testcases 7
/opt/drees/working/egcs/gcc/testsuite/../xgcc version egcs-2.91.60 19981201 (egcs-1.1.1 release)
=== g77 tests ===
Running target unix
=== g77 Summary ===
# of expected passes 415
Compiler version: egcs-2.91.60 19981201 (egcs-1.1.1 release)
Platform: i586-pc-linux-gnu
configure flags: --with-gcc-version-trigger=/home/drees/working/egcs-1.1.1/gcc/version.c --host=i586-pc-linux-gnu --prefix=/usr --norecursion
More information about the Gcc-testresults
mailing list