Results for egcs-2.91.61 19990216 (egcs-1.1.2 pre-release-1) testsuite on powerpc-redhat-linux-gnu
Franz Sirl
fsirl@kernel.crashing.org
Wed Feb 17 09:48:00 GMT 1999
Environment:
glibc-2.1
binutils-2.9.1.0.19a
Patches:
correct and enable ASM_OUTPUT_MI_THUNK (me)
enable Dwarf based EH (Andrew McLeod)
-fpic fix for PPC (Geoff Keating)
library versioning (H.J. Lu)
weak symbols in libgcc (H.J. Lu)
backported loop.c fix from mainline (get_max_uid()+1)
backported haifa-sched.c fix from mainline (add_dependence)
Native configuration is powerpc-redhat-linux-gnu
=== libio tests ===
Running target unix
=== libio Summary ===
# of expected passes 40
=== libstdc++ tests ===
Running target unix
=== libstdc++ Summary ===
# of expected passes 30
=== gcc tests ===
Running target unix
FAIL: gcc.c-torture/compile/980329-1.c, -O2 -fomit-frame-pointer -finline-functions -funroll-all-loops
FAIL: gcc.c-torture/execute/980506-2.c execution, -O2
FAIL: gcc.c-torture/execute/980506-2.c execution, -O2 -g
FAIL: gcc.c-torture/execute/980506-2.c execution, -Os
FAIL: gcc.c-torture/execute/980526-1.c execution, -O2 -fomit-frame-pointer -finline-functions
FAIL: gcc.c-torture/execute/980608-1.c execution, -O0
FAIL: gcc.c-torture/execute/980608-1.c execution, -O1
FAIL: gcc.c-torture/execute/980608-1.c execution, -O2
FAIL: gcc.c-torture/execute/980608-1.c execution, -O2 -g
FAIL: gcc.c-torture/execute/980608-1.c execution, -Os
FAIL: gcc.c-torture/execute/complex-5.c execution, -O2 -fomit-frame-pointer -finline-functions
FAIL: gcc.c-torture/special/920520-1.c, -O0 -S
FAIL: gcc.c-torture/special/920520-1.c, -O1 -S
FAIL: gcc.c-torture/special/920520-1.c, -O2 -S
FAIL: gcc.c-torture/special/920520-1.c, -O2 -fomit-frame-pointer -finline-functions -S
FAIL: gcc.c-torture/special/920520-1.c, -O2 -g -S
FAIL: gcc.c-torture/special/920520-1.c, -Os -S
FAIL: gcc.dg/980626-1.c (test for excess errors)
=== gcc Summary ===
# of expected passes 7482
# of unexpected failures 18
# of expected failures 7
# of unsupported tests 16
/usr/src/redhat/egcs/BUILD/obj-ppc-linux/gcc/xgcc version egcs-2.91.61 19990216 (egcs-1.1.2 pre-release-1)
=== g++ tests ===
Running target unix
FAIL: g++.law/arm13.C (test for excess errors)
FAIL: g++.robertl/eb101.C (test for excess errors)
XPASS: g++.robertl/eb132.C (test for excess errors)
=== g++ Summary ===
# of expected passes 4219
# of unexpected failures 2
# of unexpected successes 1
# of expected failures 85
# of untested testcases 7
/usr/src/redhat/egcs/BUILD/obj-ppc-linux/gcc/testsuite/../xgcc version egcs-2.91.61 19990216 (egcs-1.1.2 pre-release-1)
=== g77 tests ===
Running target unix
FAIL: g77.f-torture/compile/980310-7.f, -O0
FAIL: g77.f-torture/compile/980310-7.f, -O1
FAIL: g77.f-torture/compile/980310-7.f, -O2
FAIL: g77.f-torture/compile/980310-7.f, -O2 -fomit-frame-pointer -finline-functions
FAIL: g77.f-torture/compile/980310-7.f, -O2 -fomit-frame-pointer -finline-functions -funroll-loops
FAIL: g77.f-torture/compile/980310-7.f, -O2 -fomit-frame-pointer -finline-functions -funroll-all-loops
FAIL: g77.f-torture/compile/980310-7.f, -Os
=== g77 Summary ===
# of expected passes 408
# of unexpected failures 7
Compiler version: egcs-2.91.61 19990216 (egcs-1.1.2 pre-release-1)
Platform: powerpc-redhat-linux-gnu
configure flags: --with-gcc-version-trigger=/usr/src/redhat/egcs/BUILD/egcs-1.1.1/gcc/version.c --host=ppc-redhat-linux -v --prefix=/usr --enable-shared --enable-threads --norecursion
More information about the Gcc-testresults
mailing list