Results for egcs-2.91.61 19990216 (egcs-1.1.2 pre-release-1) testsuite on i386-unknown-freebsd2.2.6

Alexandre Oliva oliva@marker.cs.utah.edu
Wed Feb 17 00:54:00 GMT 1999


Native configuration is i386-unknown-freebsd2.2.6

		=== libio tests ===


Running target unix

		=== libio Summary ===

# of expected passes		40
		=== libstdc++ tests ===


Running target unix

		=== libstdc++ Summary ===

# of expected passes		30
		=== gcc tests ===


Running target unix
FAIL: gcc.c-torture/execute/980526-1.c execution,  -O2 -fomit-frame-pointer -finline-functions 
FAIL: gcc.c-torture/execute/ieee/980619-1.c execution,  -O1 
FAIL: gcc.c-torture/execute/ieee/980619-1.c execution,  -O2 
FAIL: gcc.c-torture/execute/ieee/980619-1.c execution,  -O2 -fomit-frame-pointer -finline-functions 
FAIL: gcc.c-torture/execute/ieee/980619-1.c execution,  -O2 -fomit-frame-pointer -finline-functions -funroll-loops 
FAIL: gcc.c-torture/execute/ieee/980619-1.c execution,  -O2 -fomit-frame-pointer -finline-functions -funroll-all-loops 
FAIL: gcc.c-torture/execute/ieee/980619-1.c execution,  -O2 -g 
FAIL: gcc.c-torture/execute/ieee/980619-1.c execution,  -Os 
FAIL: gcc.c-torture/execute/ieee/rbug.c execution,  -O0 
FAIL: gcc.c-torture/execute/ieee/rbug.c execution,  -O1 
FAIL: gcc.c-torture/execute/ieee/rbug.c execution,  -O2 
FAIL: gcc.c-torture/execute/ieee/rbug.c execution,  -O2 -g 
FAIL: gcc.c-torture/execute/ieee/rbug.c execution,  -Os 
FAIL: gcc.dg/980414-1.c (test for excess errors)
FAIL: gcc.dg/980626-1.c (test for excess errors)
FAIL: gcc.dg/clobbers.c execution test

		=== gcc Summary ===

# of expected passes		7490
# of unexpected failures	16
# of expected failures		7
# of unsupported tests		11
/q/oliva/build/egcs/gcc/xgcc version egcs-2.91.61 19990216 (egcs-1.1.2 pre-release-1)

		=== g++ tests ===


Running target unix
FAIL: g++.pt/static3.C (test for excess errors)
XPASS: g++.robertl/eb132.C (test for excess errors)

		=== g++ Summary ===

# of expected passes		4221
# of unexpected failures	1
# of unexpected successes	1
# of expected failures		84
# of untested testcases		7
/q/oliva/build/egcs/gcc/testsuite/../xgcc version egcs-2.91.61 19990216 (egcs-1.1.2 pre-release-1)

		=== g77 tests ===


Running target unix

		=== g77 Summary ===

# of expected passes		415

Compiler version: egcs-2.91.61 19990216 (egcs-1.1.2 pre-release-1)
 
Platform: i386-unknown-freebsd2.2.6
configure flags: --with-gcc-version-trigger=/q/oliva/src/egcs/gcc/version.c --host=i386-unknown-freebsd2.2.6 --enable-shared --with-ld=/usr/bin/ld --with-as=/usr/bin/as --norecursion




More information about the Gcc-testresults mailing list