Results for egcs-2.91.61 19990216 (egcs-1.1.2 pre-release-1) testsuite on i686-pc-sco3.2v5.0.5

Robert Lipe robertl@sco.com
Tue Feb 16 20:33:00 GMT 1999


This version has a lot going for it.  It doesn't have the dwarf bugs,
the linker problem, or a number of other things that have plagued the
snapshots from the trunk for months.  The most visible downside is that
it doesn't have the multilib g77 fixes.

This was a full three-stage with the native compiler.

Native configuration is i686-pc-sco3.2v5.0.5

		=== libio tests ===


Running target unix/-mcoff

		=== libio Summary for unix/-mcoff ===

# of expected passes		40

Running target unix/-fPIC

		=== libio Summary for unix/-fPIC ===

# of expected passes		40

Running target unix/-melf

		=== libio Summary for unix/-melf ===

# of expected passes		40

		=== libio Summary ===

# of expected passes		120
		=== libstdc++ tests ===


Running target unix/-mcoff

		=== libstdc++ Summary for unix/-mcoff ===

# of expected passes		30

Running target unix/-fPIC

		=== libstdc++ Summary for unix/-fPIC ===

# of expected passes		30

Running target unix/-melf

		=== libstdc++ Summary for unix/-melf ===

# of expected passes		30

		=== libstdc++ Summary ===

# of expected passes		90
		=== libg++ tests ===


Running target unix/-mcoff
FAIL: tBag.cc compilation
FAIL: tDeque.cc compilation
FAIL: tLList.cc compilation
FAIL: tList.cc compilation
FAIL: tMap.cc compilation
FAIL: tPQ.cc compilation
FAIL: tPlex.cc compilation
FAIL: tQueue.cc compilation
FAIL: tSet.cc compilation
FAIL: tStack.cc compilation
FAIL: tVec.cc compilation

		=== libg++ Summary for unix/-mcoff ===

# of expected passes		39
# of unexpected failures	11
# of expected failures		22

Running target unix/-fPIC

		=== libg++ Summary for unix/-fPIC ===

# of expected passes		72

Running target unix/-melf

		=== libg++ Summary for unix/-melf ===

# of expected passes		72

		=== libg++ Summary ===

# of expected passes		183
# of unexpected failures	11
# of expected failures		22
		=== gcc tests ===


Running target unix/-mcoff
FAIL: gcc.c-torture/execute/980526-1.c execution,  -O2 -fomit-frame-pointer -finline-functions 
FAIL: gcc.c-torture/execute/ieee/980619-1.c execution,  -O1 
FAIL: gcc.c-torture/execute/ieee/980619-1.c execution,  -O2 
FAIL: gcc.c-torture/execute/ieee/980619-1.c execution,  -O2 -fomit-frame-pointer -finline-functions 
FAIL: gcc.c-torture/execute/ieee/980619-1.c execution,  -O2 -fomit-frame-pointer -finline-functions -funroll-loops 
FAIL: gcc.c-torture/execute/ieee/980619-1.c execution,  -O2 -fomit-frame-pointer -finline-functions -funroll-all-loops 
FAIL: gcc.c-torture/execute/ieee/980619-1.c execution,  -O2 -g 
FAIL: gcc.c-torture/execute/ieee/980619-1.c execution,  -Os 
FAIL: gcc.dg/980626-1.c (test for excess errors)
FAIL: gcc.dg/clobbers.c execution test

		=== gcc Summary for unix/-mcoff ===

# of expected passes		7497
# of unexpected failures	10
# of expected failures		7
# of unsupported tests		11

Running target unix/-fPIC
FAIL: gcc.c-torture/execute/980526-1.c execution,  -O2 -fomit-frame-pointer -finline-functions 
FAIL: gcc.c-torture/execute/ieee/980619-1.c execution,  -O1 
FAIL: gcc.c-torture/execute/ieee/980619-1.c execution,  -O2 
FAIL: gcc.c-torture/execute/ieee/980619-1.c execution,  -O2 -fomit-frame-pointer -finline-functions 
FAIL: gcc.c-torture/execute/ieee/980619-1.c execution,  -O2 -fomit-frame-pointer -finline-functions -funroll-loops 
FAIL: gcc.c-torture/execute/ieee/980619-1.c execution,  -O2 -fomit-frame-pointer -finline-functions -funroll-all-loops 
FAIL: gcc.c-torture/execute/ieee/980619-1.c execution,  -O2 -g 
FAIL: gcc.c-torture/execute/ieee/980619-1.c execution,  -Os 
FAIL: gcc.dg/980626-1.c (test for excess errors)
FAIL: gcc.dg/clobbers.c execution test

		=== gcc Summary for unix/-fPIC ===

# of expected passes		7497
# of unexpected failures	10
# of expected failures		7
# of unsupported tests		11

Running target unix/-melf
FAIL: gcc.c-torture/execute/980526-1.c execution,  -O2 -fomit-frame-pointer -finline-functions 
FAIL: gcc.c-torture/execute/ieee/980619-1.c execution,  -O1 
FAIL: gcc.c-torture/execute/ieee/980619-1.c execution,  -O2 
FAIL: gcc.c-torture/execute/ieee/980619-1.c execution,  -O2 -fomit-frame-pointer -finline-functions 
FAIL: gcc.c-torture/execute/ieee/980619-1.c execution,  -O2 -fomit-frame-pointer -finline-functions -funroll-loops 
FAIL: gcc.c-torture/execute/ieee/980619-1.c execution,  -O2 -fomit-frame-pointer -finline-functions -funroll-all-loops 
FAIL: gcc.c-torture/execute/ieee/980619-1.c execution,  -O2 -g 
FAIL: gcc.c-torture/execute/ieee/980619-1.c execution,  -Os 
FAIL: gcc.dg/980626-1.c (test for excess errors)
FAIL: gcc.dg/clobbers.c execution test

		=== gcc Summary for unix/-melf ===

# of expected passes		7497
# of unexpected failures	10
# of expected failures		7
# of unsupported tests		11

		=== gcc Summary ===

# of expected passes		22491
# of unexpected failures	30
# of expected failures		21
# of unsupported tests		33
/play/egcs-release/negcs/gcc/xgcc version egcs-2.91.61 19990216 (egcs-1.1.2 pre-release-1)

		=== g++ tests ===


Running target unix/-mcoff
FAIL: g++.law/profile1.C (test for excess errors)
FAIL: g++.mike/init1.C  Execution test
FAIL: g++.mike/p2736.C  Execution test
FAIL: g++.pt/static3.C (test for excess errors)
XPASS: g++.robertl/eb132.C (test for excess errors)
FAIL: g++.robertl/eb91.C (test for excess errors)

		=== g++ Summary for unix/-mcoff ===

# of expected passes		4214
# of unexpected failures	5
# of unexpected successes	1
# of expected failures		87
# of untested testcases		7
# of unsupported tests		4

Running target unix/-fPIC
FAIL: g++.law/profile1.C (test for excess errors)
FAIL: g++.pt/static3.C (test for excess errors)
FAIL: g++.robertl/eb91.C (test for excess errors)

		=== g++ Summary for unix/-fPIC ===

# of expected passes		4217
# of unexpected failures	3
# of expected failures		87
# of untested testcases		7

Running target unix/-melf
FAIL: g++.law/profile1.C (test for excess errors)
FAIL: g++.pt/static3.C (test for excess errors)
FAIL: g++.robertl/eb91.C (test for excess errors)

		=== g++ Summary for unix/-melf ===

# of expected passes		4217
# of unexpected failures	3
# of expected failures		87
# of untested testcases		7

		=== g++ Summary ===

# of expected passes		12648
# of unexpected failures	11
# of unexpected successes	1
# of expected failures		261
# of untested testcases		21
# of unsupported tests		4
/play/egcs-release/negcs/gcc/testsuite/../xgcc version egcs-2.91.61 19990216 (egcs-1.1.2 pre-release-1)

		=== g77 tests ===


Running target unix/-mcoff
FAIL: g77.f-torture/execute/970816-3.f compilation,  -O0 
FAIL: g77.f-torture/execute/970816-3.f compilation,  -O1 
FAIL: g77.f-torture/execute/970816-3.f compilation,  -O2 
FAIL: g77.f-torture/execute/970816-3.f compilation,  -O2 -fomit-frame-pointer -finline-functions 
FAIL: g77.f-torture/execute/970816-3.f compilation,  -Os 
FAIL: g77.f-torture/execute/971102-1.f compilation,  -O0 
FAIL: g77.f-torture/execute/971102-1.f compilation,  -O1 
FAIL: g77.f-torture/execute/971102-1.f compilation,  -O2 
FAIL: g77.f-torture/execute/971102-1.f compilation,  -O2 -fomit-frame-pointer -finline-functions 
FAIL: g77.f-torture/execute/971102-1.f compilation,  -O2 -fomit-frame-pointer -finline-functions -funroll-loops 
FAIL: g77.f-torture/execute/971102-1.f compilation,  -O2 -fomit-frame-pointer -finline-functions -funroll-all-loops 
FAIL: g77.f-torture/execute/971102-1.f compilation,  -Os 
FAIL: g77.f-torture/execute/980520-1.f compilation,  -O0 
FAIL: g77.f-torture/execute/980520-1.f compilation,  -O1 
FAIL: g77.f-torture/execute/980520-1.f compilation,  -O2 
FAIL: g77.f-torture/execute/980520-1.f compilation,  -O2 -fomit-frame-pointer -finline-functions 
FAIL: g77.f-torture/execute/980520-1.f compilation,  -Os 
FAIL: g77.f-torture/execute/980628-0.f compilation,  -O0 
FAIL: g77.f-torture/execute/980628-0.f compilation,  -O1 
FAIL: g77.f-torture/execute/980628-0.f compilation,  -O2 
FAIL: g77.f-torture/execute/980628-0.f compilation,  -O2 -fomit-frame-pointer -finline-functions 
FAIL: g77.f-torture/execute/980628-0.f compilation,  -Os 
FAIL: g77.f-torture/execute/980628-1.f compilation,  -O0 
FAIL: g77.f-torture/execute/980628-1.f compilation,  -O1 
FAIL: g77.f-torture/execute/980628-1.f compilation,  -O2 
FAIL: g77.f-torture/execute/980628-1.f compilation,  -O2 -fomit-frame-pointer -finline-functions 
FAIL: g77.f-torture/execute/980628-1.f compilation,  -Os 
FAIL: g77.f-torture/execute/980628-10.f compilation,  -O0 
FAIL: g77.f-torture/execute/980628-10.f compilation,  -O1 
FAIL: g77.f-torture/execute/980628-10.f compilation,  -O2 
FAIL: g77.f-torture/execute/980628-10.f compilation,  -O2 -fomit-frame-pointer -finline-functions 
FAIL: g77.f-torture/execute/980628-10.f compilation,  -Os 
FAIL: g77.f-torture/execute/980628-2.f compilation,  -O0 
FAIL: g77.f-torture/execute/980628-2.f compilation,  -O1 
FAIL: g77.f-torture/execute/980628-2.f compilation,  -O2 
FAIL: g77.f-torture/execute/980628-2.f compilation,  -O2 -fomit-frame-pointer -finline-functions 
FAIL: g77.f-torture/execute/980628-2.f compilation,  -Os 
FAIL: g77.f-torture/execute/980628-3.f compilation,  -O0 
FAIL: g77.f-torture/execute/980628-3.f compilation,  -O1 
FAIL: g77.f-torture/execute/980628-3.f compilation,  -O2 
FAIL: g77.f-torture/execute/980628-3.f compilation,  -O2 -fomit-frame-pointer -finline-functions 
FAIL: g77.f-torture/execute/980628-3.f compilation,  -Os 
FAIL: g77.f-torture/execute/980628-4.f compilation,  -O0 
FAIL: g77.f-torture/execute/980628-4.f compilation,  -O1 
FAIL: g77.f-torture/execute/980628-4.f compilation,  -O2 
FAIL: g77.f-torture/execute/980628-4.f compilation,  -O2 -fomit-frame-pointer -finline-functions 
FAIL: g77.f-torture/execute/980628-4.f compilation,  -Os 
FAIL: g77.f-torture/execute/980628-5.f compilation,  -O0 
FAIL: g77.f-torture/execute/980628-5.f compilation,  -O1 
FAIL: g77.f-torture/execute/980628-5.f compilation,  -O2 
FAIL: g77.f-torture/execute/980628-5.f compilation,  -O2 -fomit-frame-pointer -finline-functions 
FAIL: g77.f-torture/execute/980628-5.f compilation,  -Os 
FAIL: g77.f-torture/execute/980628-6.f compilation,  -O0 
FAIL: g77.f-torture/execute/980628-6.f compilation,  -O1 
FAIL: g77.f-torture/execute/980628-6.f compilation,  -O2 
FAIL: g77.f-torture/execute/980628-6.f compilation,  -O2 -fomit-frame-pointer -finline-functions 
FAIL: g77.f-torture/execute/980628-6.f compilation,  -Os 
FAIL: g77.f-torture/execute/980628-7.f compilation,  -O0 
FAIL: g77.f-torture/execute/980628-7.f compilation,  -O1 
FAIL: g77.f-torture/execute/980628-7.f compilation,  -O2 
FAIL: g77.f-torture/execute/980628-7.f compilation,  -O2 -fomit-frame-pointer -finline-functions 
FAIL: g77.f-torture/execute/980628-7.f compilation,  -Os 
FAIL: g77.f-torture/execute/980628-8.f compilation,  -O0 
FAIL: g77.f-torture/execute/980628-8.f compilation,  -O1 
FAIL: g77.f-torture/execute/980628-8.f compilation,  -O2 
FAIL: g77.f-torture/execute/980628-8.f compilation,  -O2 -fomit-frame-pointer -finline-functions 
FAIL: g77.f-torture/execute/980628-8.f compilation,  -Os 
FAIL: g77.f-torture/execute/980628-9.f compilation,  -O0 
FAIL: g77.f-torture/execute/980628-9.f compilation,  -O1 
FAIL: g77.f-torture/execute/980628-9.f compilation,  -O2 
FAIL: g77.f-torture/execute/980628-9.f compilation,  -O2 -fomit-frame-pointer -finline-functions 
FAIL: g77.f-torture/execute/980628-9.f compilation,  -Os 
FAIL: g77.f-torture/execute/980701-0.f compilation,  -O0 
FAIL: g77.f-torture/execute/980701-0.f compilation,  -O1 
FAIL: g77.f-torture/execute/980701-0.f compilation,  -O2 
FAIL: g77.f-torture/execute/980701-0.f compilation,  -O2 -fomit-frame-pointer -finline-functions 
FAIL: g77.f-torture/execute/980701-0.f compilation,  -Os 
FAIL: g77.f-torture/execute/980701-1.f compilation,  -O0 
FAIL: g77.f-torture/execute/980701-1.f compilation,  -O1 
FAIL: g77.f-torture/execute/980701-1.f compilation,  -O2 
FAIL: g77.f-torture/execute/980701-1.f compilation,  -O2 -fomit-frame-pointer -finline-functions 
FAIL: g77.f-torture/execute/980701-1.f compilation,  -Os 
FAIL: g77.f-torture/execute/alpha2.f compilation,  -O0 
FAIL: g77.f-torture/execute/alpha2.f compilation,  -O1 
FAIL: g77.f-torture/execute/alpha2.f compilation,  -O2 
FAIL: g77.f-torture/execute/alpha2.f compilation,  -O2 -fomit-frame-pointer -finline-functions 
FAIL: g77.f-torture/execute/alpha2.f compilation,  -Os 
FAIL: g77.f-torture/execute/auto0.f compilation,  -O0 
FAIL: g77.f-torture/execute/auto0.f compilation,  -O1 
FAIL: g77.f-torture/execute/auto0.f compilation,  -O2 
FAIL: g77.f-torture/execute/auto0.f compilation,  -O2 -fomit-frame-pointer -finline-functions 
FAIL: g77.f-torture/execute/auto0.f compilation,  -O2 -fomit-frame-pointer -finline-functions -funroll-loops 
FAIL: g77.f-torture/execute/auto0.f compilation,  -O2 -fomit-frame-pointer -finline-functions -funroll-all-loops 
FAIL: g77.f-torture/execute/auto0.f compilation,  -Os 
FAIL: g77.f-torture/execute/auto1.f compilation,  -O0 
FAIL: g77.f-torture/execute/auto1.f compilation,  -O1 
FAIL: g77.f-torture/execute/auto1.f compilation,  -O2 
FAIL: g77.f-torture/execute/auto1.f compilation,  -O2 -fomit-frame-pointer -finline-functions 
FAIL: g77.f-torture/execute/auto1.f compilation,  -O2 -fomit-frame-pointer -finline-functions -funroll-loops 
FAIL: g77.f-torture/execute/auto1.f compilation,  -O2 -fomit-frame-pointer -finline-functions -funroll-all-loops 
FAIL: g77.f-torture/execute/auto1.f compilation,  -Os 
FAIL: g77.f-torture/execute/cabs.f compilation,  -O0 
FAIL: g77.f-torture/execute/cabs.f compilation,  -O1 
FAIL: g77.f-torture/execute/cabs.f compilation,  -O2 
FAIL: g77.f-torture/execute/cabs.f compilation,  -O2 -fomit-frame-pointer -finline-functions 
FAIL: g77.f-torture/execute/cabs.f compilation,  -Os 
FAIL: g77.f-torture/execute/claus.f compilation,  -O0 
FAIL: g77.f-torture/execute/claus.f compilation,  -O1 
FAIL: g77.f-torture/execute/claus.f compilation,  -O2 
FAIL: g77.f-torture/execute/claus.f compilation,  -O2 -fomit-frame-pointer -finline-functions 
FAIL: g77.f-torture/execute/claus.f compilation,  -O2 -fomit-frame-pointer -finline-functions -funroll-loops 
FAIL: g77.f-torture/execute/claus.f compilation,  -O2 -fomit-frame-pointer -finline-functions -funroll-all-loops 
FAIL: g77.f-torture/execute/claus.f compilation,  -Os 
FAIL: g77.f-torture/execute/complex_1.f compilation,  -O0 
FAIL: g77.f-torture/execute/complex_1.f compilation,  -O1 
FAIL: g77.f-torture/execute/complex_1.f compilation,  -O2 
FAIL: g77.f-torture/execute/complex_1.f compilation,  -O2 -fomit-frame-pointer -finline-functions 
FAIL: g77.f-torture/execute/complex_1.f compilation,  -Os 
FAIL: g77.f-torture/execute/dcomplex.f compilation,  -O0 
FAIL: g77.f-torture/execute/dcomplex.f compilation,  -O1 
FAIL: g77.f-torture/execute/dcomplex.f compilation,  -O2 
FAIL: g77.f-torture/execute/dcomplex.f compilation,  -O2 -fomit-frame-pointer -finline-functions 
FAIL: g77.f-torture/execute/dcomplex.f compilation,  -Os 
FAIL: g77.f-torture/execute/dnrm2.f compilation,  -O0 
FAIL: g77.f-torture/execute/dnrm2.f compilation,  -O1 
FAIL: g77.f-torture/execute/dnrm2.f compilation,  -O2 
FAIL: g77.f-torture/execute/dnrm2.f compilation,  -O2 -fomit-frame-pointer -finline-functions 
FAIL: g77.f-torture/execute/dnrm2.f compilation,  -O2 -fomit-frame-pointer -finline-functions -funroll-loops 
FAIL: g77.f-torture/execute/dnrm2.f compilation,  -O2 -fomit-frame-pointer -finline-functions -funroll-all-loops 
FAIL: g77.f-torture/execute/dnrm2.f compilation,  -Os 
FAIL: g77.f-torture/execute/erfc.f compilation,  -O0 
FAIL: g77.f-torture/execute/erfc.f compilation,  -O1 
FAIL: g77.f-torture/execute/erfc.f compilation,  -O2 
FAIL: g77.f-torture/execute/erfc.f compilation,  -O2 -fomit-frame-pointer -finline-functions 
FAIL: g77.f-torture/execute/erfc.f compilation,  -Os 
FAIL: g77.f-torture/execute/exp.f compilation,  -O0 
FAIL: g77.f-torture/execute/exp.f compilation,  -O1 
FAIL: g77.f-torture/execute/exp.f compilation,  -O2 
FAIL: g77.f-torture/execute/exp.f compilation,  -O2 -fomit-frame-pointer -finline-functions 
FAIL: g77.f-torture/execute/exp.f compilation,  -Os 
FAIL: g77.f-torture/execute/io0.f compilation,  -O0 
FAIL: g77.f-torture/execute/io0.f compilation,  -O1 
FAIL: g77.f-torture/execute/io0.f compilation,  -O2 
FAIL: g77.f-torture/execute/io0.f compilation,  -O2 -fomit-frame-pointer -finline-functions 
FAIL: g77.f-torture/execute/io0.f compilation,  -Os 
FAIL: g77.f-torture/execute/large_vec.f compilation,  -O0 
FAIL: g77.f-torture/execute/large_vec.f compilation,  -O1 
FAIL: g77.f-torture/execute/large_vec.f compilation,  -O2 
FAIL: g77.f-torture/execute/large_vec.f compilation,  -O2 -fomit-frame-pointer -finline-functions 
FAIL: g77.f-torture/execute/large_vec.f compilation,  -Os 
FAIL: g77.f-torture/execute/le.f compilation,  -O0 
FAIL: g77.f-torture/execute/le.f compilation,  -O1 
FAIL: g77.f-torture/execute/le.f compilation,  -O2 
FAIL: g77.f-torture/execute/le.f compilation,  -O2 -fomit-frame-pointer -finline-functions 
FAIL: g77.f-torture/execute/le.f compilation,  -Os 
FAIL: g77.f-torture/execute/short.f compilation,  -O0 
FAIL: g77.f-torture/execute/short.f compilation,  -O1 
FAIL: g77.f-torture/execute/short.f compilation,  -O2 
FAIL: g77.f-torture/execute/short.f compilation,  -O2 -fomit-frame-pointer -finline-functions 
FAIL: g77.f-torture/execute/short.f compilation,  -O2 -fomit-frame-pointer -finline-functions -funroll-loops 
FAIL: g77.f-torture/execute/short.f compilation,  -O2 -fomit-frame-pointer -finline-functions -funroll-all-loops 
FAIL: g77.f-torture/execute/short.f compilation,  -Os 
FAIL: g77.f-torture/execute/cpp.F compilation,  -O0 
FAIL: g77.f-torture/execute/cpp.F compilation,  -O1 
FAIL: g77.f-torture/execute/cpp.F compilation,  -O2 
FAIL: g77.f-torture/execute/cpp.F compilation,  -O2 -fomit-frame-pointer -finline-functions 
FAIL: g77.f-torture/execute/cpp.F compilation,  -Os 

		=== g77 Summary for unix/-mcoff ===

# of expected passes		81
# of unexpected failures	167
# of untested testcases		167

Running target unix/-fPIC

		=== g77 Summary for unix/-fPIC ===

# of expected passes		415

Running target unix/-melf

		=== g77 Summary for unix/-melf ===

# of expected passes		415

		=== g77 Summary ===

# of expected passes		911
# of unexpected failures	167
# of untested testcases		167

Compiler version: egcs-2.91.61 19990216 (egcs-1.1.2 pre-release-1) 
Platform: i686-pc-sco3.2v5.0.5
configure flags: --with-gcc-version-trigger=/play/egcs-release/egcs/gcc/version.c --host=i686-pc-sco3.2v5.0.5 --norecursion


More information about the Gcc-testresults mailing list