Results for haifa-enabled egcs-2.93.08 19990214 (gcc2 ss-980929 experimental) testsuite on i586-pc-linux-gnu

Nix nix-egcs@esperi.demon.co.uk
Tue Feb 16 10:54:00 GMT 1999


Sources:	 - egcs mainline from CVS last updated at Mon Feb 15 19:26:23 1999; official snapshot tagged as egcs_ss_19990214
                 - libg++-2.8.1.2a-19981217
Patches:         None.
Environment:     - GNU binutils 2.9.1.0.19a
                 - autoconf-990109-mainline
                 - automake-990115-mainline
                 - dejagnu-980528
                 - gperf-2.7 with gperf-2.7-19981006 patch for -F
                 - Linux kernel 2.2.1 (compiled by egcs-2.91.60)
                 - glibc 2.1.0 (compiled by egcs-2.91.60)

Remarks:         I've been out of touch for a while owing to hardware
                 problems. I rebuilt last week's snapshot a couple of
                 days ago and that is what these results are compared
                 against.


configure flags: --with-gnu-ld --with-gnu-as --prefix=/usr/packages.bin/egcs/haifashot --enable-shared --enable-haifa
BOOT_CC:         egcs-2.91.60
BOOT_CFLAGS:     
CFLAGS:          
CXXFLAGS:        

Changes in testsuite results for g++ since the last successful snapshot build (on Sat Feb 13 05:36:10 1999):

Tests that now fail, but worked before:

g++.pt/expr3.C (test for excess errors)

Tests that now work, but didn't before:

g++.pt/explicit73.C (test for excess errors)

New tests that PASS:

g++.pt/deduct1.C (test for excess errors)
g++.pt/explicit73.C referenced below (test for errors, line 10)

Changes in testsuite results for g77 since the last successful snapshot build (on Sat Feb 13 05:36:10 1999):



Changes in testsuite results for gcc since the last successful snapshot build (on Sat Feb 13 05:36:10 1999):

Tests that now fail, but worked before:

gcc.c-torture/execute/950621-1.c compilation,  -Os 
gcc.c-torture/execute/950628-1.c compilation,  -O0 
gcc.c-torture/execute/950628-1.c compilation,  -O1 
gcc.c-torture/execute/950628-1.c compilation,  -O2 
gcc.c-torture/execute/loop-2b.c execution,  -O2 
gcc.c-torture/execute/loop-2b.c execution,  -O2 -fomit-frame-pointer -finline-functions 
gcc.c-torture/execute/loop-2b.c execution,  -O2 -fomit-frame-pointer -finline-functions -funroll-all-loops 
gcc.c-torture/execute/loop-2b.c execution,  -O2 -fomit-frame-pointer -finline-functions -funroll-loops 
gcc.c-torture/execute/loop-2b.c execution,  -O2 -g 

Tests that now work, but didn't before:

gcc.c-torture/execute/loop-2f.c execution,  -O2 
gcc.c-torture/execute/loop-2f.c execution,  -O2 -fomit-frame-pointer -finline-functions 
gcc.c-torture/execute/loop-2f.c execution,  -O2 -fomit-frame-pointer -finline-functions -funroll-all-loops 
gcc.c-torture/execute/loop-2f.c execution,  -O2 -fomit-frame-pointer -finline-functions -funroll-loops 
gcc.c-torture/execute/loop-2f.c execution,  -O2 -g 
gcc.c-torture/execute/loop-2f.c execution,  -Os 
gcc.c-torture/execute/loop-2g.c execution,  -O2 
gcc.c-torture/execute/loop-2g.c execution,  -O2 -fomit-frame-pointer -finline-functions 
gcc.c-torture/execute/loop-2g.c execution,  -O2 -fomit-frame-pointer -finline-functions -funroll-all-loops 
gcc.c-torture/execute/loop-2g.c execution,  -O2 -fomit-frame-pointer -finline-functions -funroll-loops 
gcc.c-torture/execute/loop-2g.c execution,  -O2 -g 
gcc.c-torture/execute/loop-2g.c execution,  -Os 

New tests that FAIL:

gcc.dg/990213-2.c (test for excess errors)
gcc.dg/990214-1.c (test for excess errors)
gcc.dg/special/weak-1.c execution test

New tests that PASS:

gcc.c-torture/execute/990208-1.c compilation,  -O0 
gcc.c-torture/execute/990208-1.c compilation,  -O1 
gcc.c-torture/execute/990208-1.c compilation,  -O2 
gcc.c-torture/execute/990208-1.c compilation,  -O2 -fomit-frame-pointer -finline-functions 
gcc.c-torture/execute/990208-1.c compilation,  -O2 -g 
gcc.c-torture/execute/990208-1.c compilation,  -Os 
gcc.c-torture/execute/990208-1.c execution,  -O0 
gcc.c-torture/execute/990208-1.c execution,  -O1 
gcc.c-torture/execute/990208-1.c execution,  -O2 
gcc.c-torture/execute/990208-1.c execution,  -O2 -fomit-frame-pointer -finline-functions 
gcc.c-torture/execute/990208-1.c execution,  -O2 -g 
gcc.c-torture/execute/990208-1.c execution,  -Os 
gcc.c-torture/execute/990211-1.c compilation,  -O0 
gcc.c-torture/execute/990211-1.c compilation,  -O1 
gcc.c-torture/execute/990211-1.c compilation,  -O2 
gcc.c-torture/execute/990211-1.c compilation,  -O2 -fomit-frame-pointer -finline-functions 
gcc.c-torture/execute/990211-1.c compilation,  -O2 -g 
gcc.c-torture/execute/990211-1.c compilation,  -Os 
gcc.c-torture/execute/990211-1.c execution,  -O0 
gcc.c-torture/execute/990211-1.c execution,  -O1 
gcc.c-torture/execute/990211-1.c execution,  -O2 
gcc.c-torture/execute/990211-1.c execution,  -O2 -fomit-frame-pointer -finline-functions 
gcc.c-torture/execute/990211-1.c execution,  -O2 -g 
gcc.c-torture/execute/990211-1.c execution,  -Os 
gcc.dg/990213-1.c (test for excess errors)
gcc.dg/special/alias-1.c (test for excess errors)
gcc.dg/special/weak-1.c (test for excess errors)
gcc.dg/special/weak-2.c (test for excess errors)
gcc.dg/special/weak-2.c execution test
gcc.dg/special/wkali-1.c (test for excess errors)
gcc.dg/special/wkali-2.c (test for excess errors)
gcc.dg/special/wkali-2.c execution test

Old tests that passed, that have disappeared: (Eeek!)

gcc.c-torture/execute/950621-1.c execution,  -Os 
gcc.c-torture/execute/950628-1.c execution,  -O0 
gcc.c-torture/execute/950628-1.c execution,  -O1 
gcc.c-torture/execute/950628-1.c execution,  -O2 

Changes in testsuite results for libg++ since the last successful snapshot build (on Sat Feb 13 05:36:10 1999):



Changes in testsuite results for libio since the last successful snapshot build (on Sat Feb 13 05:36:10 1999):



Changes in testsuite results for libstdc++ since the last successful snapshot build (on Sat Feb 13 05:36:10 1999):



Changes in testsuite results for objc since the last successful snapshot build (on Sat Feb 13 05:36:10 1999):



Changes in stage 3 warnings since the last successful snapshot build (on Sat Feb 13 05:36:14 1999):
2c2
< there are 461 warnings in stage3 of this bootstrap.
---
> there are 486 warnings in stage3 of this bootstrap.
22d21
<       8	../../egcs/gcc/loop.c
27a27
>       7	pexecute.c
29a30
>       7	../../../egcs/gcc/java/parse.h
31a33,34
>       6	../../egcs/gcc/loop.c
>       6	../../egcs/gcc/collect2.c
34d36
<       5	../../egcs/gcc/collect2.c
36a39
>       4	../../egcs/gcc/system.h
37a41
>       4	../../egcs/gcc/intl.h
38a43
>       4	../../../egcs/gcc/java/../tree.h
53d57
<       3	../../../egcs/gcc/java/parse.h
64a69,70
>       1	cplus-dem.c
>       1	choose-temp.c
68a75
>       1	../../egcs/gcc/reorg.c
98,100c105,107
<     126	`???' might be used uninitialized in this function
<      78	implicit declaration of function `???'
<      69	unused parameter `???'
---
>     128	`???' might be used uninitialized in this function
>      79	implicit declaration of function `???'
>      72	unused parameter `???'
102c109
<      29	variable `???' might be clobbered by `longjmp' or `vfork'
---
>      33	variable `???' might be clobbered by `longjmp' or `vfork'
104c111
<      21	unused variable `???'
---
>      20	unused variable `???'
107a115
>       8	this is the location of the previous definition
108a117
>       8	`???' redefined
111c120
<       4	`???' defined but not used
---
>       3	`???' defined but not used
117a127
>       1	`???' within comment

Changes in stage 3 no-subdir warnings since the last successful snapshot build (on Sat Feb 13 05:36:16 1999):
2c2
< there are 293 warnings in stage3 of this bootstrap.
---
> there are 310 warnings in stage3 of this bootstrap.
14d13
<       8	../../egcs/gcc/loop.c
17a17
>       7	pexecute.c
21a22,23
>       6	../../egcs/gcc/loop.c
>       6	../../egcs/gcc/collect2.c
23d24
<       5	../../egcs/gcc/collect2.c
24a26
>       4	../../egcs/gcc/system.h
25a28
>       4	../../egcs/gcc/intl.h
50a54,55
>       1	cplus-dem.c
>       1	choose-temp.c
53a59
>       1	../../egcs/gcc/reorg.c
67,68c73,74
<     103	`???' might be used uninitialized in this function
<      47	unused parameter `???'
---
>     105	`???' might be used uninitialized in this function
>      50	unused parameter `???'
70c76
<      25	implicit declaration of function `???'
---
>      26	implicit declaration of function `???'
74c80
<      11	variable `???' might be clobbered by `longjmp' or `vfork'
---
>      15	variable `???' might be clobbered by `longjmp' or `vfork'
77,78c83,85
<       4	unused variable `???'
<       3	`???' defined but not used
---
>       4	this is the location of the previous definition
>       4	`???' redefined
>       3	unused variable `???'
79a87
>       2	`???' defined but not used
81a90
>       1	`???' within comment

Changes in stage 0 warnings since the last successful snapshot build (on Sat Feb 13 05:36:15 1999):


Native configuration is i586-pc-linux-gnu

		=== libio tests ===


Running target unix

		=== libio Summary ===

# of expected passes		40
		=== libstdc++ tests ===


Running target unix

		=== libstdc++ Summary ===

# of expected passes		30
		=== libg++ tests ===


Running target unix

		=== libg++ Summary ===

# of expected passes		72
		=== gcc tests ===


Running target unix
FAIL: gcc.c-torture/execute/930603-1.c execution,  -O0 
FAIL: gcc.c-torture/execute/930603-1.c execution,  -O1 
FAIL: gcc.c-torture/execute/930603-1.c execution,  -O2 
FAIL: gcc.c-torture/execute/930603-1.c execution,  -O2 -g 
FAIL: gcc.c-torture/execute/930603-1.c execution,  -Os 
FAIL: gcc.c-torture/execute/950621-1.c compilation,  -Os 
FAIL: gcc.c-torture/execute/950628-1.c compilation,  -O0 
FAIL: gcc.c-torture/execute/950628-1.c compilation,  -O1 
FAIL: gcc.c-torture/execute/950628-1.c compilation,  -O2 
FAIL: gcc.c-torture/execute/990119-1.c execution,  -O0 
FAIL: gcc.c-torture/execute/990119-1.c execution,  -O1 
FAIL: gcc.c-torture/execute/990119-1.c execution,  -O2 
FAIL: gcc.c-torture/execute/990119-1.c execution,  -O2 -fomit-frame-pointer -finline-functions 
FAIL: gcc.c-torture/execute/990119-1.c execution,  -O2 -g 
FAIL: gcc.c-torture/execute/990119-1.c execution,  -Os 
FAIL: gcc.c-torture/execute/990130-1.c compilation,  -O0 
FAIL: gcc.c-torture/execute/990130-1.c compilation,  -O1 
FAIL: gcc.c-torture/execute/990130-1.c compilation,  -O2 
FAIL: gcc.c-torture/execute/990130-1.c compilation,  -O2 -fomit-frame-pointer -finline-functions 
FAIL: gcc.c-torture/execute/990130-1.c compilation,  -O2 -g 
FAIL: gcc.c-torture/execute/990130-1.c compilation,  -Os 
FAIL: gcc.c-torture/execute/loop-2b.c execution,  -O2 
FAIL: gcc.c-torture/execute/loop-2b.c execution,  -O2 -fomit-frame-pointer -finline-functions 
FAIL: gcc.c-torture/execute/loop-2b.c execution,  -O2 -fomit-frame-pointer -finline-functions -funroll-loops 
FAIL: gcc.c-torture/execute/loop-2b.c execution,  -O2 -fomit-frame-pointer -finline-functions -funroll-all-loops 
FAIL: gcc.c-torture/execute/loop-2b.c execution,  -O2 -g 
FAIL: gcc.c-torture/execute/ieee/980619-1.c execution,  -O1 
FAIL: gcc.c-torture/execute/ieee/980619-1.c execution,  -O2 
FAIL: gcc.c-torture/execute/ieee/980619-1.c execution,  -O2 -fomit-frame-pointer -finline-functions 
FAIL: gcc.c-torture/execute/ieee/980619-1.c execution,  -O2 -fomit-frame-pointer -finline-functions -funroll-loops 
FAIL: gcc.c-torture/execute/ieee/980619-1.c execution,  -O2 -fomit-frame-pointer -finline-functions -funroll-all-loops 
FAIL: gcc.c-torture/execute/ieee/980619-1.c execution,  -O2 -g 
FAIL: gcc.c-torture/execute/ieee/980619-1.c execution,  -Os 
FAIL: gcc.c-torture/noncompile/951227-1.c
FAIL: gcc.c-torture/special/981006-1.c  (test for bogus messages, line 11)
FAIL: gcc.c-torture/special/981006-1.c  (test for bogus messages, line 12)
FAIL: gcc.dg/990213-2.c (test for excess errors)
FAIL: gcc.dg/990214-1.c (test for excess errors)
FAIL: gcc.dg/cpp-if1.c invalid number (test for errors, line 12)
FAIL: gcc.dg/cpp-if1.c invalid number (test for errors, line 15)
FAIL: gcc.dg/cpp-if1.c invalid number (test for errors, line 18)
FAIL: gcc.dg/cpp-if1.c floating point in #if (test for errors, line 21)
FAIL: gcc.dg/cpp-if1.c too many suffixes (test for errors, line 24)
FAIL: gcc.dg/cpp-if1.c too many suffixes (test for errors, line 27)
FAIL: gcc.dg/cpp-if1.c (test for excess errors)
FAIL: gcc.dg/special/weak-1.c execution test
FAIL: gcc.misc-tests/m-un-2.c warning regression (test for warnings, line 18)
FAIL: gcc.misc-tests/m-un-2.c warning regression (test for warnings, line 23)
FAIL: gcc.misc-tests/m-un-2.c (test for excess errors)

		=== gcc Summary ===

# of expected passes		7956
# of unexpected failures	49
# of expected failures		19
# of unresolved testcases	10
# of unsupported tests		13
/usr/.egcs-snapshot/i586-pc-linux-gnu-haifa/gcc/xgcc version egcs-2.93.08 19990214 (gcc2 ss-980929 experimental)

		=== g++ tests ===


Running target unix
FAIL: g++.dg/special/conpr-1.C execution test
FAIL: g++.dg/special/conpr-2.C execution test
FAIL: g++.dg/special/conpr-3.C execution test
FAIL: g++.dg/special/conpr-3.C execution test
FAIL: g++.pt/expr3.C (test for excess errors)

		=== g++ Summary ===

# of expected passes		4848
# of unexpected failures	5
# of expected failures		89
# of untested testcases		7
/usr/.egcs-snapshot/i586-pc-linux-gnu-haifa/gcc/testsuite/../xgcc version egcs-2.93.08 19990214 (gcc2 ss-980929 experimental)

		=== g77 tests ===


Running target unix
FAIL: g77.f-torture/execute/auto0.f execution,  -O2 -fomit-frame-pointer -finline-functions -funroll-loops 
FAIL: g77.f-torture/execute/auto0.f execution,  -O2 -fomit-frame-pointer -finline-functions -funroll-all-loops 
FAIL: g77.f-torture/execute/auto1.f execution,  -O2 -fomit-frame-pointer -finline-functions -funroll-loops 
FAIL: g77.f-torture/execute/auto1.f execution,  -O2 -fomit-frame-pointer -finline-functions -funroll-all-loops 

		=== g77 Summary ===

# of expected passes		468
# of unexpected failures	4
		=== objc tests ===


Running target unix

		=== objc Summary ===

# of expected passes		38
/usr/.egcs-snapshot/i586-pc-linux-gnu-haifa/gcc/xgcc version egcs-2.93.08 19990214 (gcc2 ss-980929 experimental)


Compiler version: haifa-enabled egcs-2.93.08 19990214 (gcc2 ss-980929 experimental) 
Platform: i586-pc-linux-gnu
configure flags: --with-gcc-version-trigger=/usr/packages/egcs/egcs/snapshot/egcs/gcc/version.c --host=i586-pc-linux-gnu --with-gnu-ld --with-gnu-as --prefix=/usr/packages.bin/egcs/haifashot --enable-shared --enable-haifa --norecursion

Counting all warnings,
there are 461 warnings in stage3 of this bootstrap.

Number of warnings per file:
     44	../../egcs/gcc/toplev.c
     23	../../../egcs/gcc/java/lex.c
     20	../../../egcs/gcc/java/jcf-parse.c
     17	../../egcs/gcc/integrate.c
     17	../../../egcs/gcc/java/jcf-reader.c
     16	../../egcs/gcc/objc/objc-act.c
     12	./parse.y
     12	../../egcs/gcc/cse.c
     12	../../../egcs/gcc/java/jcf-write.c
     12	../../../egcs/gcc/java/jcf-dump.c
     12	../../../egcs/gcc/java/javaop.def
     11	../../egcs/gcc/varasm.c
     10	../../egcs/gcc/reload1.c
     10	../../egcs/gcc/fold-const.c
     10	../../egcs/gcc/final.c
     10	../../../egcs/gcc/java/expr.c
      9	../../egcs/gcc/unroll.c
      8	../../egcs/gcc/loop.c
      8	../../egcs/gcc/dwarf2out.c
      8	../../egcs/gcc/combine.c
      8	../../egcs/gcc/cccp.c
      8	../../../egcs/gcc/java/gjavah.c
      8	../../../egcs/gcc/java/class.c
      7	../../egcs/gcc/optabs.c
      7	../../egcs/gcc/c-lex.c
      6	../../egcs/gcc/reload.c
      6	../../egcs/gcc/protoize.c
      6	../../../egcs/gcc/cp/lex.c
      5	../../egcs/gcc/dbxout.c
      5	../../egcs/gcc/collect2.c
      5	../../../egcs/gcc/java/verify.c
      4	cexp.y
      4	../../egcs/gcc/reg-stack.c
      4	../../egcs/gcc/config/i386/i386.c
      3	insn-emit.c
      3	gcj.c
      3	g77.c
      3	g++.c
      3	../../egcs/gcc/stmt.c
      3	../../egcs/gcc/rtl.c
      3	../../egcs/gcc/regmove.c
      3	../../egcs/gcc/regclass.c
      3	../../egcs/gcc/local-alloc.c
      3	../../egcs/gcc/genopinit.c
      3	../../egcs/gcc/gcov.c
      3	../../egcs/gcc/gcc.c
      3	../../egcs/gcc/expr.c
      3	../../egcs/gcc/expmed.c
      3	../../../egcs/gcc/java/parse.h
      3	../../../egcs/gcc/java/lex.h
      2	insn-recog.c
      2	insn-output.c
      2	../../egcs/gcc/print-rtl.c
      2	../../egcs/gcc/haifa-sched.c
      2	../../egcs/gcc/graph.c
      2	../../egcs/gcc/function.c
      2	../../egcs/gcc/flow.c
      2	../../egcs/gcc/c-decl.c
      1	splay-tree.c
      1	cxxmain.c
      1	./parse-scan.y
      1	../../egcs/gcc/tree.c
      1	../../egcs/gcc/tlink.c
      1	../../egcs/gcc/stupid.c
      1	../../egcs/gcc/print-tree.c
      1	../../egcs/gcc/java/jvspec.c
      1	../../egcs/gcc/hash.c
      1	../../egcs/gcc/gengenrtl.c
      1	../../egcs/gcc/gcov-io.h
      1	../../egcs/gcc/f/g77spec.c
      1	../../egcs/gcc/explow.c
      1	../../egcs/gcc/dwarfout.c
      1	../../egcs/gcc/crtstuff.c
      1	../../egcs/gcc/calls.c
      1	../../egcs/gcc/bitmap.c
      1	../../../egcs/gcc/java/typeck.c
      1	../../../egcs/gcc/java/jvgenmain.c
      1	../../../egcs/gcc/java/jcf-io.c
      1	../../../egcs/gcc/java/jcf-depend.c
      1	../../../egcs/gcc/java/decl.c
      1	../../../egcs/gcc/java/constants.c
      1	../../../egcs/gcc/f/target.c
      1	../../../egcs/gcc/f/stw.c
      1	../../../egcs/gcc/f/storag.c
      1	../../../egcs/gcc/f/fini.c
      1	../../../egcs/gcc/f/bad.c
      1	../../../egcs/gcc/cp/ptree.c
      1	../../../egcs/gcc/cp/pt.c
      1	../../../egcs/gcc/cp/decl.c
      1	../../../egcs/gcc/ch/grant.c
      1	../../../egcs/gcc/ch/decl.c

Number of warning types:
    126	`???' might be used uninitialized in this function
     78	implicit declaration of function `???'
     69	unused parameter `???'
     40	comparison between signed and unsigned
     29	variable `???' might be clobbered by `longjmp' or `vfork'
     22	statement with no effect
     21	unused variable `???'
     16	missing initializer
     16	(near initialization for `???')
     14	??? format, ??? arg (arg ???)
      8	initialization from incompatible pointer type
      6	`???' declared `static' but never defined
      5	argument `???' might be clobbered by `longjmp' or `vfork'
      4	`???' defined but not used
      2	zero-length format string
      1	value computed is not used
      1	suggest explicit braces to avoid ambiguous `else'
      1	passing arg ??? of `???' from incompatible pointer type
      1	passing arg ??? of `???' discards qualifiers from pointer target type
      1	label `???' defined but not used

Counting all warnings,
there are 4 warnings in stage0 of this bootstrap.

Number of warnings per file:
      4	../../../../egcs/libg++/src/Fix16.cc

Number of warning types:
      4	integer overflow in expression

Counting non-subdirectory warnings,
there are 293 warnings in stage3 of this bootstrap.

Number of warnings per file:
     44	../../egcs/gcc/toplev.c
     17	../../egcs/gcc/integrate.c
     16	../../egcs/gcc/objc/objc-act.c
     12	../../egcs/gcc/cse.c
     11	../../egcs/gcc/varasm.c
     10	../../egcs/gcc/reload1.c
     10	../../egcs/gcc/fold-const.c
     10	../../egcs/gcc/final.c
      9	../../egcs/gcc/unroll.c
      8	../../egcs/gcc/loop.c
      8	../../egcs/gcc/dwarf2out.c
      8	../../egcs/gcc/combine.c
      8	../../egcs/gcc/cccp.c
      7	../../egcs/gcc/optabs.c
      7	../../egcs/gcc/c-lex.c
      6	../../egcs/gcc/reload.c
      6	../../egcs/gcc/protoize.c
      5	../../egcs/gcc/dbxout.c
      5	../../egcs/gcc/collect2.c
      4	cexp.y
      4	../../egcs/gcc/reg-stack.c
      4	../../egcs/gcc/config/i386/i386.c
      3	insn-emit.c
      3	gcj.c
      3	g77.c
      3	g++.c
      3	../../egcs/gcc/stmt.c
      3	../../egcs/gcc/rtl.c
      3	../../egcs/gcc/regmove.c
      3	../../egcs/gcc/regclass.c
      3	../../egcs/gcc/local-alloc.c
      3	../../egcs/gcc/genopinit.c
      3	../../egcs/gcc/gcov.c
      3	../../egcs/gcc/gcc.c
      3	../../egcs/gcc/expr.c
      3	../../egcs/gcc/expmed.c
      2	insn-recog.c
      2	insn-output.c
      2	../../egcs/gcc/print-rtl.c
      2	../../egcs/gcc/haifa-sched.c
      2	../../egcs/gcc/graph.c
      2	../../egcs/gcc/function.c
      2	../../egcs/gcc/flow.c
      2	../../egcs/gcc/c-decl.c
      1	splay-tree.c
      1	cxxmain.c
      1	../../egcs/gcc/tree.c
      1	../../egcs/gcc/tlink.c
      1	../../egcs/gcc/stupid.c
      1	../../egcs/gcc/print-tree.c
      1	../../egcs/gcc/java/jvspec.c
      1	../../egcs/gcc/hash.c
      1	../../egcs/gcc/gengenrtl.c
      1	../../egcs/gcc/gcov-io.h
      1	../../egcs/gcc/f/g77spec.c
      1	../../egcs/gcc/explow.c
      1	../../egcs/gcc/dwarfout.c
      1	../../egcs/gcc/crtstuff.c
      1	../../egcs/gcc/calls.c
      1	../../egcs/gcc/bitmap.c

Number of warning types:
    103	`???' might be used uninitialized in this function
     47	unused parameter `???'
     31	comparison between signed and unsigned
     25	implicit declaration of function `???'
     20	statement with no effect
     16	missing initializer
     16	(near initialization for `???')
     11	variable `???' might be clobbered by `longjmp' or `vfork'
      8	initialization from incompatible pointer type
      5	argument `???' might be clobbered by `longjmp' or `vfork'
      4	unused variable `???'
      3	`???' defined but not used
      2	zero-length format string
      1	suggest explicit braces to avoid ambiguous `else'
      1	passing arg ??? of `???' from incompatible pointer type


More information about the Gcc-testresults mailing list