Results for egcs-2.93.08 19990214 on mips-sgi-irix6.4

tprince@cat.e-mail.com tprince@cat.e-mail.com
Mon Feb 15 09:45:00 GMT 1999


g77 -O2 seems reliable and improved, if not using -funroll-loops
Dr. Timothy C. Prince
Consulting Engineer
Solar Turbines, a Caterpillar Company
alternate e-mail: tprince@computer.org
Native configuration is mips-sgi-irix6.4



                === objc tests ===





Running target unix



                === objc Summary ===



# of expected passes            38

/wrk1/aerotherm/dawes/src/gnu/egcs-19990214/i64/gcc/xgcc version egcs-2.93.08 19990214 (gcc2 ss-980929 experimental)





                === gcc tests ===





Running target unix

FAIL: gcc.c-torture/execute/990119-1.c execution,  -O0

FAIL: gcc.c-torture/execute/990119-1.c execution,  -O1

FAIL: gcc.c-torture/execute/990119-1.c execution,  -O2

FAIL: gcc.c-torture/execute/990119-1.c execution,  -O2 -fomit-frame-pointer -finline-functions

FAIL: gcc.c-torture/execute/990119-1.c execution,  -O2 -g

FAIL: gcc.c-torture/execute/990119-1.c execution,  -Os

FAIL: gcc.c-torture/execute/990130-1.c compilation,  -O0

FAIL: gcc.c-torture/execute/990130-1.c compilation,  -O1

FAIL: gcc.c-torture/execute/990130-1.c compilation,  -O2

FAIL: gcc.c-torture/execute/990130-1.c compilation,  -O2 -fomit-frame-pointer -finline-functions

FAIL: gcc.c-torture/execute/990130-1.c compilation,  -O2 -g

FAIL: gcc.c-torture/execute/990130-1.c compilation,  -Os

FAIL: gcc.c-torture/execute/complex-5.c execution,  -O0

FAIL: gcc.c-torture/execute/complex-5.c execution,  -O1

FAIL: gcc.c-torture/execute/complex-5.c execution,  -O2

FAIL: gcc.c-torture/execute/complex-5.c execution,  -O2 -fomit-frame-pointer -finline-functions

FAIL: gcc.c-torture/execute/complex-5.c execution,  -O2 -g

FAIL: gcc.c-torture/execute/complex-5.c execution,  -Os

XPASS: gcc.c-torture/execute/memcheck/blkarg.c execution,  -O0

XPASS: gcc.c-torture/execute/memcheck/blkarg.c execution,  -O1

XPASS: gcc.c-torture/execute/memcheck/blkarg.c execution,  -O2

XPASS: gcc.c-torture/execute/memcheck/blkarg.c execution,  -O2 -g

XPASS: gcc.c-torture/execute/memcheck/blkarg.c execution,  -Os

FAIL: gcc.c-torture/noncompile/951227-1.c

FAIL: gcc.dg/cpp-if1.c invalid number (test for errors, line 12)

FAIL: gcc.dg/cpp-if1.c invalid number (test for errors, line 15)

FAIL: gcc.dg/cpp-if1.c invalid number (test for errors, line 18)

FAIL: gcc.dg/cpp-if1.c floating point in #if (test for errors, line 21)

FAIL: gcc.dg/cpp-if1.c too many suffixes (test for errors, line 24)

FAIL: gcc.dg/cpp-if1.c too many suffixes (test for errors, line 27)

FAIL: gcc.dg/cpp-if1.c (test for excess errors)

FAIL: gcc.dg/special/alias-1.c (test for excess errors)

FAIL: wkali-2b.o

FAIL: gcc.misc-tests/m-un-2.c warning regression (test for warnings, line 18)

FAIL: gcc.misc-tests/m-un-2.c warning regression (test for warnings, line 23)

FAIL: gcc.misc-tests/m-un-2.c (test for excess errors)



                === gcc Summary ===



# of expected passes            7962

# of unexpected failures        31

# of unexpected successes       5

# of expected failures          14

# of unresolved testcases       6

# of unsupported tests          24

/wrk1/aerotherm/dawes/src/gnu/egcs-19990214/i64/gcc/xgcc version egcs-2.93.08 19990214 (gcc2 ss-980929 experimental)





                === g77 tests ===





Running target unix

FAIL: g77.f-torture/execute/auto0.f execution,  -O2 -fomit-frame-pointer -finline-functions -funroll-loops

FAIL: g77.f-torture/execute/auto0.f execution,  -O2 -fomit-frame-pointer -finline-functions -funroll-all-loops

FAIL: g77.f-torture/execute/auto1.f execution,  -O2 -fomit-frame-pointer -finline-functions -funroll-loops

FAIL: g77.f-torture/execute/auto1.f execution,  -O2 -fomit-frame-pointer -finline-functions -funroll-all-loops

FAIL: g77.f-torture/execute/short.f execution,  -O2 -fomit-frame-pointer -finline-functions -funroll-loops

FAIL: g77.f-torture/execute/short.f execution,  -O2 -fomit-frame-pointer -finline-functions -funroll-all-loops



                === g77 Summary ===



# of expected passes            466

# of unexpected failures        6

                === g++ tests ===





Running target unix

FAIL: g++.dg/special/conpr-1.C execution test

FAIL: g++.dg/special/conpr-2.C execution test

FAIL: g++.dg/special/conpr-3.C execution test

FAIL: g++.dg/special/conpr-3.C execution test

FAIL: g++.pt/expr3.C (test for excess errors)

XPASS: g++.pt/instantiate6.C (test for excess errors)



                === g++ Summary ===



# of expected passes            4845

# of unexpected failures        5

# of unexpected successes       1

# of expected failures          91

# of untested testcases         7

/wrk1/aerotherm/dawes/src/gnu/egcs-19990214/i64/gcc/testsuite/../xgcc version egcs-2.93.08 19990214 (gcc2 ss-980929 experimental)





                === libstdc++ tests ===





Running target unix



                === libstdc++ Summary ===



# of expected passes            30

                === libio tests ===





Running target unix



                === libio Summary ===



# of expected passes            40



Compiler version: egcs-2.93.08 19990214 (gcc2 ss-980929 experimental)

Platform: mips-sgi-irix6.4

configure flags: --with-gcc-version-trigger=/wrk1/aerotherm/dawes/src/gnu/egcs-19990214/gcc/version.c --host=mips-sgi-irix6.4 --prefix=/
wrk1/aerotherm/dawes/src/gnu/803/bin --norecursion

EOF

Mail -s "Results for egcs-2.93.08 19990214 (gcc2 ss-980929 experimental) testsuite on mips-sgi-irix6.4" egcs-testresults@egcs.cygnus.com
 &&

           To:                                              INTERNET - IBMMAIL


More information about the Gcc-testresults mailing list