Results for egcs-2.93.06 19990210 (gcc2 ss-980929 experimental) testsuite on i686-pc-linux-gnulibc1
Peter Schmid
schmid@ltoi.iap.physik.tu-darmstadt.de
Wed Feb 10 10:26:00 GMT 1999
Native configuration is i686-pc-linux-gnulibc1
=== gcc tests ===
Running target unix
FAIL: gcc.c-torture/execute/930603-1.c execution, -O0
FAIL: gcc.c-torture/execute/930603-1.c execution, -O1
FAIL: gcc.c-torture/execute/930603-1.c execution, -O2
FAIL: gcc.c-torture/execute/930603-1.c execution, -O2 -g
FAIL: gcc.c-torture/execute/930603-1.c execution, -Os
FAIL: gcc.c-torture/execute/990119-1.c execution, -O0
FAIL: gcc.c-torture/execute/990119-1.c execution, -O1
FAIL: gcc.c-torture/execute/990119-1.c execution, -O2
FAIL: gcc.c-torture/execute/990119-1.c execution, -O2 -fomit-frame-pointer -finline-functions
FAIL: gcc.c-torture/execute/990119-1.c execution, -O2 -g
FAIL: gcc.c-torture/execute/990119-1.c execution, -Os
FAIL: gcc.c-torture/execute/990130-1.c compilation, -O0
FAIL: gcc.c-torture/execute/990130-1.c compilation, -O1
FAIL: gcc.c-torture/execute/990130-1.c compilation, -O2
FAIL: gcc.c-torture/execute/990130-1.c compilation, -O2 -fomit-frame-pointer -finline-functions
FAIL: gcc.c-torture/execute/990130-1.c compilation, -O2 -g
FAIL: gcc.c-torture/execute/990130-1.c compilation, -Os
FAIL: gcc.c-torture/execute/loop-2f.c execution, -O2
FAIL: gcc.c-torture/execute/loop-2f.c execution, -O2 -fomit-frame-pointer -finline-functions
FAIL: gcc.c-torture/execute/loop-2f.c execution, -O2 -fomit-frame-pointer -finline-functions -funroll-loops
FAIL: gcc.c-torture/execute/loop-2f.c execution, -O2 -fomit-frame-pointer -finline-functions -funroll-all-loops
FAIL: gcc.c-torture/execute/loop-2f.c execution, -O2 -g
FAIL: gcc.c-torture/execute/loop-2f.c execution, -Os
FAIL: gcc.c-torture/execute/loop-2g.c execution, -O2
FAIL: gcc.c-torture/execute/loop-2g.c execution, -O2 -fomit-frame-pointer -finline-functions
FAIL: gcc.c-torture/execute/loop-2g.c execution, -O2 -fomit-frame-pointer -finline-functions -funroll-loops
FAIL: gcc.c-torture/execute/loop-2g.c execution, -O2 -fomit-frame-pointer -finline-functions -funroll-all-loops
FAIL: gcc.c-torture/execute/loop-2g.c execution, -O2 -g
FAIL: gcc.c-torture/execute/loop-2g.c execution, -Os
FAIL: gcc.c-torture/execute/ieee/980619-1.c execution, -O1
FAIL: gcc.c-torture/execute/ieee/980619-1.c execution, -O2
FAIL: gcc.c-torture/execute/ieee/980619-1.c execution, -O2 -fomit-frame-pointer -finline-functions
FAIL: gcc.c-torture/execute/ieee/980619-1.c execution, -O2 -fomit-frame-pointer -finline-functions -funroll-loops
FAIL: gcc.c-torture/execute/ieee/980619-1.c execution, -O2 -fomit-frame-pointer -finline-functions -funroll-all-loops
FAIL: gcc.c-torture/execute/ieee/980619-1.c execution, -O2 -g
FAIL: gcc.c-torture/execute/ieee/980619-1.c execution, -Os
FAIL: gcc.c-torture/noncompile/951227-1.c
FAIL: gcc.c-torture/special/981006-1.c (test for bogus messages, line 11)
FAIL: gcc.c-torture/special/981006-1.c (test for bogus messages, line 12)
FAIL: gcc.dg/cpp-if1.c invalid number (test for errors, line 12)
FAIL: gcc.dg/cpp-if1.c invalid number (test for errors, line 15)
FAIL: gcc.dg/cpp-if1.c invalid number (test for errors, line 18)
FAIL: gcc.dg/cpp-if1.c floating point in #if (test for errors, line 21)
FAIL: gcc.dg/cpp-if1.c too many suffixes (test for errors, line 24)
FAIL: gcc.dg/cpp-if1.c too many suffixes (test for errors, line 27)
FAIL: gcc.dg/cpp-if1.c (test for excess errors)
FAIL: gcc.misc-tests/m-un-2.c warning regression (test for warnings, line 18)
FAIL: gcc.misc-tests/m-un-2.c warning regression (test for warnings, line 23)
FAIL: gcc.misc-tests/m-un-2.c (test for excess errors)
=== gcc Summary ===
# of expected passes 7937
# of unexpected failures 49
# of expected failures 19
# of untested testcases 6
# of unsupported tests 12
/home/schmid/trans/egcs/gcc/xgcc version egcs-2.93.06 19990210 (gcc2 ss-980929 experimental)
=== g++ tests ===
Running target unix
=== g++ Summary ===
# of expected passes 4845
# of expected failures 88
# of untested testcases 7
/home/schmid/trans/egcs/gcc/testsuite/../xgcc version egcs-2.93.06 19990210 (gcc2 ss-980929 experimental)
=== g77 tests ===
Running target unix
FAIL: g77.f-torture/execute/auto0.f execution, -O2 -fomit-frame-pointer -finline-functions -funroll-loops
FAIL: g77.f-torture/execute/auto0.f execution, -O2 -fomit-frame-pointer -finline-functions -funroll-all-loops
FAIL: g77.f-torture/execute/auto1.f execution, -O2 -fomit-frame-pointer -finline-functions -funroll-loops
FAIL: g77.f-torture/execute/auto1.f execution, -O2 -fomit-frame-pointer -finline-functions -funroll-all-loops
=== g77 Summary ===
# of expected passes 468
# of unexpected failures 4
=== objc tests ===
Running target unix
=== objc Summary ===
# of expected passes 38
/home/schmid/trans/egcs/gcc/xgcc version egcs-2.93.06 19990210 (gcc2 ss-980929 experimental)
=== libio tests ===
Running target unix
=== libio Summary ===
# of expected passes 40
=== libstdc++ tests ===
Running target unix
=== libstdc++ Summary ===
# of expected passes 30
Compiler version: egcs-2.93.06 19990210 (gcc2 ss-980929 experimental)
Platform: i686-pc-linux-gnulibc1
configure flags: --with-gcc-version-trigger=/home/schmid/trans/egcs/gcc/version.c --host=i686-pc-linux-gnulibc1 --enable-shared --norecursion
More information about the Gcc-testresults
mailing list