Results for egcs-2.93.04 19990131 (gcc2 ss-980929 experimental) testsuite on m68k-sun-sunos4.1.1
Kate Hedstrom
kate@imcs.rutgers.edu
Fri Feb 5 08:07:00 GMT 1999
Note: I used to ask for --with-gnu-as --with-gnu-ld. I realized
that the last runs didn't actually use gas or gld, so this time I left
it off.
Native configuration is m68k-sun-sunos4.1.1
=== gcc tests ===
Running target unix
FAIL: gcc.c-torture/compile/950612-1.c, -O1
FAIL: gcc.c-torture/compile/950612-1.c, -O2
FAIL: gcc.c-torture/compile/950612-1.c, -O2 -fomit-frame-pointer -finline-functions
FAIL: gcc.c-torture/compile/950612-1.c, -O2 -fomit-frame-pointer -finline-functions -funroll-loops
FAIL: gcc.c-torture/compile/950612-1.c, -O2 -fomit-frame-pointer -finline-functions -funroll-all-loops
FAIL: gcc.c-torture/compile/950612-1.c, -O2 -g
FAIL: gcc.c-torture/compile/950612-1.c, -Os
FAIL: gcc.c-torture/execute/930603-1.c execution, -O0
FAIL: gcc.c-torture/execute/930603-1.c execution, -O1
FAIL: gcc.c-torture/execute/930603-1.c execution, -O2
FAIL: gcc.c-torture/execute/930603-1.c execution, -O2 -g
FAIL: gcc.c-torture/execute/930603-1.c execution, -Os
FAIL: gcc.c-torture/execute/990119-1.c execution, -O0
FAIL: gcc.c-torture/execute/990119-1.c execution, -O1
FAIL: gcc.c-torture/execute/990119-1.c execution, -O2
FAIL: gcc.c-torture/execute/990119-1.c execution, -O2 -fomit-frame-pointer -finline-functions
FAIL: gcc.c-torture/execute/990119-1.c execution, -O2 -g
FAIL: gcc.c-torture/execute/990119-1.c execution, -Os
FAIL: gcc.c-torture/execute/990128-1.c execution, -O2
FAIL: gcc.c-torture/execute/990128-1.c execution, -O2 -fomit-frame-pointer -finline-functions
FAIL: gcc.c-torture/execute/990128-1.c execution, -O2 -fomit-frame-pointer -finline-functions -funroll-loops
FAIL: gcc.c-torture/execute/990128-1.c execution, -O2 -fomit-frame-pointer -finline-functions -funroll-all-loops
FAIL: gcc.c-torture/execute/990128-1.c execution, -O2 -g
FAIL: gcc.c-torture/execute/memcpy-bi.c compilation, -O2 -fomit-frame-pointer -finline-functions
FAIL: gcc.c-torture/execute/memcpy-bi.c compilation, -O2 -fomit-frame-pointer -finline-functions -funroll-loops
FAIL: gcc.c-torture/execute/memcpy-bi.c compilation, -O2 -fomit-frame-pointer -finline-functions -funroll-all-loops
FAIL: gcc.c-torture/execute/ieee/980619-1.c execution, -O1
FAIL: gcc.c-torture/execute/ieee/980619-1.c execution, -O2
FAIL: gcc.c-torture/execute/ieee/980619-1.c execution, -O2 -fomit-frame-pointer -finline-functions
FAIL: gcc.c-torture/execute/ieee/980619-1.c execution, -O2 -fomit-frame-pointer -finline-functions -funroll-loops
FAIL: gcc.c-torture/execute/ieee/980619-1.c execution, -O2 -fomit-frame-pointer -finline-functions -funroll-all-loops
FAIL: gcc.c-torture/execute/ieee/980619-1.c execution, -O2 -g
FAIL: gcc.c-torture/execute/ieee/980619-1.c execution, -Os
FAIL: gcc.c-torture/execute/memcheck/blkarg.c execution, -O0
FAIL: gcc.c-torture/execute/memcheck/blkarg.c execution, -O1
FAIL: gcc.c-torture/execute/memcheck/blkarg.c execution, -O2
FAIL: gcc.c-torture/execute/memcheck/blkarg.c execution, -O2 -fomit-frame-pointer -finline-functions
FAIL: gcc.c-torture/execute/memcheck/blkarg.c execution, -O2 -g
FAIL: gcc.c-torture/execute/memcheck/blkarg.c execution, -Os
FAIL: gcc.c-torture/noncompile/951227-1.c
FAIL: gcc.dg/cpp-if1.c invalid number (test for errors, line 12)
FAIL: gcc.dg/cpp-if1.c invalid number (test for errors, line 15)
FAIL: gcc.dg/cpp-if1.c invalid number (test for errors, line 18)
FAIL: gcc.dg/cpp-if1.c floating point in #if (test for errors, line 21)
FAIL: gcc.dg/cpp-if1.c too many suffixes (test for errors, line 24)
FAIL: gcc.dg/cpp-if1.c too many suffixes (test for errors, line 27)
FAIL: gcc.dg/cpp-if1.c (test for excess errors)
FAIL: gcc.misc-tests/m-un-2.c warning regression (test for warnings, line 18)
FAIL: gcc.misc-tests/m-un-2.c warning regression (test for warnings, line 23)
FAIL: gcc.misc-tests/m-un-2.c (test for excess errors)
=== gcc Summary ===
# of expected passes 7916
# of unexpected failures 50
# of expected failures 13
# of untested testcases 3
# of unsupported tests 21
/usr/export/home/kate/egcs-19990131/gcc/xgcc version egcs-2.93.04 19990131 (gcc2 ss-980929 experimental)
=== g++ tests ===
Running target unix
FAIL: g++.jason/inline3.C Execution test
FAIL: g++.jason/ref7.C Execution test
FAIL: g++.jason/return.C Execution test
FAIL: g++.jason/temporary4.C (test for excess errors)
FAIL: g++.jason/temporary8.C Execution test
FAIL: g++.jason/thunk3.C (test for excess errors)
FAIL: g++.ns/template6.C (test for excess errors)
XPASS: g++.pt/instantiate6.C (test for excess errors)
FAIL: g++.pt/static3.C (test for excess errors)
FAIL: g++.robertl/eb83.C caused compiler crash
=== g++ Summary ===
# of expected passes 4826
# of unexpected failures 9
# of unexpected successes 1
# of expected failures 91
# of untested testcases 7
/usr/export/home/kate/egcs-19990131/gcc/testsuite/../xgcc version egcs-2.93.04 19990131 (gcc2 ss-980929 experimental)
=== g77 tests ===
Running target unix
FAIL: g77.f-torture/execute/auto0.f execution, -O2 -fomit-frame-pointer -finline-functions -funroll-loops
FAIL: g77.f-torture/execute/auto0.f execution, -O2 -fomit-frame-pointer -finline-functions -funroll-all-loops
FAIL: g77.f-torture/execute/auto1.f execution, -O2 -fomit-frame-pointer -finline-functions -funroll-loops
FAIL: g77.f-torture/execute/auto1.f execution, -O2 -fomit-frame-pointer -finline-functions -funroll-all-loops
FAIL: g77.f-torture/execute/dnrm2.f execution, -O2 -fomit-frame-pointer -finline-functions -funroll-loops
FAIL: g77.f-torture/execute/dnrm2.f execution, -O2 -fomit-frame-pointer -finline-functions -funroll-all-loops
=== g77 Summary ===
# of expected passes 466
# of unexpected failures 6
=== objc tests ===
Running target unix
=== objc Summary ===
# of expected passes 38
/usr/export/home/kate/egcs-19990131/gcc/xgcc version egcs-2.93.04 19990131 (gcc2 ss-980929 experimental)
=== libio tests ===
Running target unix
FAIL: tFile.cc compilation
FAIL: tFile.cc compilation -b0
FAIL: tFile.cc compilation -b3
=== libio Summary ===
# of expected passes 31
# of unexpected failures 3
# of expected failures 6
=== libstdc++ tests ===
Running target unix
FAIL: tstring.cc -O compilation
=== libstdc++ Summary ===
# of expected passes 27
# of unexpected failures 1
# of expected failures 2
Compiler version: egcs-2.93.04 19990131 (gcc2 ss-980929 experimental)
Platform: m68k-sun-sunos4.1.1
More information about the Gcc-testresults
mailing list