Results for egcs-2.93.04 19990131 (gcc2 ss-980929 experimental) testsuite on i386-unknown-netbsd1.3I

Krister Walfridsson cato@df.lth.se
Tue Feb 2 13:58:00 GMT 1999


Native configuration is i386-unknown-netbsd1.3I

		=== libio tests ===


Running target unix

		=== libio Summary ===

# of expected passes		40
		=== libstdc++ tests ===


Running target unix

		=== libstdc++ Summary ===

# of expected passes		30
		=== gcc tests ===


Running target unix
FAIL: gcc.c-torture/execute/930603-1.c execution,  -O0 
FAIL: gcc.c-torture/execute/930603-1.c execution,  -O1 
FAIL: gcc.c-torture/execute/930603-1.c execution,  -O2 
FAIL: gcc.c-torture/execute/930603-1.c execution,  -O2 -g 
FAIL: gcc.c-torture/execute/930603-1.c execution,  -Os 
FAIL: gcc.c-torture/execute/990119-1.c execution,  -O0 
FAIL: gcc.c-torture/execute/990119-1.c execution,  -O1 
FAIL: gcc.c-torture/execute/990119-1.c execution,  -O2 
FAIL: gcc.c-torture/execute/990119-1.c execution,  -O2 -fomit-frame-pointer -finline-functions 
FAIL: gcc.c-torture/execute/990119-1.c execution,  -O2 -g 
FAIL: gcc.c-torture/execute/990119-1.c execution,  -Os 
FAIL: gcc.c-torture/execute/990128-1.c execution,  -O2 
FAIL: gcc.c-torture/execute/990128-1.c execution,  -O2 -fomit-frame-pointer -finline-functions 
FAIL: gcc.c-torture/execute/990128-1.c execution,  -O2 -fomit-frame-pointer -finline-functions -funroll-loops 
FAIL: gcc.c-torture/execute/990128-1.c execution,  -O2 -fomit-frame-pointer -finline-functions -funroll-all-loops 
FAIL: gcc.c-torture/execute/990128-1.c execution,  -O2 -g 
FAIL: gcc.c-torture/execute/990128-1.c execution,  -Os 
FAIL: gcc.c-torture/execute/ieee/980619-1.c execution,  -O1 
FAIL: gcc.c-torture/execute/ieee/980619-1.c execution,  -O2 
FAIL: gcc.c-torture/execute/ieee/980619-1.c execution,  -O2 -fomit-frame-pointer -finline-functions 
FAIL: gcc.c-torture/execute/ieee/980619-1.c execution,  -O2 -fomit-frame-pointer -finline-functions -funroll-loops 
FAIL: gcc.c-torture/execute/ieee/980619-1.c execution,  -O2 -fomit-frame-pointer -finline-functions -funroll-all-loops 
FAIL: gcc.c-torture/execute/ieee/980619-1.c execution,  -O2 -g 
FAIL: gcc.c-torture/execute/ieee/980619-1.c execution,  -Os 
FAIL: gcc.c-torture/execute/ieee/rbug.c execution,  -O0 
FAIL: gcc.c-torture/execute/ieee/rbug.c execution,  -O1 
FAIL: gcc.c-torture/execute/ieee/rbug.c execution,  -O2 
FAIL: gcc.c-torture/execute/ieee/rbug.c execution,  -O2 -g 
FAIL: gcc.c-torture/execute/ieee/rbug.c execution,  -Os 
FAIL: gcc.c-torture/execute/memcheck/blkarg.c execution,  -O0 
FAIL: gcc.c-torture/execute/memcheck/blkarg.c execution,  -O1 
FAIL: gcc.c-torture/execute/memcheck/blkarg.c execution,  -O2 
FAIL: gcc.c-torture/execute/memcheck/blkarg.c execution,  -O2 -fomit-frame-pointer -finline-functions 
FAIL: gcc.c-torture/execute/memcheck/blkarg.c execution,  -O2 -g 
FAIL: gcc.c-torture/execute/memcheck/blkarg.c execution,  -Os 
FAIL: gcc.c-torture/noncompile/951227-1.c
FAIL: gcc.c-torture/special/981006-1.c  (test for bogus messages, line 11)
FAIL: gcc.c-torture/special/981006-1.c  (test for bogus messages, line 12)
FAIL: gcc.dg/990117-1.c (test for excess errors)
FAIL: gcc.dg/990130-1.c (test for excess errors)
FAIL: gcc.dg/cpp-if1.c invalid number (test for errors, line 12)
FAIL: gcc.dg/cpp-if1.c invalid number (test for errors, line 15)
FAIL: gcc.dg/cpp-if1.c invalid number (test for errors, line 18)
FAIL: gcc.dg/cpp-if1.c floating point in #if (test for errors, line 21)
FAIL: gcc.dg/cpp-if1.c too many suffixes (test for errors, line 24)
FAIL: gcc.dg/cpp-if1.c too many suffixes (test for errors, line 27)
FAIL: gcc.dg/cpp-if1.c (test for excess errors)
FAIL: gcc.misc-tests/m-un-2.c warning regression (test for warnings, line 18)
FAIL: gcc.misc-tests/m-un-2.c warning regression (test for warnings, line 23)
FAIL: gcc.misc-tests/m-un-2.c (test for excess errors)

		=== gcc Summary ===

# of expected passes		7930
# of unexpected failures	50
# of expected failures		13
# of unsupported tests		12
/dsk2/tmp/egcs-19990131.i386/build/gcc/xgcc version egcs-2.93.04 19990131 (gcc2 ss-980929 experimental)

		=== g++ tests ===


Running target unix
FAIL: g++.law/profile1.C (test for excess errors)
FAIL: g++.ns/template6.C (test for excess errors)
FAIL: g++.pt/instantiate4.C (test for excess errors)
FAIL: g++.robertl/eb83.C caused compiler crash

		=== g++ Summary ===

# of expected passes		4833
# of unexpected failures	4
# of expected failures		90
# of untested testcases		7
/dsk2/tmp/egcs-19990131.i386/build/gcc/testsuite/../xgcc version egcs-2.93.04 19990131 (gcc2 ss-980929 experimental)

		=== g77 tests ===


Running target unix

		=== g77 Summary ===

# of expected passes		100
# of unresolved testcases	186
		=== objc tests ===


Running target unix

		=== objc Summary ===

# of expected passes		38
/dsk2/tmp/egcs-19990131.i386/build/gcc/xgcc version egcs-2.93.04 19990131 (gcc2 ss-980929 experimental)


Compiler version: egcs-2.93.04 19990131 (gcc2 ss-980929 experimental) 
Platform: i386-unknown-netbsd1.3I
configure flags: --with-gcc-version-trigger=/dsk2/tmp/egcs-19990131.i386/egcs-19990131/gcc/version.c --host=i386-unknown-netbsd1.3I --norecursion


More information about the Gcc-testresults mailing list