Results for egcs-2.93.04 19990201 (gcc2 ss-980929 experimental) testsuite on powerpc-redhat-linux-gnu
Franz Sirl
fsirl@kernel.crashing.org
Mon Feb 1 09:48:00 GMT 1999
Native configuration is powerpc-redhat-linux-gnu
=== libio tests ===
Running target unix
=== libio Summary ===
# of expected passes 40
=== libstdc++ tests ===
Running target unix
=== libstdc++ Summary ===
# of expected passes 30
=== gcc tests ===
Running target unix
FAIL: gcc.c-torture/compile/980329-1.c, -O2 -fomit-frame-pointer -finline-functions -funroll-all-loops
FAIL: gcc.c-torture/execute/980608-1.c execution, -O0
FAIL: gcc.c-torture/execute/980608-1.c execution, -O1
FAIL: gcc.c-torture/execute/980608-1.c execution, -O2
FAIL: gcc.c-torture/execute/980608-1.c execution, -O2 -g
FAIL: gcc.c-torture/execute/980608-1.c execution, -Os
FAIL: gcc.c-torture/execute/990119-1.c execution, -O0
FAIL: gcc.c-torture/execute/990119-1.c execution, -O1
FAIL: gcc.c-torture/execute/990119-1.c execution, -O2
FAIL: gcc.c-torture/execute/990119-1.c execution, -O2 -fomit-frame-pointer -finline-functions
FAIL: gcc.c-torture/execute/990119-1.c execution, -O2 -g
FAIL: gcc.c-torture/execute/990119-1.c execution, -Os
FAIL: gcc.c-torture/execute/990128-1.c execution, -O2
FAIL: gcc.c-torture/execute/990128-1.c execution, -O2 -fomit-frame-pointer -finline-functions
FAIL: gcc.c-torture/execute/990128-1.c execution, -O2 -fomit-frame-pointer -finline-functions -funroll-loops
FAIL: gcc.c-torture/execute/990128-1.c execution, -O2 -fomit-frame-pointer -finline-functions -funroll-all-loops
FAIL: gcc.c-torture/execute/990128-1.c execution, -O2 -g
FAIL: gcc.c-torture/execute/complex-5.c execution, -O2 -fomit-frame-pointer -finline-functions
FAIL: gcc.c-torture/execute/memcheck/blkarg.c execution, -O0
FAIL: gcc.c-torture/execute/memcheck/blkarg.c execution, -O1
FAIL: gcc.c-torture/execute/memcheck/blkarg.c execution, -O2
FAIL: gcc.c-torture/execute/memcheck/blkarg.c execution, -O2 -fomit-frame-pointer -finline-functions
FAIL: gcc.c-torture/execute/memcheck/blkarg.c execution, -O2 -g
FAIL: gcc.c-torture/execute/memcheck/blkarg.c execution, -Os
FAIL: gcc.c-torture/noncompile/951227-1.c
FAIL: gcc.dg/980523-1.c execution test
FAIL: gcc.dg/cpp-if1.c invalid number (test for errors, line 12)
FAIL: gcc.dg/cpp-if1.c invalid number (test for errors, line 15)
FAIL: gcc.dg/cpp-if1.c invalid number (test for errors, line 18)
FAIL: gcc.dg/cpp-if1.c floating point in #if (test for errors, line 21)
FAIL: gcc.dg/cpp-if1.c too many suffixes (test for errors, line 24)
FAIL: gcc.dg/cpp-if1.c too many suffixes (test for errors, line 27)
FAIL: gcc.dg/cpp-if1.c (test for excess errors)
FAIL: gcc.misc-tests/m-un-2.c warning regression (test for warnings, line 18)
FAIL: gcc.misc-tests/m-un-2.c warning regression (test for warnings, line 23)
FAIL: gcc.misc-tests/m-un-2.c (test for excess errors)
=== gcc Summary ===
# of expected passes 7937
# of unexpected failures 36
# of expected failures 13
# of unsupported tests 18
/home/fsirl/obj/cvsm/gcc/xgcc version egcs-2.93.04 19990201 (gcc2 ss-980929 experimental)
=== g++ tests ===
Running target unix
FAIL: g++.ns/template6.C (test for excess errors)
FAIL: g++.robertl/eb83.C caused compiler crash
=== g++ Summary ===
# of expected passes 4835
# of unexpected failures 2
# of expected failures 90
# of untested testcases 7
/home/fsirl/obj/cvsm/gcc/testsuite/../xgcc version egcs-2.93.04 19990201 (gcc2 ss-980929 experimental)
=== g77 tests ===
Running target unix
FAIL: g77.f-torture/compile/980310-7.f, -O0
FAIL: g77.f-torture/compile/980310-7.f, -O1
FAIL: g77.f-torture/compile/980310-7.f, -O2
FAIL: g77.f-torture/compile/980310-7.f, -O2 -fomit-frame-pointer -finline-functions
FAIL: g77.f-torture/compile/980310-7.f, -O2 -fomit-frame-pointer -finline-functions -funroll-loops
FAIL: g77.f-torture/compile/980310-7.f, -O2 -fomit-frame-pointer -finline-functions -funroll-all-loops
FAIL: g77.f-torture/compile/980310-7.f, -Os
FAIL: g77.f-torture/compile/980424-0.f, -O1
FAIL: g77.f-torture/compile/980424-0.f, -O2
FAIL: g77.f-torture/compile/980424-0.f, -O2 -fomit-frame-pointer -finline-functions
FAIL: g77.f-torture/compile/980424-0.f, -Os
FAIL: g77.f-torture/execute/auto0.f execution, -O2 -fomit-frame-pointer -finline-functions -funroll-loops
FAIL: g77.f-torture/execute/auto0.f execution, -O2 -fomit-frame-pointer -finline-functions -funroll-all-loops
FAIL: g77.f-torture/execute/auto1.f execution, -O2 -fomit-frame-pointer -finline-functions -funroll-loops
FAIL: g77.f-torture/execute/auto1.f execution, -O2 -fomit-frame-pointer -finline-functions -funroll-all-loops
FAIL: g77.f-torture/execute/dnrm2.f execution, -O2 -fomit-frame-pointer -finline-functions -funroll-loops
FAIL: g77.f-torture/execute/dnrm2.f execution, -O2 -fomit-frame-pointer -finline-functions -funroll-all-loops
=== g77 Summary ===
# of expected passes 455
# of unexpected failures 17
=== objc tests ===
Running target unix
=== objc Summary ===
# of expected passes 38
/home/fsirl/obj/cvsm/gcc/xgcc version egcs-2.93.04 19990201 (gcc2 ss-980929 experimental)
Compiler version: egcs-2.93.04 19990201 (gcc2 ss-980929 experimental)
Platform: powerpc-redhat-linux-gnu
configure flags: --with-gcc-version-trigger=/home/fsirl/egcsm/gcc/version.c --host=ppc-redhat-linux --prefix=/home/fsirl/gnubin --enable-shared --norecursion
More information about the Gcc-testresults
mailing list