Results for egcs-2.93.04 19990131 (gcc2 ss-980929 experimental) testsuite on mips-sgi-irix5.2
Alexandre Oliva
oliva@dcc.unicamp.br
Mon Feb 1 08:40:00 GMT 1999
Native configuration is mips-sgi-irix5.2
=== g++ tests ===
Running target unix
FAIL: g++.mike/p789a.C (test for excess errors)
FAIL: g++.ns/template6.C (test for excess errors)
XPASS: g++.pt/instantiate6.C (test for excess errors)
FAIL: g++.pt/spec15.C (test for excess errors)
FAIL: g++.pt/static3.C (test for excess errors)
FAIL: g++.robertl/eb83.C caused compiler crash
=== g++ Summary ===
# of expected passes 4826
# of unexpected failures 5
# of unexpected successes 1
# of expected failures 95
# of untested testcases 7
/tmp/egcs/gcc/testsuite/../xgcc version egcs-2.93.04 19990131 (gcc2 ss-980929 experimental)
=== g77 tests ===
Running target unix
FAIL: g77.f-torture/execute/970816-3.f compilation, -O1
FAIL: g77.f-torture/execute/auto0.f execution, -O2 -fomit-frame-pointer -finline-functions -funroll-loops
FAIL: g77.f-torture/execute/auto0.f execution, -O2 -fomit-frame-pointer -finline-functions -funroll-all-loops
FAIL: g77.f-torture/execute/auto1.f execution, -O2 -fomit-frame-pointer -finline-functions -funroll-loops
FAIL: g77.f-torture/execute/auto1.f execution, -O2 -fomit-frame-pointer -finline-functions -funroll-all-loops
FAIL: g77.f-torture/execute/dnrm2.f execution, -O2 -fomit-frame-pointer -finline-functions -funroll-loops
FAIL: g77.f-torture/execute/dnrm2.f execution, -O2 -fomit-frame-pointer -finline-functions -funroll-all-loops
FAIL: g77.f-torture/execute/io0.f compilation, -O0
FAIL: g77.f-torture/execute/large_vec.f compilation, -O0
=== g77 Summary ===
# of expected passes 460
# of unexpected failures 9
# of untested testcases 3
=== gcc tests ===
Running target unix
FAIL: gcc.c-torture/execute/990119-1.c execution, -O0
FAIL: gcc.c-torture/execute/990119-1.c execution, -O1
FAIL: gcc.c-torture/execute/990119-1.c execution, -O2
FAIL: gcc.c-torture/execute/990119-1.c execution, -O2 -fomit-frame-pointer -finline-functions
FAIL: gcc.c-torture/execute/990119-1.c execution, -O2 -g
FAIL: gcc.c-torture/execute/990119-1.c execution, -Os
FAIL: gcc.c-torture/execute/990128-1.c execution, -O2
FAIL: gcc.c-torture/execute/990128-1.c execution, -O2 -fomit-frame-pointer -finline-functions
FAIL: gcc.c-torture/execute/990128-1.c execution, -O2 -fomit-frame-pointer -finline-functions -funroll-loops
FAIL: gcc.c-torture/execute/990128-1.c execution, -O2 -fomit-frame-pointer -finline-functions -funroll-all-loops
FAIL: gcc.c-torture/execute/990128-1.c execution, -O2 -g
FAIL: gcc.c-torture/execute/memcheck/blkarg.c execution, -O2 -fomit-frame-pointer -finline-functions
FAIL: gcc.c-torture/noncompile/951227-1.c
FAIL: gcc.dg/cpp-if1.c invalid number (test for errors, line 12)
FAIL: gcc.dg/cpp-if1.c invalid number (test for errors, line 15)
FAIL: gcc.dg/cpp-if1.c invalid number (test for errors, line 18)
FAIL: gcc.dg/cpp-if1.c floating point in #if (test for errors, line 21)
FAIL: gcc.dg/cpp-if1.c too many suffixes (test for errors, line 24)
FAIL: gcc.dg/cpp-if1.c too many suffixes (test for errors, line 27)
FAIL: gcc.dg/cpp-if1.c (test for excess errors)
FAIL: gcc.misc-tests/m-un-2.c warning regression (test for warnings, line 18)
FAIL: gcc.misc-tests/m-un-2.c warning regression (test for warnings, line 23)
FAIL: gcc.misc-tests/m-un-2.c (test for excess errors)
=== gcc Summary ===
# of expected passes 7944
# of unexpected failures 23
# of expected failures 13
# of unsupported tests 22
/tmp/egcs/gcc/xgcc version egcs-2.93.04 19990131 (gcc2 ss-980929 experimental)
=== libg++ tests ===
Running target unix
=== libg++ Summary ===
# of expected passes 72
=== libio tests ===
Running target unix
=== libio Summary ===
# of expected passes 40
=== libstdc++ tests ===
Running target unix
=== libstdc++ Summary ===
# of expected passes 30
=== objc tests ===
Running target unix
=== objc Summary ===
# of expected passes 38
/tmp/egcs/gcc/xgcc version egcs-2.93.04 19990131 (gcc2 ss-980929 experimental)
Compiler version: egcs-2.93.04 19990131 (gcc2 ss-980929 experimental)
Platform: mips-sgi-irix5.2
BOOT_CFLAGS: -g -O9 -W -Wall
Counting all warnings,
there are 565 warnings in stage3 of this bootstrap.
Number of warnings per file:
136 /home/phd/oliva/src/egcs/gcc/toplev.c
22 /home/phd/oliva/src/egcs/gcc/java/lex.c
20 /home/phd/oliva/src/egcs/gcc/java/jcf-parse.c
16 /home/phd/oliva/src/egcs/gcc/java/jcf-reader.c
14 /home/phd/oliva/src/egcs/gcc/varasm.c
14 /home/phd/oliva/src/egcs/gcc/objc/objc-act.c
14 ./parse.y
13 /home/phd/oliva/src/egcs/gcc/java/jcf-write.c
12 insn-emit.c
12 /home/phd/oliva/src/egcs/gcc/java/jcf-dump.c
12 /home/phd/oliva/src/egcs/gcc/java/javaop.def
12 /home/phd/oliva/src/egcs/gcc/cse.c
11 /home/phd/oliva/src/egcs/gcc/java/expr.c
10 /home/phd/oliva/src/egcs/gcc/reload1.c
10 /home/phd/oliva/src/egcs/gcc/fold-const.c
8 /home/phd/oliva/src/egcs/gcc/loop.c
8 /home/phd/oliva/src/egcs/gcc/java/gjavah.c
8 /home/phd/oliva/src/egcs/gcc/java/class.c
8 /home/phd/oliva/src/egcs/gcc/combine.c
8 /home/phd/oliva/src/egcs/gcc/cccp.c
7 /home/phd/oliva/src/egcs/gcc/unroll.c
7 /home/phd/oliva/src/egcs/gcc/sdbout.c
7 /home/phd/oliva/src/egcs/gcc/optabs.c
7 /home/phd/oliva/src/egcs/gcc/java/lex.h
7 /home/phd/oliva/src/egcs/gcc/integrate.c
7 /home/phd/oliva/src/egcs/gcc/dbxout.c
7 /home/phd/oliva/src/egcs/gcc/c-lex.c
6 /home/phd/oliva/src/egcs/gcc/reload.c
6 /home/phd/oliva/src/egcs/gcc/cp/lex.c
6 /home/phd/oliva/src/egcs/gcc/calls.c
5 /home/phd/oliva/src/egcs/gcc/java/verify.c
4 cexp.y
4 /home/phd/oliva/src/egcs/gcc/system.h
4 /home/phd/oliva/src/egcs/gcc/protoize.c
4 /home/phd/oliva/src/egcs/gcc/java/../config/mips/mips.h
4 /home/phd/oliva/src/egcs/gcc/intl.h
4 /home/phd/oliva/src/egcs/gcc/final.c
4 /home/phd/oliva/src/egcs/gcc/expmed.c
4 /home/phd/oliva/src/egcs/gcc/collect2.c
3 pexecute.c
3 gcj.c
3 g77.c
3 g++.c
3 /home/phd/oliva/src/egcs/gcc/stmt.c
3 /home/phd/oliva/src/egcs/gcc/sched.c
3 /home/phd/oliva/src/egcs/gcc/rtl.c
3 /home/phd/oliva/src/egcs/gcc/regmove.c
3 /home/phd/oliva/src/egcs/gcc/local-alloc.c
3 /home/phd/oliva/src/egcs/gcc/jump.c
3 /home/phd/oliva/src/egcs/gcc/java/parse.h
3 /home/phd/oliva/src/egcs/gcc/genopinit.c
3 /home/phd/oliva/src/egcs/gcc/gcc.c
3 /home/phd/oliva/src/egcs/gcc/expr.c
3 /home/phd/oliva/src/egcs/gcc/cpplib.c
3 /home/phd/oliva/src/egcs/gcc/config/mips/mips.c
2 insn-attrtab.c
2 getopt.c
2 /home/phd/oliva/src/egcs/gcc/reorg.c
2 /home/phd/oliva/src/egcs/gcc/gcov.c
2 /home/phd/oliva/src/egcs/gcc/function.c
2 /home/phd/oliva/src/egcs/gcc/flow.c
2 /home/phd/oliva/src/egcs/gcc/fix-header.c
2 /home/phd/oliva/src/egcs/gcc/cppexp.c
2 /home/phd/oliva/src/egcs/gcc/c-decl.c
1 splay-tree.c
1 cxxmain.c
1 cplus-dem.c
1 choose-temp.c
1 /home/phd/oliva/src/egcs/gcc/tree.c
1 /home/phd/oliva/src/egcs/gcc/tlink.c
1 /home/phd/oliva/src/egcs/gcc/stupid.c
1 /home/phd/oliva/src/egcs/gcc/scan-decls.c
1 /home/phd/oliva/src/egcs/gcc/regclass.c
1 /home/phd/oliva/src/egcs/gcc/java/typeck.c
1 /home/phd/oliva/src/egcs/gcc/java/jvspec.c
1 /home/phd/oliva/src/egcs/gcc/java/jvgenmain.c
1 /home/phd/oliva/src/egcs/gcc/java/jcf-io.c
1 /home/phd/oliva/src/egcs/gcc/java/decl.c
1 /home/phd/oliva/src/egcs/gcc/java/constants.c
1 /home/phd/oliva/src/egcs/gcc/hash.c
1 /home/phd/oliva/src/egcs/gcc/graph.c
1 /home/phd/oliva/src/egcs/gcc/gengenrtl.c
1 /home/phd/oliva/src/egcs/gcc/genattrtab.c
1 /home/phd/oliva/src/egcs/gcc/f/g77spec.c
1 /home/phd/oliva/src/egcs/gcc/explow.c
1 /home/phd/oliva/src/egcs/gcc/except.c
1 /home/phd/oliva/src/egcs/gcc/dwarf2out.c
1 /home/phd/oliva/src/egcs/gcc/cp/input.c
1 /home/phd/oliva/src/egcs/gcc/cp/decl.c
1 ./parse-scan.y
1 ../auto-host.h
Number of warning types:
149 `???' might be used uninitialized in this function
81 unused parameter `???'
63 missing initializer
63 (near initialization for `???')
44 implicit declaration of function `???'
33 unused variable `???'
28 variable `???' might be clobbered by `longjmp' or `vfork'
28 comparison between signed and unsigned
22 statement with no effect
14 ??? format, ??? arg (arg ???)
9 this is the location of the previous definition
8 `???' redefined
6 `???' declared `static' but never defined
5 argument `???' might be clobbered by `longjmp' or `vfork'
4 initialization from incompatible pointer type
3 control reaches end of non-void function
1 value computed is not used
1 passing arg ??? of `???' discards qualifiers from pointer target type
1 label `???' defined but not used
1 `inline' redefined
1 `???' defined but not used
More information about the Gcc-testresults
mailing list