Results for 2.96 19991231 (experimental) testsuite on i586-redhat6-linux-gnu

Manfred Hollstein mhollstein@cygnus.com
Fri Dec 31 13:50:00 GMT 1999


Compiler version: 2.96 19991231 (experimental) 
Platform:	  i586-redhat6-linux-gnu

Sources:	  - gcc mainline from CVS last updated at
		    1999/12/04 10:50:30 +0100
		  - libg++-2.8.1.3
		    + libg++-2.8.1.3-2.8.1.3-19991124.diff.gz posted today to
		      <gcc@gcc.gnu.org> and <bug-lib-g++@gnu.org> as part of
		      `Re: Results for 2.96 19991129 (experimental) testsuite on i586-pc-linux-gnu'
Patches:	  [1] `PATCH: Parse '@class' properly (was: Re: libobjc With --enable-c-cpplib)'
		      from <mhollstein@cygnus.com>
		  [2] `PATCH: One more tracking of recent file removals ...'
		      from <mhollstein@cygnus.com>
Environment:	  - autoconf-19991231 via anonymous CVS from sourceware.cygnus.com
		  - automake-19991231 via anonymous CVS from sourceware.cygnus.com
		  - binutils-19991231 via anonymous CVS from sourceware.cygnus.com
		  - dejagnu-19990614
		  - Red Hat Linux 6.1
		    + recommended updates as of today
		  - Kernel 2.2.12-32 (compiled by
		      "gcc version egcs-2.91.66 19990314/Linux (egcs-1.1.2 release)")
		  - glibc-2.1.2-11
		  - glibc-devel-2.1.2-11

Remarks:	  Unfortunately, bootstrapping with `-fomit-frame-pointer'
		  still fails... :-(((


configure flags: --with-gcc-version-trigger=/home/gnu/work/GNU/egcs-19991231/gcc/version.c --host=i586-redhat6-linux-gnu --srcdir=../egcs-19991231 --prefix=/opt/gnu --with-gnu-as --with-gnu-ld --enable-shared --enable-version-specific-runtime-libs --enable-java-gc=boehm --enable-fast-character --enable-threads=posix --with-local-prefix=/opt/gnu --enable-nls --verbose --norecursion
BOOT_CC:	  gcc version 2.95.2 19991024 (release)
BOOT_CFLAGS:	  -O2 -march=pentium -mcpu=pentium -g -fno-omit-frame-pointer -W -Wall -Wtraditional
CFLAGS:		  -O3 -march=pentium -mcpu=pentium -fomit-frame-pointer
CXXFLAGS:	  -O3 -march=pentium -mcpu=pentium -fomit-frame-pointer -g


Native configuration is i586-redhat6-linux-gnu

		=== libio tests ===


Running target unix

		=== libio Summary ===

# of expected passes		40
		=== libstdc++ tests ===


Running target unix
FAIL: tcomplex.cc execution
FAIL: tcomplex.cc -O output

		=== libstdc++ Summary ===

# of expected passes		27
# of unexpected failures	2
# of expected failures		1
		=== libg++ tests ===


Running target unix

		=== libg++ Summary ===

# of expected passes		72
		=== gcc tests ===


Running target unix
FAIL: gcc.c-torture/compile/991229-2.c,  -O0  
FAIL: gcc.c-torture/compile/labels-2.c,  -O2  
FAIL: gcc.c-torture/compile/labels-2.c,  -O3 -fomit-frame-pointer  
FAIL: gcc.c-torture/compile/labels-2.c,  -O3 -g  
FAIL: gcc.c-torture/compile/labels-2.c,  -Os  
FAIL: gcc.c-torture/execute/991112-1.c execution,  -O3 -fomit-frame-pointer 
FAIL: gcc.c-torture/execute/991112-1.c execution,  -O3 -g 
FAIL: gcc.c-torture/execute/991202-3.c execution,  -O0 
FAIL: gcc.c-torture/execute/991202-3.c execution,  -O1 
FAIL: gcc.c-torture/execute/991202-3.c execution,  -O2 
FAIL: gcc.c-torture/execute/991202-3.c execution,  -O3 -fomit-frame-pointer 
FAIL: gcc.c-torture/execute/991202-3.c execution,  -O3 -g 
FAIL: gcc.c-torture/execute/991202-3.c execution,  -Os 
FAIL: gcc.c-torture/execute/991221-1.c execution,  -O1 
FAIL: gcc.c-torture/execute/991221-1.c execution,  -O2 
FAIL: gcc.c-torture/execute/991221-1.c execution,  -O3 -fomit-frame-pointer 
FAIL: gcc.c-torture/execute/991221-1.c execution,  -O3 -g 
FAIL: gcc.c-torture/execute/991221-1.c execution,  -Os 
FAIL: gcc.c-torture/execute/complex-2.c execution,  -O1 
FAIL: gcc.c-torture/execute/conversion.c execution,  -O0 
FAIL: gcc.c-torture/execute/conversion.c execution,  -O1 
FAIL: gcc.c-torture/execute/cvt-1.c execution,  -O0 
FAIL: gcc.c-torture/execute/cvt-1.c execution,  -O1 
XPASS: gcc.c-torture/execute/ieee/980619-1.c execution,  -O1 
XPASS: gcc.c-torture/execute/ieee/980619-1.c execution,  -O2 
XPASS: gcc.c-torture/execute/ieee/980619-1.c execution,  -O3 -fomit-frame-pointer 
XPASS: gcc.c-torture/execute/ieee/980619-1.c execution,  -O3 -fomit-frame-pointer -funroll-loops 
XPASS: gcc.c-torture/execute/ieee/980619-1.c execution,  -O3 -fomit-frame-pointer -funroll-all-loops -finline-functions 
XPASS: gcc.c-torture/execute/ieee/980619-1.c execution,  -O3 -g 
XPASS: gcc.c-torture/execute/ieee/980619-1.c execution,  -Os 
FAIL: gcc.c-torture/execute/ieee/mzero2.c execution,  -O0 
FAIL: gcc.c-torture/execute/ieee/mzero2.c execution,  -O1 
FAIL: gcc.dg/990213-2.c (test for excess errors)
FAIL: gcc.dg/991214-1.c (test for excess errors)
FAIL: gcc.dg/cast-qual-1.c discarding \`const' warning (test for bogus messages, line 11)
FAIL: gcc.dg/cast-qual-1.c discarding \`const' warning (test for warnings, line 17)
FAIL: gcc.dg/compare1.c comparison between signed and unsigned (test for bogus messages, line 25)

		=== gcc Summary ===

# of expected passes		8963
# of unexpected failures	30
# of unexpected successes	7
# of expected failures		32
# of unsupported tests		14
/home/gnu/work/GNU/egcs-19991231-i586-redhat6-linux-gnu/gcc/xgcc version 2.96 19991231 (experimental)

		=== g++ tests ===


Running target unix

		=== g++ Summary ===

# of expected passes		5668
# of expected failures		98
# of untested testcases		7
/home/gnu/work/GNU/egcs-19991231-i586-redhat6-linux-gnu/gcc/testsuite/../xgcc version 2.96 19991231 (experimental)

		=== g77 tests ===


Running target unix
FAIL: g77.f-torture/execute/19990325-0.f execution,  -O0 
FAIL: g77.f-torture/execute/19990325-1.f execution,  -O2 -fomit-frame-pointer -finline-functions 
FAIL: g77.f-torture/execute/970625-2.f execution,  -O1 

		=== g77 Summary ===

# of expected passes		651
# of unexpected failures	3
		=== objc tests ===


Running target unix
FAIL: objc/execute/bf-1.m compilation,  -O 
FAIL: objc/execute/bf-10.m compilation,  -O 
FAIL: objc/execute/bf-11.m compilation,  -O 
FAIL: objc/execute/bf-12.m compilation,  -O 
FAIL: objc/execute/bf-13.m compilation,  -O 
FAIL: objc/execute/bf-14.m compilation,  -O 
FAIL: objc/execute/bf-15.m compilation,  -O 
FAIL: objc/execute/bf-16.m compilation,  -O 
FAIL: objc/execute/bf-17.m compilation,  -O 
FAIL: objc/execute/bf-18.m compilation,  -O 
FAIL: objc/execute/bf-19.m compilation,  -O 
FAIL: objc/execute/bf-2.m compilation,  -O 
FAIL: objc/execute/bf-3.m compilation,  -O 
FAIL: objc/execute/bf-4.m compilation,  -O 
FAIL: objc/execute/bf-5.m compilation,  -O 
FAIL: objc/execute/bf-6.m compilation,  -O 
FAIL: objc/execute/bf-7.m compilation,  -O 
FAIL: objc/execute/bf-8.m compilation,  -O 
FAIL: objc/execute/bf-9.m compilation,  -O 

		=== objc Summary ===

# of unexpected failures	19
# of untested testcases		19
/home/gnu/work/GNU/egcs-19991231-i586-redhat6-linux-gnu/gcc/xgcc version 2.96 19991231 (experimental)


Counting all warnings,
there are 162 warnings in stage3 of this bootstrap.

Number of warnings per file:
     14	../../../egcs-19991231/gcc/f/global.c
     12	../../../egcs-19991231/gcc/java/lex.c
     10	../../../egcs-19991231/gcc/f/storag.c
      8	../../../egcs-19991231/gcc/f/lex.c
      8	../../../egcs-19991231/gcc/f/equiv.c
      7	./parse.y
      5	../../egcs-19991231/gcc/final.c
      5	../../../egcs-19991231/gcc/f/expr.c
      4	cexp.y
      4	../../egcs-19991231/gcc/regmove.c
      4	../../egcs-19991231/gcc/config/i386/i386.c
      4	../../../egcs-19991231/gcc/f/target.c
      4	../../../egcs-19991231/gcc/f/ste.c
      4	../../../egcs-19991231/gcc/ch/actions.c
      4	../../../../egcs-19991231/libg++/src/AllocRing.cc
      3	../../egcs-19991231/gcc/varasm.c
      3	../../egcs-19991231/gcc/reload.c
      3	../../egcs-19991231/gcc/reg-stack.c
      3	../../egcs-19991231/gcc/genopinit.c
      3	../../egcs-19991231/gcc/gcc.c
      3	../../egcs-19991231/gcc/cccp.c
      3	../../egcs-19991231/gcc/c-typeck.c
      3	../../../egcs-19991231/gcc/f/com.c
      2	str-ot.j
      2	str-1t.j
      2	cc1plus
      2	../../egcs-19991231/gcc/unroll.c
      2	../../egcs-19991231/gcc/loop.c
      2	../../egcs-19991231/gcc/function.c
      2	../../egcs-19991231/gcc/fold-const.c
      2	../../egcs-19991231/gcc/expr.c
      2	../../../egcs-19991231/gcc/f/symbol.c
      2	../../../egcs-19991231/gcc/f/std.c
      2	../../../egcs-19991231/gcc/f/bad.c
      1	str-op.j
      1	str-nq.j
      1	str-io.j
      1	str-fo.j
      1	str-2t.j
      1	insn-output.c
      1	../../egcs-19991231/gcc/stupid.c
      1	../../egcs-19991231/gcc/stor-layout.c
      1	../../egcs-19991231/gcc/optabs.c
      1	../../egcs-19991231/gcc/local-alloc.c
      1	../../egcs-19991231/gcc/genattrtab.c
      1	../../egcs-19991231/gcc/gcov-io.h
      1	../../egcs-19991231/gcc/collect2.c
      1	../../egcs-19991231/gcc/builtins.c
      1	../../../egcs-19991231/gcc/f/malloc.c
      1	../../../egcs-19991231/gcc/cp/tree.c
      1	../../../egcs-19991231/gcc/cp/error.c
      1	../../../egcs-19991231/gcc/cp/decl.c
      1	../../../egcs-19991231/gcc/cp/class.c

Number of warning types:
     57	Use of ANSI string concatenation
     33	`???' might be used uninitialized in this function
     20	`long' switch expression not converted to `int' in ANSI C
     15	comparison between signed and unsigned
     14	format not a string literal, argument types not checked
     12	variable `???' might be clobbered by `longjmp' or `vfork'
      4	`???' is not a pointer-to-object type
      2	-fthis-is-variable is no longer supported
      1	unused variable `???'
      1	passing arg ??? of `???' discards qualifiers from pointer target type
      1	control reaches end of non-void function
      1	assignment from incompatible pointer type
      1	`???' defined but not used


More information about the Gcc-testresults mailing list