Results for 2.96 19991228 (experimental) testsuite on i586-pc-linux-gnulibc1
mrs@wrs.com
mrs@wrs.com
Tue Dec 28 18:30:00 GMT 1999
Native configuration is i586-pc-linux-gnulibc1
=== gcc tests ===
Running target unix
FAIL: gcc.c-torture/execute/991202-3.c execution, -O0
FAIL: gcc.c-torture/execute/991202-3.c execution, -O1
FAIL: gcc.c-torture/execute/991202-3.c execution, -O2
FAIL: gcc.c-torture/execute/991202-3.c execution, -O3 -fomit-frame-pointer
FAIL: gcc.c-torture/execute/991202-3.c execution, -O3 -g
FAIL: gcc.c-torture/execute/991202-3.c execution, -Os
FAIL: gcc.c-torture/execute/991221-1.c execution, -O1
FAIL: gcc.c-torture/execute/991221-1.c execution, -O2
FAIL: gcc.c-torture/execute/991221-1.c execution, -O3 -fomit-frame-pointer
FAIL: gcc.c-torture/execute/991221-1.c execution, -O3 -g
FAIL: gcc.c-torture/execute/991221-1.c execution, -Os
FAIL: gcc.c-torture/execute/complex-2.c execution, -O1
FAIL: gcc.c-torture/execute/conversion.c execution, -O0
FAIL: gcc.c-torture/execute/conversion.c execution, -O1
FAIL: gcc.c-torture/execute/cvt-1.c execution, -O0
FAIL: gcc.c-torture/execute/cvt-1.c execution, -O1
FAIL: gcc.c-torture/execute/ieee/mzero2.c execution, -O0
FAIL: gcc.c-torture/execute/ieee/mzero2.c execution, -O1
FAIL: gcc.dg/990213-2.c (test for excess errors)
FAIL: gcc.dg/991214-1.c (test for excess errors)
FAIL: gcc.dg/cast-qual-1.c discarding `const' warning (test for bogus messages, line 11)
FAIL: gcc.dg/cast-qual-1.c discarding `const' warning (test for warnings, line 17)
FAIL: gcc.dg/compare1.c comparison between signed and unsigned (test for bogus messages, line 25)
FAIL: gcc.dg/special/weak-1.c execution test
=== gcc Summary ===
# of expected passes 8946
# of unexpected failures 24
# of expected failures 32
# of unsupported tests 15
/mnt3/home/mrs/net/egcs-x86/gcc/xgcc version 2.96 19991228 (experimental)
=== g++ tests ===
Running target unix
FAIL: g++.dg/special/conpr-1.C execution test
FAIL: g++.dg/special/conpr-2.C execution test
FAIL: g++.dg/special/conpr-3.C execution test
FAIL: g++.dg/special/conpr-3.C execution test
FAIL: g++.ext/initp1.C Execution test
=== g++ Summary ===
# of expected passes 5664
# of unexpected failures 5
# of expected failures 97
# of untested testcases 8
/mnt3/home/mrs/net/egcs-x86/gcc/testsuite/../xgcc version 2.96 19991228 (experimental)
=== g77 tests ===
Running target unix
FAIL: g77.f-torture/compile/19990826-1.f, -O0
FAIL: g77.f-torture/compile/19990826-1.f, -O1
FAIL: g77.f-torture/compile/19990826-1.f, -O2
FAIL: g77.f-torture/compile/19990826-1.f, -O2 -fomit-frame-pointer -finline-functions
FAIL: g77.f-torture/compile/19990826-1.f, -Os
FAIL: g77.f-torture/execute/19990325-0.f execution, -O0
FAIL: g77.f-torture/execute/19990325-1.f execution, -O2 -fomit-frame-pointer -finline-functions
FAIL: g77.f-torture/execute/970625-2.f execution, -O1
=== g77 Summary ===
# of expected passes 646
# of unexpected failures 8
=== objc tests ===
Running target unix
=== objc Summary ===
# of expected passes 38
/mnt3/home/mrs/net/egcs-x86/gcc/xgcc version 2.96 19991228 (experimental)
=== libio tests ===
Running target unix
=== libio Summary ===
# of expected passes 40
=== libstdc++ tests ===
Running target unix
FAIL: tcomplex.cc execution
=== libstdc++ Summary ===
# of expected passes 28
# of unexpected failures 1
# of expected failures 1
Compiler version: 2.96 19991228 (experimental)
Platform: i586-pc-linux-gnulibc1
configure flags: --with-gcc-version-trigger=/mnt3/home/mrs/net/egcs/gcc/version.c --host=i586-pc-linux-gnulibc1 --with-gnu-as --with-gnu-ld --prefix=/usr/local/egcs-990614 --norecursion
More information about the Gcc-testresults
mailing list