Results for 2.96 19991221 (experimental) testsuite on i386-pc-solaris2.7

Alexandre Oliva oliva@lsd.ic.unicamp.br
Wed Dec 22 00:36:00 GMT 1999


Native configuration is i386-pc-solaris2.7

		=== g++ tests ===


Running target unix
FAIL: g++.other/new3.C  Execution test
FAIL: g++.other/vaarg3.C promote (test for errors, line 26)
XPASS: g++.pt/instantiate6.C (test for excess errors)

		=== g++ Summary ===

# of expected passes		5653
# of unexpected failures	2
# of unexpected successes	1
# of expected failures		96
# of untested testcases		14
/tmp/egcs/gcc/testsuite/../xgcc version 2.96 19991221 (experimental)

		=== g77 tests ===


Running target unix
FAIL: g77.f-torture/compile/19990826-1.f,  -O0  
FAIL: g77.f-torture/compile/19990826-1.f,  -O1  
FAIL: g77.f-torture/compile/19990826-1.f,  -O2  
FAIL: g77.f-torture/compile/19990826-1.f,  -O2 -fomit-frame-pointer -finline-functions  
FAIL: g77.f-torture/compile/19990826-1.f,  -Os  
FAIL: g77.f-torture/compile/19990826-3.f,  -O1  
FAIL: g77.f-torture/execute/19990325-0.f execution,  -O0 
FAIL: g77.f-torture/execute/19990325-1.f execution,  -O2 -fomit-frame-pointer -finline-functions 
FAIL: g77.f-torture/execute/970625-2.f execution,  -O1 

		=== g77 Summary ===

# of expected passes		645
# of unexpected failures	9
		=== gcc tests ===


Running target unix
FAIL: gcc.c-torture/compile/920428-2.c,  -O1  
FAIL: gcc.c-torture/compile/920928-2.c,  -O1  
FAIL: gcc.c-torture/execute/991112-1.c execution,  -O3 -fomit-frame-pointer 
FAIL: gcc.c-torture/execute/991112-1.c execution,  -O3 -g 
FAIL: gcc.c-torture/execute/991202-3.c execution,  -O0 
FAIL: gcc.c-torture/execute/991202-3.c execution,  -O1 
FAIL: gcc.c-torture/execute/991202-3.c execution,  -O2 
FAIL: gcc.c-torture/execute/991202-3.c execution,  -O3 -fomit-frame-pointer 
FAIL: gcc.c-torture/execute/991202-3.c execution,  -O3 -g 
FAIL: gcc.c-torture/execute/991202-3.c execution,  -Os 
FAIL: gcc.c-torture/execute/991221-1.c execution,  -O1 
FAIL: gcc.c-torture/execute/991221-1.c execution,  -O2 
FAIL: gcc.c-torture/execute/991221-1.c execution,  -O3 -fomit-frame-pointer 
FAIL: gcc.c-torture/execute/991221-1.c execution,  -O3 -g 
FAIL: gcc.c-torture/execute/991221-1.c execution,  -Os 
FAIL: gcc.c-torture/execute/complex-2.c execution,  -O1 
FAIL: gcc.c-torture/execute/conversion.c execution,  -O0 
FAIL: gcc.c-torture/execute/conversion.c execution,  -O1 
FAIL: gcc.c-torture/execute/cvt-1.c execution,  -O0 
FAIL: gcc.c-torture/execute/cvt-1.c execution,  -O1 
XPASS: gcc.c-torture/execute/ieee/980619-1.c execution,  -O1 
XPASS: gcc.c-torture/execute/ieee/980619-1.c execution,  -O2 
XPASS: gcc.c-torture/execute/ieee/980619-1.c execution,  -O3 -fomit-frame-pointer 
XPASS: gcc.c-torture/execute/ieee/980619-1.c execution,  -O3 -fomit-frame-pointer -funroll-loops 
XPASS: gcc.c-torture/execute/ieee/980619-1.c execution,  -O3 -fomit-frame-pointer -funroll-all-loops -finline-functions 
XPASS: gcc.c-torture/execute/ieee/980619-1.c execution,  -O3 -g 
XPASS: gcc.c-torture/execute/ieee/980619-1.c execution,  -Os 
FAIL: gcc.c-torture/execute/ieee/mzero2.c execution,  -O0 
FAIL: gcc.c-torture/execute/ieee/mzero2.c execution,  -O1 
FAIL: gcc.c-torture/unsorted/udconvert.c,  -O1  
FAIL: gcc.dg/990213-2.c (test for excess errors)
FAIL: gcc.dg/991209-1.c (test for excess errors)
FAIL: gcc.dg/991214-1.c (test for excess errors)
FAIL: gcc.dg/cast-qual-1.c discarding `const' warning (test for bogus messages, line 11)
FAIL: gcc.dg/cast-qual-1.c discarding `const' warning (test for warnings, line 17)
FAIL: gcc.dg/compare1.c comparison between signed and unsigned (test for bogus messages, line 25)

		=== gcc Summary ===

# of expected passes		8925
# of unexpected failures	29
# of unexpected successes	7
# of expected failures		32
# of unsupported tests		13
/tmp/egcs/gcc/xgcc version 2.96 19991221 (experimental)

		=== libg++ tests ===


Running target unix
FAIL: tBag.cc compilation
FAIL: tBitSet.cc compilation
FAIL: tBitString.cc compilation
FAIL: tRational.cc compilation
FAIL: tDeque.cc compilation
FAIL: tFile.cc compilation
FAIL: tFix.cc compilation
FAIL: tFix16.cc compilation
FAIL: tFix24.cc compilation
FAIL: tGetOpt.cc compilation
FAIL: tInteger.cc compilation
FAIL: tLList.cc compilation
FAIL: tList.cc compilation
FAIL: tMap.cc compilation
FAIL: tObstack.cc compilation
FAIL: tPQ.cc compilation
FAIL: tPlex.cc compilation
FAIL: tQueue.cc compilation
FAIL: tRandom.cc compilation
FAIL: tSet.cc compilation
FAIL: tStack.cc compilation
FAIL: tString.cc compilation
FAIL: tVec.cc compilation
FAIL: tiLList.cc compilation

		=== libg++ Summary ===

# of unexpected failures	24
# of expected failures		48
		=== libio tests ===


Running target unix

		=== libio Summary ===

# of expected passes		40
		=== libstdc++ tests ===


Running target unix
FAIL: tcomplex.cc execution
FAIL: tcomplex.cc -O execution

		=== libstdc++ Summary ===

# of expected passes		26
# of unexpected failures	2
# of expected failures		2
		=== objc tests ===


Running target unix
FAIL: objc/execute/bf-1.m compilation,  -O 
FAIL: objc/execute/bf-10.m compilation,  -O 
FAIL: objc/execute/bf-11.m compilation,  -O 
FAIL: objc/execute/bf-12.m compilation,  -O 
FAIL: objc/execute/bf-13.m compilation,  -O 
FAIL: objc/execute/bf-14.m compilation,  -O 
FAIL: objc/execute/bf-15.m compilation,  -O 
FAIL: objc/execute/bf-16.m compilation,  -O 
FAIL: objc/execute/bf-17.m compilation,  -O 
FAIL: objc/execute/bf-18.m compilation,  -O 
FAIL: objc/execute/bf-19.m compilation,  -O 
FAIL: objc/execute/bf-2.m compilation,  -O 
FAIL: objc/execute/bf-3.m compilation,  -O 
FAIL: objc/execute/bf-4.m compilation,  -O 
FAIL: objc/execute/bf-5.m compilation,  -O 
FAIL: objc/execute/bf-6.m compilation,  -O 
FAIL: objc/execute/bf-7.m compilation,  -O 
FAIL: objc/execute/bf-8.m compilation,  -O 
FAIL: objc/execute/bf-9.m compilation,  -O 

		=== objc Summary ===

# of unexpected failures	19
# of untested testcases		19
/tmp/egcs/gcc/xgcc version 2.96 19991221 (experimental)


Compiler version: 2.96 19991221 (experimental) 
Platform: i386-pc-solaris2.7

BOOT_CFLAGS: standard

Counting all warnings,
there are 354 warnings in stage3 of this bootstrap.

Number of warnings per file:
    103	./parse.y
     29	/home/phd/oliva/src/egcs/gcc/config/i386/gmon-sol2.c
     19	/home/phd/oliva/src/egcs/gcc/dwarfout.c
     14	/home/phd/oliva/src/egcs/gcc/f/global.c
     12	/home/phd/oliva/src/egcs/gcc/java/lex.c
     10	/home/phd/oliva/src/egcs/gcc/varasm.c
     10	/home/phd/oliva/src/egcs/gcc/f/storag.c
      8	/home/phd/oliva/src/egcs/gcc/java/parse.h
      8	/home/phd/oliva/src/egcs/gcc/f/lex.c
      8	/home/phd/oliva/src/egcs/gcc/f/equiv.c
      7	/home/phd/oliva/src/egcs/gcc/loop.c
      7	/home/phd/oliva/src/egcs/gcc/final.c
      5	/home/phd/oliva/src/egcs/gcc/f/expr.c
      4	cexp.y
      4	/home/phd/oliva/src/egcs/gcc/unroll.c
      4	/home/phd/oliva/src/egcs/gcc/reload.c
      4	/home/phd/oliva/src/egcs/gcc/regmove.c
      4	/home/phd/oliva/src/egcs/gcc/fold-const.c
      4	/home/phd/oliva/src/egcs/gcc/f/ste.c
      4	/home/phd/oliva/src/egcs/gcc/dwarf2out.c
      4	/home/phd/oliva/src/egcs/gcc/cse.c
      4	/home/phd/oliva/src/egcs/gcc/config/i386/i386.c
      4	/home/phd/oliva/src/egcs/gcc/ch/actions.c
      3	/home/phd/oliva/src/egcs/gcc/toplev.c
      3	/home/phd/oliva/src/egcs/gcc/regclass.c
      3	/home/phd/oliva/src/egcs/gcc/reg-stack.c
      3	/home/phd/oliva/src/egcs/gcc/genopinit.c
      3	/home/phd/oliva/src/egcs/gcc/gcc.c
      3	/home/phd/oliva/src/egcs/gcc/crtstuff.c
      3	/home/phd/oliva/src/egcs/gcc/cccp.c
      3	/home/phd/oliva/src/egcs/gcc/c-typeck.c
      2	str-ot.j
      2	str-1t.j
      2	/home/phd/oliva/src/egcs/gcc/local-alloc.c
      2	/home/phd/oliva/src/egcs/gcc/function.c
      2	/home/phd/oliva/src/egcs/gcc/flow.c
      2	/home/phd/oliva/src/egcs/gcc/f/symbol.c
      2	/home/phd/oliva/src/egcs/gcc/f/std.c
      2	/home/phd/oliva/src/egcs/gcc/f/com.c
      2	/home/phd/oliva/src/egcs/gcc/f/bad.c
      2	/home/phd/oliva/src/egcs/gcc/expr.c
      2	/home/phd/oliva/src/egcs/gcc/cpphash.c
      1	str-op.j
      1	str-nq.j
      1	str-io.j
      1	str-fo.j
      1	str-2t.j
      1	insn-output.c
      1	/home/phd/oliva/src/egcs/gcc/tree.c
      1	/home/phd/oliva/src/egcs/gcc/stupid.c
      1	/home/phd/oliva/src/egcs/gcc/stor-layout.c
      1	/home/phd/oliva/src/egcs/gcc/scan-decls.c
      1	/home/phd/oliva/src/egcs/gcc/reload1.c
      1	/home/phd/oliva/src/egcs/gcc/optabs.c
      1	/home/phd/oliva/src/egcs/gcc/java/jv-scan.c
      1	/home/phd/oliva/src/egcs/gcc/java/jcf-parse.c
      1	/home/phd/oliva/src/egcs/gcc/java/javaop.def
      1	/home/phd/oliva/src/egcs/gcc/java/expr.c
      1	/home/phd/oliva/src/egcs/gcc/hash.c
      1	/home/phd/oliva/src/egcs/gcc/genattrtab.c
      1	/home/phd/oliva/src/egcs/gcc/gcov-io.h
      1	/home/phd/oliva/src/egcs/gcc/emit-rtl.c
      1	/home/phd/oliva/src/egcs/gcc/diagnostic.c
      1	/home/phd/oliva/src/egcs/gcc/cppinit.c
      1	/home/phd/oliva/src/egcs/gcc/cp/tree.c
      1	/home/phd/oliva/src/egcs/gcc/cp/error.c
      1	/home/phd/oliva/src/egcs/gcc/cp/decl.c
      1	/home/phd/oliva/src/egcs/gcc/cp/class.c
      1	/home/phd/oliva/src/egcs/gcc/collect2.c
      1	/home/phd/oliva/src/egcs/gcc/builtins.c

Number of warning types:
    159	Use of ANSI string concatenation
     38	comparison between signed and unsigned
     38	`???' might be used uninitialized in this function
     16	format not a string literal, argument types not checked
     15	`long' switch expression not converted to `int' in ANSI C
     13	unused parameter `???'
     12	variable `???' might be clobbered by `longjmp' or `vfork'
     11	implicit declaration of function `???'
      8	macro arg `???' would be stringified with -traditional.
      7	unused variable `???'
      6	function `???' was previously declared within a block
      6	`return' with no value, in function returning non-void
      6	??? format, ??? arg (arg ???)
      5	`???' declared `static' but never defined
      4	return-type defaults to `int'
      4	control reaches end of non-void function
      2	`???' defined but not used
      1	type defaults to `int' in declaration of `???'
      1	passing arg ??? of `???' discards qualifiers from pointer target type
      1	assignment from incompatible pointer type
      1	assignment discards qualifiers from pointer target type


More information about the Gcc-testresults mailing list