Results for 2.96 19991214 (experimental) testsuite on hppa1.1-hp-hpux11.00

Brown, Rodney rodneybrown@pmsc.com
Thu Dec 16 05:08:00 GMT 1999


Title: Results for 2.96 19991214 (experimental) testsuite on hppa1.1-hp-hpux11.00





Native configuration is hppa1.1-hp-hpux11.00
gcc/gcse.c - compiled with -0, ICE compiling with -O2
gcc/haifa-sched.c - compiled with -O, ICE compiling with -O2
-- Need to install gawk for the warnings summary to work properly


                === libio tests ===



Running target unix
FAIL: tFile.cc compilation 
FAIL: tFile.cc compilation -b0
FAIL: tFile.cc compilation -b3


                === libio Summary ===


# of expected passes            31
# of unexpected failures        3
 of expected failures           6
                === libstdc++ tests ===



Running target unix
FAIL: tstring.cc -O execution


                === libstdc++ Summary ===


# of expected passes            28
# of unexpected failures        1
# of expected failures          1
                === gcc tests ===



Running target unix
FAIL: gcc.c-torture/compile/991213-1.c,  -O1  
FAIL: gcc.c-torture/compile/991213-1.c,  -O2  
FAIL: gcc.c-torture/compile/991213-1.c,  -O3 -fomit-frame-pointer  
FAIL: gcc.c-torture/compile/991213-1.c,  -O3 -fomit-frame-pointer -funroll-loops  
FAIL: gcc.c-torture/compile/991213-1.c,  -O3 -fomit-frame-pointer -funroll-all-loops -finline-functions  
FAIL: gcc.c-torture/compile/991213-1.c,  -O3 -g  
FAIL: gcc.c-torture/compile/991213-1.c,  -Os  
FAIL: gcc.c-torture/execute/980716-1.c execution,  -O0 
FAIL: gcc.c-torture/execute/991202-3.c execution,  -O0 
FAIL: gcc.c-torture/execute/991202-3.c execution,  -O1 
FAIL: gcc.c-torture/execute/991202-3.c execution,  -O2 
FAIL: gcc.c-torture/execute/991202-3.c execution,  -O3 -fomit-frame-pointer 
FAIL: gcc.c-torture/execute/991202-3.c execution,  -O3 -g 
FAIL: gcc.c-torture/execute/991202-3.c execution,  -Os 
FAIL: gcc.c-torture/execute/strct-stdarg-1.c execution,  -O0 
FAIL: gcc.c-torture/execute/strct-stdarg-1.c execution,  -O1 
FAIL: gcc.c-torture/execute/strct-stdarg-1.c execution,  -O2 
FAIL: gcc.c-torture/execute/strct-stdarg-1.c execution,  -O3 -fomit-frame-pointer 
FAIL: gcc.c-torture/execute/strct-stdarg-1.c execution,  -O3 -fomit-frame-pointer -funroll-loops 
FAIL: gcc.c-torture/execute/strct-stdarg-1.c execution,  -O3 -fomit-frame-pointer -funroll-all-loops -finline-functions 

FAIL: gcc.c-torture/execute/strct-stdarg-1.c execution,  -O3 -g 
FAIL: gcc.c-torture/execute/strct-stdarg-1.c execution,  -Os 
FAIL: gcc.c-torture/execute/ieee/fp-cmp-1.c execution,  -O0 
FAIL: gcc.c-torture/execute/ieee/fp-cmp-2.c execution,  -O0 
FAIL: gcc.c-torture/execute/ieee/fp-cmp-3.c execution,  -O0 
FAIL: gcc.c-torture/execute/ieee/mzero2.c execution,  -O1 
FAIL: gcc.c-torture/execute/ieee/mzero2.c execution,  -O2 
FAIL: gcc.c-torture/execute/ieee/mzero2.c execution,  -O3 -fomit-frame-pointer 
FAIL: gcc.c-torture/execute/ieee/mzero2.c execution,  -O3 -g 
FAIL: gcc.c-torture/execute/ieee/mzero2.c execution,  -Os 
FAIL: gcc.dg/cast-qual-1.c discarding \`const' warning (test for bogus messages, line 11)
FAIL: gcc.dg/cast-qual-1.c discarding \`const' warning (test for warnings, line 17)
FAIL: gcc.dg/compare1.c comparison between signed and unsigned (test for bogus messages, line 25)


                === gcc Summary ===


# of expected passes            8813
# of unexpected failures        33
# of expected failures          32
# of unresolved testcases       3
# of unsupported tests          32
/devel/src/egcs-19991214.obj/gcc/xgcc version 2.96 19991214 (experimental) 
                === g++ tests ===



Running target unix
FAIL: g++.eh/fntry1.C  Execution test
FAIL: g++.eh/vbase1.C  Execution test
FAIL: g++.ext/attrib5.C (test for excess errors)
FAIL: g++.jason/cast3.C (test for excess errors)
FAIL: g++.law/profile1.C (test for excess errors)
FAIL: g++.mike/eh16.C  Execution test
FAIL: g++.mike/eh17.C  Execution test
XPASS: g++.mike/eh33.C (test for excess errors)
XPASS: g++.mike/eh33.C  Execution test
XPASS: g++.mike/eh50.C (test for excess errors)
XPASS: g++.mike/eh50.C  Execution test
FAIL: g++.oliva/thunk1.C (test for excess errors)
FAIL: g++.other/syntax1.C caused compiler crash
FAIL: g++.other/syntax2.C caused compiler crash
XPASS: g++.pt/instantiate6.C (test for excess errors)
FAIL: g++.pt/static6.C (test for excess errors)
FAIL: g++.robertl/eb73.C (test for excess errors)


                === g++ Summary ===


# of expected passes            5621
# of unexpected failures        12
# of unexpected successes       5
# of expected failures          100
# of untested testcases         17
/devel/src/egcs-19991214.obj/gcc/testsuite/../xgcc version 2.96 19991214 (experimental) 
                === g77 tests ===



Running target unix
FAIL: g77.f-torture/compile/19990826-1.f,  -O0  
FAIL: g77.f-torture/compile/19990826-1.f,  -O1  
FAIL: g77.f-torture/compile/19990826-1.f,  -O2  
FAIL: g77.f-torture/compile/19990826-1.f,  -O2 -fomit-frame-pointer -finline-functions  
FAIL: g77.f-torture/compile/19990826-1.f,  -Os  


                === g77 Summary ===


# of expected passes            649
# of unexpected failures        5
                === objc tests ===



Running target unix


                === objc Summary ===


# of expected passes            38
/devel/src/egcs-19991214.obj/gcc/xgcc version 2.96 19991214 (experimental) 


Compiler version: 2.96 19991214 (experimental) 
Platform: hppa1.1-hp-hpux11.00
configure flags: --with-gcc-version-trigger=/devel/src/egcs-19991214/gcc/version.c --host=hppa1.1-hp-hpux11.00 --with-gnu-as --norecursion





More information about the Gcc-testresults mailing list