Results for 2.96 19991215 (experimental) testsuite on alphaev6-unknown-linux-gnu

Brad Lucier lucier@popov.math.purdue.edu
Wed Dec 15 07:57:00 GMT 1999


Native configuration is alphaev6-unknown-linux-gnu

		=== libio tests ===


Running target unix

		=== libio Summary ===

# of expected passes		40
		=== libstdc++ tests ===


Running target unix
FAIL: tstring.cc -O execution

		=== libstdc++ Summary ===

# of expected passes		28
# of unexpected failures	1
# of expected failures		1
		=== gcc tests ===


Running target unix
FAIL: gcc.c-torture/compile/991213-1.c,  -O1  
FAIL: gcc.c-torture/compile/991213-1.c,  -O2  
FAIL: gcc.c-torture/compile/991213-1.c,  -O3 -fomit-frame-pointer  
FAIL: gcc.c-torture/compile/991213-1.c,  -O3 -fomit-frame-pointer -funroll-loops  
FAIL: gcc.c-torture/compile/991213-1.c,  -O3 -fomit-frame-pointer -funroll-all-loops -finline-functions  
FAIL: gcc.c-torture/compile/991213-1.c,  -O3 -g  
FAIL: gcc.c-torture/compile/991213-1.c,  -Os  
FAIL: gcc.c-torture/execute/930529-1.c execution,  -O3 -fomit-frame-pointer 
FAIL: gcc.c-torture/execute/930529-1.c execution,  -O3 -fomit-frame-pointer -funroll-loops 
FAIL: gcc.c-torture/execute/930529-1.c execution,  -O3 -fomit-frame-pointer -funroll-all-loops -finline-functions 
FAIL: gcc.c-torture/execute/930529-1.c execution,  -O3 -g 
FAIL: gcc.c-torture/execute/991202-3.c execution,  -O0 
FAIL: gcc.c-torture/execute/991202-3.c execution,  -O1 
FAIL: gcc.c-torture/execute/991202-3.c execution,  -O2 
FAIL: gcc.c-torture/execute/991202-3.c execution,  -O3 -fomit-frame-pointer 
FAIL: gcc.c-torture/execute/991202-3.c execution,  -O3 -g 
FAIL: gcc.c-torture/execute/991202-3.c execution,  -Os 
FAIL: gcc.c-torture/execute/ieee/fp-cmp-2.c execution,  -O0 
FAIL: gcc.c-torture/execute/ieee/fp-cmp-2.c execution,  -O1 
FAIL: gcc.c-torture/execute/ieee/fp-cmp-2.c execution,  -O2 
FAIL: gcc.c-torture/execute/ieee/fp-cmp-2.c execution,  -O3 -fomit-frame-pointer 
FAIL: gcc.c-torture/execute/ieee/fp-cmp-2.c execution,  -O3 -fomit-frame-pointer -funroll-loops 
FAIL: gcc.c-torture/execute/ieee/fp-cmp-2.c execution,  -O3 -fomit-frame-pointer -funroll-all-loops -finline-functions 
FAIL: gcc.c-torture/execute/ieee/fp-cmp-2.c execution,  -O3 -g 
FAIL: gcc.c-torture/execute/ieee/fp-cmp-2.c execution,  -Os 
FAIL: gcc.c-torture/execute/ieee/mzero2.c execution,  -O0 
FAIL: gcc.c-torture/execute/ieee/mzero2.c execution,  -O1 
FAIL: gcc.c-torture/execute/ieee/mzero2.c execution,  -O2 
FAIL: gcc.c-torture/execute/ieee/mzero2.c execution,  -O3 -fomit-frame-pointer 
FAIL: gcc.c-torture/execute/ieee/mzero2.c execution,  -O3 -g 
FAIL: gcc.c-torture/execute/ieee/mzero2.c execution,  -Os 
XPASS: gcc.c-torture/execute/memcheck/blkarg.c execution,  -O0 
XPASS: gcc.c-torture/execute/memcheck/blkarg.c execution,  -O1 
XPASS: gcc.c-torture/execute/memcheck/blkarg.c execution,  -O2 
XPASS: gcc.c-torture/execute/memcheck/blkarg.c execution,  -Os 
FAIL: gcc.dg/cast-qual-1.c discarding `const' warning (test for bogus messages, line 11)
FAIL: gcc.dg/cast-qual-1.c discarding `const' warning (test for warnings, line 17)
FAIL: gcc.dg/compare1.c comparison between signed and unsigned (test for bogus messages, line 25)

		=== gcc Summary ===

# of expected passes		8822
# of unexpected failures	34
# of unexpected successes	4
# of expected failures		28
# of unsupported tests		30
/export/u11/lucier/programs/egcs/objdir-test/gcc/xgcc version 2.96 19991215 (experimental)

		=== g++ tests ===


Running target unix
FAIL: g++.oliva/template7.C caused compiler crash
XPASS: g++.pt/instantiate6.C (test for excess errors)

		=== g++ Summary ===

# of expected passes		5640
# of unexpected failures	1
# of unexpected successes	1
# of expected failures		96
# of untested testcases		17
/export/u11/lucier/programs/egcs/objdir-test/gcc/testsuite/../xgcc version 2.96 19991215 (experimental)

		=== g77 tests ===


Running target unix
FAIL: g77.f-torture/compile/19990826-1.f,  -O0  
FAIL: g77.f-torture/compile/19990826-1.f,  -O1  
FAIL: g77.f-torture/compile/19990826-1.f,  -O2  
FAIL: g77.f-torture/compile/19990826-1.f,  -O2 -fomit-frame-pointer -finline-functions  
FAIL: g77.f-torture/compile/19990826-1.f,  -Os  

		=== g77 Summary ===

# of expected passes		649
# of unexpected failures	5
		=== objc tests ===


Running target unix
FAIL: objc/execute/bf-10.m execution,  -O 
FAIL: objc/execute/bf-16.m execution,  -O 
FAIL: objc/execute/bf-17.m execution,  -O 

		=== objc Summary ===

# of expected passes		35
# of unexpected failures	3
/export/u11/lucier/programs/egcs/objdir-test/gcc/xgcc version 2.96 19991215 (experimental)


Compiler version: 2.96 19991215 (experimental) 
Platform: alphaev6-unknown-linux-gnu
configure flags: --with-gcc-version-trigger=/export/u11/lucier/programs/egcs/gcc/version.c --host=alphaev6-unknown-linux-gnu --prefix=/export/u10/egcs-test --norecursion
Counting all warnings,
there are 509 warnings in stage3 of this bootstrap.

Number of warnings per file:
    217	/usr/include/bits/string2.h
    103	./parse.y
     14	../../../gcc/f/global.c
     12	../../../gcc/java/lex.c
     10	../../../gcc/f/storag.c
      8	../../gcc/final.c
      8	../../../gcc/java/parse.h
      8	../../../gcc/f/lex.c
      8	../../../gcc/f/equiv.c
      6	../../gcc/reload.c
      5	../../gcc/config/alpha/alpha.c
      5	../../../gcc/f/expr.c
      4	cexp.y
      4	../../gcc/unroll.c
      4	../../gcc/sdbout.c
      4	../../gcc/reload1.c
      4	../../gcc/regmove.c
      4	../../gcc/gcc.c
      4	../../gcc/fold-const.c
      4	../../gcc/expr.c
      4	../../gcc/cse.c
      4	../../../gcc/f/ste.c
      3	/usr/include/bits/mathinline.h
      3	../../gcc/varasm.c
      3	../../gcc/loop.c
      3	../../gcc/genopinit.c
      3	../../gcc/cccp.c
      3	../../gcc/c-typeck.c
      3	../../../gcc/java/gjavah.c
      2	str-ot.j
      2	str-1t.j
      2	insn-recog.c
      2	../../gcc/optabs.c
      2	../../gcc/local-alloc.c
      2	../../gcc/function.c
      2	../../gcc/flow.c
      2	../../../gcc/f/symbol.c
      2	../../../gcc/f/std.c
      2	../../../gcc/f/com.c
      2	../../../gcc/f/bad.c
      1	str-op.j
      1	str-nq.j
      1	str-io.j
      1	str-fo.j
      1	str-2t.j
      1	../../gcc/tree.c
      1	../../gcc/toplev.c
      1	../../gcc/stupid.c
      1	../../gcc/stor-layout.c
      1	../../gcc/regclass.c
      1	../../gcc/hash.c
      1	../../gcc/gcov-io.h
      1	../../gcc/emit-rtl.c
      1	../../gcc/collect2.c
      1	../../gcc/calls.c
      1	../../../gcc/java/jv-scan.c
      1	../../../gcc/java/jcf-parse.c
      1	../../../gcc/java/javaop.def
      1	../../../gcc/java/expr.c
      1	../../../gcc/cp/tree.c
      1	../../../gcc/cp/error.c
      1	../../../gcc/cp/decl.c

Number of warning types:
    237	`long' switch expression not converted to `int' in ANSI C
    160	Use of ANSI string concatenation
     27	`???' might be used uninitialized in this function
     20	comparison between signed and unsigned
     16	unused parameter `???'
     16	format not a string literal, argument types not checked
     12	variable `???' might be clobbered by `longjmp' or `vfork'
      8	macro arg `???' would be stringified with -traditional.
      4	`???' declared `static' but never defined
      3	white space at end of line in string
      2	unused variable `???'
      1	passing arg ??? of `???' discards qualifiers from pointer target type
      1	implicit declaration of function `???'
      1	assignment from incompatible pointer type
      1	`???' defined but not used


More information about the Gcc-testresults mailing list