Results for 2.96 19991214 (experimental) testsuite on hppa2.0-hp-hpux10.20
Brown, Rodney
rodneybrown@pmsc.com
Wed Dec 15 05:05:00 GMT 1999
Title: Results for 2.96 19991214 (experimental) testsuite on hppa2.0-hp-hpux10.20
Native configuration is hppa2.0-hp-hpux10.20
gcc/gcse.c - compiled with -0, ICE compiling with -O2
gcc/haifa-sched.c - compiled with -O, ICE compiling with -O2
ÃÂ ÃÂ ÃÂ ÃÂ ÃÂ ÃÂ ÃÂ ÃÂ ÃÂ ÃÂ ÃÂ ÃÂ ÃÂ ÃÂ === libio tests ===
Running target unix
FAIL: tFile.cc compilation
FAIL: tFile.cc compilation -b0
FAIL: tFile.cc compilation -b3
ÃÂ ÃÂ ÃÂ ÃÂ ÃÂ ÃÂ ÃÂ ÃÂ ÃÂ ÃÂ ÃÂ ÃÂ ÃÂ ÃÂ === libio Summary ===
# of expected passesÃÂ ÃÂ ÃÂ ÃÂ ÃÂ ÃÂ ÃÂ ÃÂ ÃÂ ÃÂ 31
# of unexpected failuresÃÂ ÃÂ ÃÂ ÃÂ ÃÂ ÃÂ ÃÂ 3
# of expected failuresÃÂ ÃÂ ÃÂ ÃÂ ÃÂ ÃÂ ÃÂ ÃÂ 6
ÃÂ ÃÂ ÃÂ ÃÂ ÃÂ ÃÂ ÃÂ ÃÂ ÃÂ ÃÂ ÃÂ ÃÂ ÃÂ ÃÂ === libstdc++ tests ===
Running target unix
FAIL: tstring.cc -O execution
ÃÂ ÃÂ ÃÂ ÃÂ ÃÂ ÃÂ ÃÂ ÃÂ ÃÂ ÃÂ ÃÂ ÃÂ ÃÂ ÃÂ === libstdc++ Summary ===
# of expected passesÃÂ ÃÂ ÃÂ ÃÂ ÃÂ ÃÂ ÃÂ ÃÂ ÃÂ ÃÂ 28
# of unexpected failuresÃÂ ÃÂ ÃÂ ÃÂ ÃÂ ÃÂ ÃÂ 1
# of expected failuresÃÂ ÃÂ ÃÂ ÃÂ ÃÂ ÃÂ ÃÂ ÃÂ 1
ÃÂ ÃÂ ÃÂ ÃÂ ÃÂ ÃÂ ÃÂ ÃÂ ÃÂ ÃÂ ÃÂ ÃÂ ÃÂ ÃÂ === gcc tests ===
Running target unix
FAIL: gcc.c-torture/compile/991213-1.c,ÃÂ -O1ÃÂ
FAIL: gcc.c-torture/compile/991213-1.c,ÃÂ -O2ÃÂ
FAIL: gcc.c-torture/compile/991213-1.c,ÃÂ -O3 -fomit-frame-pointerÃÂ
FAIL: gcc.c-torture/compile/991213-1.c,ÃÂ -O3 -fomit-frame-pointer -funroll-loopsÃÂ
FAIL: gcc.c-torture/compile/991213-1.c,ÃÂ -O3 -fomit-frame-pointer -funroll-all-loops -finline-functionsÃÂ
FAIL: gcc.c-torture/compile/991213-1.c,ÃÂ -O3 -gÃÂ
FAIL: gcc.c-torture/compile/991213-1.c,ÃÂ -OsÃÂ
FAIL: gcc.c-torture/execute/980716-1.c execution,ÃÂ -O0
FAIL: gcc.c-torture/execute/991202-3.c execution,ÃÂ -O0
FAIL: gcc.c-torture/execute/991202-3.c execution,ÃÂ -O1
FAIL: gcc.c-torture/execute/991202-3.c execution,ÃÂ -O2
FAIL: gcc.c-torture/execute/991202-3.c execution,ÃÂ -O3 -fomit-frame-pointer
FAIL: gcc.c-torture/execute/991202-3.c execution,ÃÂ -O3 -g
FAIL: gcc.c-torture/execute/991202-3.c execution,ÃÂ -Os
FAIL: gcc.c-torture/execute/strct-stdarg-1.c execution,ÃÂ -O0
FAIL: gcc.c-torture/execute/strct-stdarg-1.c execution,ÃÂ -O1
FAIL: gcc.c-torture/execute/strct-stdarg-1.c execution,ÃÂ -O2
FAIL: gcc.c-torture/execute/strct-stdarg-1.c execution,ÃÂ -O3 -fomit-frame-pointer
FAIL: gcc.c-torture/execute/strct-stdarg-1.c execution,ÃÂ -O3 -fomit-frame-pointer -funroll-loops
FAIL: gcc.c-torture/execute/strct-stdarg-1.c execution,ÃÂ -O3 -fomit-frame-pointer -funroll-all-loops -finline-functions
FAIL: gcc.c-torture/execute/strct-stdarg-1.c execution,ÃÂ -O3 -g
FAIL: gcc.c-torture/execute/strct-stdarg-1.c execution,ÃÂ -Os
FAIL: gcc.c-torture/execute/ieee/fp-cmp-1.c execution,ÃÂ -O0
FAIL: gcc.c-torture/execute/ieee/fp-cmp-2.c execution,ÃÂ -O0
FAIL: gcc.c-torture/execute/ieee/fp-cmp-3.c execution,ÃÂ -O0
FAIL: gcc.c-torture/execute/ieee/mzero2.c execution,ÃÂ -O1
FAIL: gcc.c-torture/execute/ieee/mzero2.c execution,ÃÂ -O2
FAIL: gcc.c-torture/execute/ieee/mzero2.c execution,ÃÂ -O3 -fomit-frame-pointer
FAIL: gcc.c-torture/execute/ieee/mzero2.c execution,ÃÂ -O3 -g
FAIL: gcc.c-torture/execute/ieee/mzero2.c execution,ÃÂ -Os
FAIL: gcc.dg/cast-qual-1.c discarding \`const' warning (test for bogus messages, line 11)
FAIL: gcc.dg/cast-qual-1.c discarding \`const' warning (test for warnings, line 17)
FAIL: gcc.dg/compare1.c comparison between signed and unsigned (test for bogus messages, line 25)
ÃÂ ÃÂ ÃÂ ÃÂ ÃÂ ÃÂ ÃÂ ÃÂ ÃÂ ÃÂ ÃÂ ÃÂ ÃÂ ÃÂ === gcc Summary ===
# of expected passesÃÂ ÃÂ ÃÂ ÃÂ ÃÂ ÃÂ ÃÂ ÃÂ ÃÂ ÃÂ 8813
# of unexpected failuresÃÂ ÃÂ ÃÂ ÃÂ ÃÂ ÃÂ ÃÂ 33
# of expected failuresÃÂ ÃÂ ÃÂ ÃÂ ÃÂ ÃÂ ÃÂ ÃÂ 32
# of unresolved testcasesÃÂ ÃÂ ÃÂ ÃÂ ÃÂ ÃÂ 3
# of unsupported testsÃÂ ÃÂ ÃÂ ÃÂ ÃÂ ÃÂ ÃÂ ÃÂ 32
/devel/span/rdb/src/egcs-19991214.obj/gcc/xgcc version 2.96 19991214 (experimental)
ÃÂ ÃÂ ÃÂ ÃÂ ÃÂ ÃÂ ÃÂ ÃÂ ÃÂ ÃÂ ÃÂ ÃÂ ÃÂ ÃÂ === g++ tests ===
Running target unix
FAIL: g++.eh/fntry1.CÃÂ Execution test
FAIL: g++.eh/vbase1.CÃÂ Execution test
FAIL: g++.ext/attrib5.C (test for excess errors)
FAIL: g++.jason/cast3.C (test for excess errors)
FAIL: g++.mike/eh16.CÃÂ Execution test
FAIL: g++.mike/eh17.CÃÂ Execution test
XPASS: g++.mike/eh33.C (test for excess errors)
XPASS: g++.mike/eh33.CÃÂ Execution test
XPASS: g++.mike/eh50.C (test for excess errors)
XPASS: g++.mike/eh50.CÃÂ Execution test
FAIL: g++.oliva/thunk1.C (test for excess errors)
FAIL: g++.other/syntax1.C caused compiler crash
FAIL: g++.other/syntax2.C caused compiler crash
XPASS: g++.pt/instantiate6.C (test for excess errors)
FAIL: g++.pt/static6.C (test for excess errors)
FAIL: g++.robertl/eb73.C (test for excess errors)
ÃÂ ÃÂ ÃÂ ÃÂ ÃÂ ÃÂ ÃÂ ÃÂ ÃÂ ÃÂ ÃÂ ÃÂ ÃÂ ÃÂ === g++ Summary ===
# of expected passesÃÂ ÃÂ ÃÂ ÃÂ ÃÂ ÃÂ ÃÂ ÃÂ ÃÂ ÃÂ 5623
# of unexpected failuresÃÂ ÃÂ ÃÂ ÃÂ ÃÂ ÃÂ ÃÂ 11
# of unexpected successesÃÂ ÃÂ ÃÂ ÃÂ ÃÂ ÃÂ 5
# of expected failuresÃÂ ÃÂ ÃÂ ÃÂ ÃÂ ÃÂ ÃÂ ÃÂ 99
# of untested testcases ÃÂ ÃÂ ÃÂ ÃÂ ÃÂ ÃÂ ÃÂ 17
/devel/span/rdb/src/egcs-19991214.obj/gcc/testsuite/../xgcc version 2.96 19991214 (experimental)
ÃÂ ÃÂ ÃÂ ÃÂ ÃÂ ÃÂ ÃÂ ÃÂ ÃÂ ÃÂ ÃÂ ÃÂ ÃÂ ÃÂ === g77 tests ===
Running target unix
FAIL: g77.f-torture/compile/19990826-1.f,ÃÂ -O0ÃÂ
FAIL: g77.f-torture/compile/19990826-1.f,ÃÂ -O1ÃÂ
FAIL: g77.f-torture/compile/19990826-1.f,ÃÂ -O2ÃÂ
FAIL: g77.f-torture/compile/19990826-1.f,ÃÂ -O2 -fomit-frame-pointer -finline-functionsÃÂ
FAIL: g77.f-torture/compile/19990826-1.f,ÃÂ -OsÃÂ
ÃÂ ÃÂ ÃÂ ÃÂ ÃÂ ÃÂ ÃÂ ÃÂ ÃÂ ÃÂ ÃÂ ÃÂ ÃÂ ÃÂ === g77 Summary ===
# of expected passesÃÂ ÃÂ ÃÂ ÃÂ ÃÂ ÃÂ ÃÂ ÃÂ ÃÂ ÃÂ 649
# of unexpected failuresÃÂ ÃÂ ÃÂ ÃÂ ÃÂ ÃÂ ÃÂ 5
ÃÂ ÃÂ ÃÂ ÃÂ ÃÂ ÃÂ ÃÂ ÃÂ ÃÂ ÃÂ ÃÂ ÃÂ ÃÂ ÃÂ === objc tests ===
Running target unix
ÃÂ ÃÂ ÃÂ ÃÂ ÃÂ ÃÂ ÃÂ ÃÂ ÃÂ ÃÂ ÃÂ ÃÂ ÃÂ ÃÂ === objc Summary ===
# of expected passesÃÂ ÃÂ ÃÂ ÃÂ ÃÂ ÃÂ ÃÂ ÃÂ ÃÂ ÃÂ 38
/devel/span/rdb/src/egcs-19991214.obj/gcc/xgcc version 2.96 19991214 (experimental)
Compiler version: 2.96 19991214 (experimental)
Platform: hppa2.0-hp-hpux10.20
configure flags: --with-gcc-version-trigger=/devel/span/rdb/src/egcs-19991214/gcc/version.c --host=hppa2.0-hp-hpux10.20 --with-gnu-as --norecursion
Counting all warnings,
there are 556 warnings in stage3 of this bootstrap.
Number of warnings per file:
ÃÂ 103 ./parse.y
ÃÂ 38 ../../egcs-19991214/gcc/config/pa/pa.c
ÃÂ 30 ../../egcs-19991214/gcc/combine.c
ÃÂ 29 ../../egcs-19991214/gcc/expmed.c
ÃÂ 25 ../../egcs-19991214/gcc/optabs.c
ÃÂ 24 ../../egcs-19991214/gcc/expr.c
ÃÂ 21 ../../egcs-19991214/gcc/cse.c
ÃÂ 15 ../../egcs-19991214/gcc/c-common.c
ÃÂ 14 ../../egcs-19991214/gcc/reload1.c
ÃÂ 14 ../../egcs-19991214/gcc/calls.c
ÃÂ 14 ../../../egcs-19991214/gcc/f/global.c
ÃÂ 13 ../../egcs-19991214/gcc/recog.c
ÃÂ 12 ../../../egcs-19991214/gcc/java/lex.c
ÃÂ 12 ../../../egcs-19991214/gcc/f/com.c
ÃÂ 10 ../../egcs-19991214/gcc/function.c
ÃÂ 10 ../../../egcs-19991214/gcc/f/storag.c
ÃÂ ÃÂ 8 ../../egcs-19991214/gcc/unroll.c
ÃÂ ÃÂ 8 ../../../egcs-19991214/gcc/java/parse.h
ÃÂ ÃÂ 8 ../../../egcs-19991214/gcc/f/lex.c
ÃÂ ÃÂ 8 ../../../egcs-19991214/gcc/f/equiv.c
ÃÂ ÃÂ 7 ../../egcs-19991214/gcc/reload.c
ÃÂ ÃÂ 7 ../../egcs-19991214/gcc/emit-rtl.c
ÃÂ ÃÂ 6 ../../egcs-19991214/gcc/varasm.c
ÃÂ ÃÂ 6 ../../egcs-19991214/gcc/final.c
ÃÂ ÃÂ 6 ../../../egcs-19991214/gcc/java/typeck.c
ÃÂ ÃÂ 5 insn-recog.c
ÃÂ ÃÂ 5 ../../egcs-19991214/gcc/simplify-rtx.c
ÃÂ ÃÂ 5 ../../../egcs-19991214/gcc/f/expr.c
ÃÂ ÃÂ 4 cexp.y
ÃÂ ÃÂ 4 ../../egcs-19991214/gcc/regmove.c
ÃÂ ÃÂ 4 ../../egcs-19991214/gcc/loop.c
ÃÂ ÃÂ 4 ../../egcs-19991214/gcc/fold-const.c
ÃÂ ÃÂ 4 ../../egcs-19991214/gcc/collect2.c
ÃÂ ÃÂ 4 ../../../egcs-19991214/gcc/f/ste.c
ÃÂ ÃÂ 3 ../../egcs-19991214/gcc/toplev.c
ÃÂ ÃÂ 3 ../../egcs-19991214/gcc/stmt.c
ÃÂ ÃÂ 3 ../../egcs-19991214/gcc/integrate.c
ÃÂ ÃÂ 3 ../../egcs-19991214/gcc/genopinit.c
ÃÂ ÃÂ 3 ../../egcs-19991214/gcc/gcc.c
ÃÂ ÃÂ 3 ../../egcs-19991214/gcc/explow.c
ÃÂ ÃÂ 3 ../../egcs-19991214/gcc/cccp.c
ÃÂ ÃÂ 3 ../../egcs-19991214/gcc/c-typeck.c
ÃÂ ÃÂ 3 ../../egcs-19991214/gcc/alias.c
ÃÂ ÃÂ 3 ../../../egcs-19991214/gcc/java/gjavah.c
ÃÂ ÃÂ 2 str-ot.j
ÃÂ ÃÂ 2 str-1t.j
ÃÂ ÃÂ 2 ../../egcs-19991214/gcc/reorg.c
ÃÂ ÃÂ 2 ../../egcs-19991214/gcc/regclass.c
ÃÂ ÃÂ 2 ../../egcs-19991214/gcc/local-alloc.c
ÃÂ ÃÂ 2 ../../egcs-19991214/gcc/flow.c
ÃÂ ÃÂ 2 ../../egcs-19991214/gcc/builtins.c
ÃÂ ÃÂ 2 ../../../egcs-19991214/gcc/f/symbol.c
ÃÂ ÃÂ 2 ../../../egcs-19991214/gcc/f/std.c
ÃÂ ÃÂ 2 ../../../egcs-19991214/gcc/f/bad.c
ÃÂ ÃÂ 1 str-op.j
ÃÂ ÃÂ 1 str-nq.j
ÃÂ ÃÂ 1 str-io.j
ÃÂ ÃÂ 1 str-fo.j
ÃÂ ÃÂ 1 str-2t.j
ÃÂ ÃÂ 1 ../../egcs-19991214/gcc/tree.c
ÃÂ ÃÂ 1 ../../egcs-19991214/gcc/stupid.c
ÃÂ ÃÂ 1 ../../egcs-19991214/gcc/stor-layout.c
ÃÂ ÃÂ 1 ../../egcs-19991214/gcc/scan-decls.c
ÃÂ ÃÂ 1 ../../egcs-19991214/gcc/resource.c
ÃÂ ÃÂ 1 ../../egcs-19991214/gcc/hash.c
ÃÂ ÃÂ 1 ../../egcs-19991214/gcc/gcov-io.h
ÃÂ ÃÂ 1 ../../../egcs-19991214/gcc/java/jv-scan.c
ÃÂ ÃÂ 1 ../../../egcs-19991214/gcc/java/jcf-parse.c
ÃÂ ÃÂ 1 ../../../egcs-19991214/gcc/java/javaop.def
ÃÂ ÃÂ 1 ../../../egcs-19991214/gcc/java/expr.c
ÃÂ ÃÂ 1 ../../../egcs-19991214/gcc/cp/tree.c
ÃÂ ÃÂ 1 ../../../egcs-19991214/gcc/cp/error.c
ÃÂ ÃÂ 1 ../../../egcs-19991214/gcc/cp/decl.c
Number of warning types:
ÃÂ 250 comparison between signed and unsigned
ÃÂ 156 Use of ANSI string concatenation
ÃÂ 25 \`???' might be used uninitialized in this function
ÃÂ 19 function \`???' was previously declared within a block
ÃÂ 16 format not a string literal, argument types not checked
ÃÂ 15 \`long' switch expression not converted to \`int' in ANSI C
ÃÂ 14 unused parameter \`???'
ÃÂ 14 implicit declaration of function \`???'
ÃÂ 12 variable \`???' might be clobbered by \`longjmp' or \`vfork'
ÃÂ ÃÂ 8 macro arg \`???' would be stringified with -traditional.
ÃÂ ÃÂ 5 value computed is not used
ÃÂ ÃÂ 5 unused variable \`???'
ÃÂ ÃÂ 4 \`???' declared \`static' but never defined
ÃÂ ÃÂ 3 white space at end of line in string
ÃÂ ÃÂ 3 left-hand operand of comma expression has no effect
ÃÂ ÃÂ 2 initialization from incompatible pointer type
ÃÂ ÃÂ 1 passing arg ??? of \`???' discards qualifiers from pointer target type
ÃÂ ÃÂ 1 non-static declaration for \`???' follows static
ÃÂ ÃÂ 1 format argument is not a pointer (arg ???)
ÃÂ ÃÂ 1 assignment from incompatible pointer type
ÃÂ ÃÂ 1 \`???' defined but not used
More information about the Gcc-testresults
mailing list