Results for haifa-enabled 2.96 19991214 (experimental) testsuite on sparc-sun-solaris2.6

Dave Schuler schuld@psu2.btv.ibm.com
Tue Dec 14 10:33:00 GMT 1999


Native configuration is sparc-sun-solaris2.6

		=== libio tests ===


Running target unix
FAIL: tFile.cc execution 
FAIL: tFile.cc execution -b0
FAIL: tFile.cc execution -b3
FAIL: tfformat.c execution 

		=== libio Summary ===

# of expected passes		33
# of unexpected failures	4
# of expected failures		4
		=== libstdc++ tests ===


Running target unix

		=== libstdc++ Summary ===

# of expected passes		30
		=== gcc tests ===


Running target unix
FAIL: gcc.c-torture/compile/991213-1.c,  -O1  
FAIL: gcc.c-torture/compile/991213-1.c,  -O2  
FAIL: gcc.c-torture/compile/991213-1.c,  -O3 -fomit-frame-pointer  
FAIL: gcc.c-torture/compile/991213-1.c,  -O3 -fomit-frame-pointer -funroll-loops  
FAIL: gcc.c-torture/compile/991213-1.c,  -O3 -fomit-frame-pointer -funroll-all-loops -finline-functions  
FAIL: gcc.c-torture/compile/991213-1.c,  -O3 -g  
FAIL: gcc.c-torture/compile/991213-1.c,  -Os  
FAIL: gcc.c-torture/execute/980205.c execution,  -O0 
FAIL: gcc.c-torture/execute/991202-3.c execution,  -O0 
FAIL: gcc.c-torture/execute/991202-3.c execution,  -O1 
FAIL: gcc.c-torture/execute/991202-3.c execution,  -O2 
FAIL: gcc.c-torture/execute/991202-3.c execution,  -O3 -fomit-frame-pointer 
FAIL: gcc.c-torture/execute/991202-3.c execution,  -O3 -g 
FAIL: gcc.c-torture/execute/991202-3.c execution,  -Os 
FAIL: gcc.dg/cast-qual-1.c discarding `const' warning (test for bogus messages, line 11)
FAIL: gcc.dg/cast-qual-1.c discarding `const' warning (test for warnings, line 17)
FAIL: gcc.dg/compare1.c comparison between signed and unsigned (test for bogus messages, line 25)
FAIL: gcc.dg/ultrasp1.c (test for excess errors)

		=== gcc Summary ===

# of expected passes		8836
# of unexpected failures	18
# of expected failures		32
# of unsupported tests		31
/tmp/egcs-solaris/gcc/xgcc version 2.96 19991214 (experimental)

		=== g++ tests ===


Running target unix
FAIL: g++.dg/special/conpr-1.C execution test
FAIL: g++.dg/special/conpr-2.C execution test
FAIL: g++.dg/special/conpr-3.C execution test
FAIL: g++.dg/special/conpr-3.C execution test
FAIL: g++.ext/initp1.C  Execution test
FAIL: g++.other/vaarg3.C promote (test for errors, line 26)
XPASS: g++.pt/instantiate6.C (test for excess errors)

		=== g++ Summary ===

# of expected passes		5636
# of unexpected failures	6
# of unexpected successes	1
# of expected failures		96
# of untested testcases		16
/tmp/egcs-solaris/gcc/testsuite/../xgcc version 2.96 19991214 (experimental)

		=== g77 tests ===


Running target unix
FAIL: g77.f-torture/compile/19990826-1.f,  -O0  
FAIL: g77.f-torture/compile/19990826-1.f,  -O1  
FAIL: g77.f-torture/compile/19990826-1.f,  -O2  
FAIL: g77.f-torture/compile/19990826-1.f,  -O2 -fomit-frame-pointer -finline-functions  
FAIL: g77.f-torture/compile/19990826-1.f,  -Os  

		=== g77 Summary ===

# of expected passes		649
# of unexpected failures	5
		=== objc tests ===


Running target unix
FAIL: objc/execute/bf-1.m compilation,  -O 
FAIL: objc/execute/bf-10.m compilation,  -O 
FAIL: objc/execute/bf-11.m compilation,  -O 
FAIL: objc/execute/bf-12.m compilation,  -O 
FAIL: objc/execute/bf-13.m compilation,  -O 
FAIL: objc/execute/bf-14.m compilation,  -O 
FAIL: objc/execute/bf-15.m compilation,  -O 
FAIL: objc/execute/bf-16.m compilation,  -O 
FAIL: objc/execute/bf-17.m compilation,  -O 
FAIL: objc/execute/bf-18.m compilation,  -O 
FAIL: objc/execute/bf-19.m compilation,  -O 
FAIL: objc/execute/bf-2.m compilation,  -O 
FAIL: objc/execute/bf-3.m compilation,  -O 
FAIL: objc/execute/bf-4.m compilation,  -O 
FAIL: objc/execute/bf-5.m compilation,  -O 
FAIL: objc/execute/bf-6.m compilation,  -O 
FAIL: objc/execute/bf-7.m compilation,  -O 
FAIL: objc/execute/bf-8.m compilation,  -O 
FAIL: objc/execute/bf-9.m compilation,  -O 

		=== objc Summary ===

# of unexpected failures	19
# of untested testcases		19
/tmp/egcs-solaris/gcc/xgcc version 2.96 19991214 (experimental)


Compiler version: haifa-enabled 2.96 19991214 (experimental) 
Platform: sparc-sun-solaris2.6
configure flags: --with-gcc-version-trigger=/tmp/egcs-19991214/gcc/version.c --host=sparc-sun-solaris2.6 --prefix=/afs/btv.ibm.com/data/n37v/software/gnu-solaris/egcs --with-gnu-as --with-gnu-ld --enable-haifa --enable-multilib --norecursion




Counting all warnings,
there are 422 warnings in stage3 of this bootstrap.

Number of warnings per file:
 124 ../../egcs/gcc/config/sparc/sparc.c
 103 ./parse.y
  14 ../../../egcs/gcc/f/global.c
  12 ../../../egcs/gcc/java/lex.c
  10 ../../../egcs/gcc/f/storag.c
   8 ../../../egcs/gcc/java/parse.h
   8 ../../../egcs/gcc/f/lex.c
   8 ../../../egcs/gcc/f/equiv.c
   5 ../../egcs/gcc/final.c
   5 ../../egcs/gcc/expr.c
   5 ../../egcs/gcc/cse.c
   5 ../../../egcs/gcc/f/expr.c
   4 cexp.y
   4 ../../egcs/gcc/unroll.c
   4 ../../egcs/gcc/reload.c
   4 ../../egcs/gcc/regmove.c
   4 ../../egcs/gcc/function.c
   4 ../../egcs/gcc/fold-const.c
   4 ../../../egcs/gcc/f/ste.c
   4 ../../../egcs/gcc/ch/actions.c
   3 insn-output.c
   3 ../../egcs/gcc/varasm.c
   3 ../../egcs/gcc/loop.c
   3 ../../egcs/gcc/genopinit.c
   3 ../../egcs/gcc/gcc.c
   3 ../../egcs/gcc/cccp.c
   3 ../../egcs/gcc/c-typeck.c
   3 ../../egcs/gcc/alias.c
   3 ../../../egcs/gcc/java/gjavah.c
   2 str-ot.j
   2 str-1t.j
   2 insn-recog.c
   2 ../../egcs/gcc/regclass.c
   2 ../../egcs/gcc/optabs.c
   2 ../../egcs/gcc/local-alloc.c
   2 ../../egcs/gcc/flow.c
   2 ../../egcs/gcc/emit-rtl.c
   2 ../../egcs/gcc/cpphash.c
   2 ../../../egcs/gcc/f/symbol.c
   2 ../../../egcs/gcc/f/std.c
   2 ../../../egcs/gcc/f/com.c
   2 ../../../egcs/gcc/f/bad.c
   1 str-op.j
   1 str-nq.j
   1 str-io.j
   1 str-fo.j
   1 str-2t.j
   1 insn-emit.c
   1 ../../egcs/gcc/tree.c
   1 ../../egcs/gcc/toplev.c
   1 ../../egcs/gcc/stupid.c
   1 ../../egcs/gcc/stor-layout.c
   1 ../../egcs/gcc/scan-decls.c
   1 ../../egcs/gcc/reload1.c
   1 ../../egcs/gcc/jump.c
   1 ../../egcs/gcc/hash.c
   1 ../../egcs/gcc/genattrtab.c
   1 ../../egcs/gcc/gcov-io.h
   1 ../../egcs/gcc/explow.c
   1 ../../egcs/gcc/collect2.c
   1 ../../egcs/gcc/calls.c
   1 ../../egcs/gcc/builtins.c
   1 ../../../egcs/gcc/java/jv-scan.c
   1 ../../../egcs/gcc/java/jcf-parse.c
   1 ../../../egcs/gcc/java/javaop.def
   1 ../../../egcs/gcc/java/expr.c
   1 ../../../egcs/gcc/cp/tree.c
   1 ../../../egcs/gcc/cp/expr.c
   1 ../../../egcs/gcc/cp/error.c
   1 ../../../egcs/gcc/cp/decl.c
   1 ../../../egcs/gcc/cp/class.c
   1 ../../../egcs/gcc/ch/expr.c

Number of warning types:
 156 Use of ANSI string concatenation
 121 enumeration value ??? not handled in switch
  36 ??? might be used uninitialized in this function
  27 comparison between signed and unsigned
  16 format not a string literal, argument types not checked
  15 long switch expression not converted to int in ANSI C
  14 unused parameter ???
  12 variable ??? might be clobbered by longjmp or vfork
   8 macro arg ??? would be stringified with -traditional.
   4 unused variable ???
   4 ??? declared static but never defined
   3 white space at end of line in string
   3 control reaches end of non-void function
   1 passing arg ??? of ??? discards qualifiers from pointer target type
   1 assignment from incompatible pointer type
   1 ??? defined but not used


More information about the Gcc-testresults mailing list