Results for 2.96 19991208 (experimental) testsuite on mips-sgi-irix5.2

Alexandre Oliva oliva@lsd.ic.unicamp.br
Mon Dec 13 08:19:00 GMT 1999


Native configuration is mips-sgi-irix5.2

		=== g++ tests ===


Running target unix
FAIL: g++.ext/attrib5.C (test for excess errors)
FAIL: g++.other/new3.C  Execution test
FAIL: g++.other/vaarg1.C (test for excess errors)
FAIL: g++.pt/eichin01b.C (test for excess errors)
FAIL: g++.pt/explicit55.C (test for excess errors)
XPASS: g++.pt/instantiate6.C (test for excess errors)
FAIL: g++.pt/memclass4.C (test for excess errors)
FAIL: g++.pt/memtemp44.C (test for excess errors)
FAIL: g++.pt/static3.C (test for excess errors)
FAIL: g++.pt/static6.C (test for excess errors)
FAIL: g++.robertl/eb109.C candidates (test for errors, line 20)
FAIL: g++.robertl/eb109.C no size function (test for errors, line 42)
FAIL: g++.robertl/eb109.C no index operator (test for errors, line 44)
FAIL: g++.robertl/eb109.C no index operator (test for errors, line 48)
FAIL: g++.robertl/eb109.C no index operator (test for errors, line 49)
FAIL: g++.robertl/eb109.C no index operator (test for errors, line 54)
FAIL: g++.robertl/eb109.C no bool constructor (test for errors, line 65)
FAIL: g++.robertl/eb109.C (test for excess errors)
FAIL: g++.robertl/eb130.C (test for excess errors)
FAIL: g++.robertl/eb132.C (test for excess errors)
FAIL: g++.robertl/eb43.C constructor is explicit (test for errors, line 27)
FAIL: g++.robertl/eb43.C (test for excess errors)
FAIL: g++.robertl/eb73.C (test for excess errors)

		=== g++ Summary ===

# of expected passes		5607
# of unexpected failures	22
# of unexpected successes	1
# of expected failures		106
# of untested testcases		17
/tmp/egcs/gcc/testsuite/../xgcc version 2.96 19991208 (experimental)

		=== g77 tests ===


Running target unix

		=== g77 Summary ===

# of expected passes		654
		=== gcc tests ===


Running target unix
FAIL: gcc.c-torture/compile/920501-12.c,  -O1  
FAIL: gcc.c-torture/compile/920501-12.c,  -O2  
FAIL: gcc.c-torture/compile/920501-12.c,  -O3 -fomit-frame-pointer  
FAIL: gcc.c-torture/compile/920501-12.c,  -O3 -g  
FAIL: gcc.c-torture/compile/920501-12.c,  -Os  
FAIL: gcc.c-torture/compile/950612-1.c,  -O0  
FAIL: gcc.c-torture/execute/920604-1.c compilation,  -O1 
FAIL: gcc.c-torture/execute/920721-1.c compilation,  -Os 
FAIL: gcc.c-torture/execute/920721-3.c compilation,  -O3 -fomit-frame-pointer 
FAIL: gcc.c-torture/execute/921208-2.c compilation,  -O3 -fomit-frame-pointer 
FAIL: gcc.c-torture/execute/921208-2.c compilation,  -O3 -fomit-frame-pointer -funroll-loops 
FAIL: gcc.c-torture/execute/921208-2.c compilation,  -O3 -fomit-frame-pointer -funroll-all-loops -finline-functions 
FAIL: gcc.c-torture/execute/921208-2.c compilation,  -O3 -g 
FAIL: gcc.c-torture/execute/930106-1.c compilation,  -O3 -fomit-frame-pointer 
FAIL: gcc.c-torture/execute/930106-1.c compilation,  -O3 -g 
FAIL: gcc.c-torture/execute/930713-1.c compilation,  -O1 
FAIL: gcc.c-torture/execute/930713-1.c compilation,  -O2 
FAIL: gcc.c-torture/execute/930713-1.c compilation,  -O3 -fomit-frame-pointer 
FAIL: gcc.c-torture/execute/930713-1.c compilation,  -O3 -g 
FAIL: gcc.c-torture/execute/930713-1.c compilation,  -Os 
FAIL: gcc.c-torture/execute/931004-10.c execution,  -O0 
FAIL: gcc.c-torture/execute/931004-10.c execution,  -O1 
FAIL: gcc.c-torture/execute/931004-10.c execution,  -O2 
FAIL: gcc.c-torture/execute/931004-10.c execution,  -O3 -fomit-frame-pointer 
FAIL: gcc.c-torture/execute/931004-10.c execution,  -O3 -fomit-frame-pointer -funroll-loops 
FAIL: gcc.c-torture/execute/931004-10.c execution,  -O3 -fomit-frame-pointer -funroll-all-loops -finline-functions 
FAIL: gcc.c-torture/execute/931004-10.c execution,  -O3 -g 
FAIL: gcc.c-torture/execute/931004-10.c execution,  -Os 
FAIL: gcc.c-torture/execute/931004-12.c execution,  -O0 
FAIL: gcc.c-torture/execute/931004-12.c execution,  -O1 
FAIL: gcc.c-torture/execute/931004-12.c execution,  -O2 
FAIL: gcc.c-torture/execute/931004-12.c execution,  -O3 -fomit-frame-pointer 
FAIL: gcc.c-torture/execute/931004-12.c execution,  -O3 -fomit-frame-pointer -funroll-loops 
FAIL: gcc.c-torture/execute/931004-12.c execution,  -O3 -fomit-frame-pointer -funroll-all-loops -finline-functions 
FAIL: gcc.c-torture/execute/931004-12.c execution,  -O3 -g 
FAIL: gcc.c-torture/execute/931004-12.c execution,  -Os 
FAIL: gcc.c-torture/execute/931004-4.c execution,  -O0 
FAIL: gcc.c-torture/execute/931004-4.c execution,  -O1 
FAIL: gcc.c-torture/execute/931004-4.c execution,  -O2 
FAIL: gcc.c-torture/execute/931004-4.c execution,  -O3 -fomit-frame-pointer 
FAIL: gcc.c-torture/execute/931004-4.c execution,  -O3 -fomit-frame-pointer -funroll-loops 
FAIL: gcc.c-torture/execute/931004-4.c execution,  -O3 -fomit-frame-pointer -funroll-all-loops -finline-functions 
FAIL: gcc.c-torture/execute/931004-4.c execution,  -O3 -g 
FAIL: gcc.c-torture/execute/931004-4.c execution,  -Os 
FAIL: gcc.c-torture/execute/931004-8.c execution,  -O0 
FAIL: gcc.c-torture/execute/931004-8.c execution,  -O1 
FAIL: gcc.c-torture/execute/931004-8.c execution,  -O2 
FAIL: gcc.c-torture/execute/931004-8.c execution,  -O3 -fomit-frame-pointer 
FAIL: gcc.c-torture/execute/931004-8.c execution,  -O3 -fomit-frame-pointer -funroll-loops 
FAIL: gcc.c-torture/execute/931004-8.c execution,  -O3 -fomit-frame-pointer -funroll-all-loops -finline-functions 
FAIL: gcc.c-torture/execute/931004-8.c execution,  -O3 -g 
FAIL: gcc.c-torture/execute/931004-8.c execution,  -Os 
FAIL: gcc.c-torture/execute/950607-2.c compilation,  -O0 
FAIL: gcc.c-torture/execute/950704-1.c compilation,  -O0 
FAIL: gcc.c-torture/execute/960219-1.c compilation,  -O2 
FAIL: gcc.c-torture/execute/991023-1.c compilation,  -O3 -g 
FAIL: gcc.c-torture/execute/991202-3.c execution,  -O0 
FAIL: gcc.c-torture/execute/991202-3.c execution,  -O1 
FAIL: gcc.c-torture/execute/991202-3.c execution,  -O2 
FAIL: gcc.c-torture/execute/991202-3.c execution,  -O3 -fomit-frame-pointer 
FAIL: gcc.c-torture/execute/991202-3.c execution,  -O3 -g 
FAIL: gcc.c-torture/execute/991202-3.c execution,  -Os 
FAIL: gcc.c-torture/execute/memcpy-bi.c compilation,  -O3 -fomit-frame-pointer 
FAIL: gcc.c-torture/execute/memcpy-bi.c compilation,  -O3 -fomit-frame-pointer -funroll-loops 
FAIL: gcc.c-torture/execute/memcpy-bi.c compilation,  -O3 -fomit-frame-pointer -funroll-all-loops -finline-functions 
FAIL: gcc.c-torture/execute/memcpy-bi.c compilation,  -O3 -g 
FAIL: gcc.c-torture/execute/tstdi-1.c compilation,  -O0 
XPASS: gcc.c-torture/execute/memcheck/blkarg.c execution,  -O0 
XPASS: gcc.c-torture/execute/memcheck/blkarg.c execution,  -O1 
XPASS: gcc.c-torture/execute/memcheck/blkarg.c execution,  -O2 
XPASS: gcc.c-torture/execute/memcheck/blkarg.c execution,  -Os 
FAIL: gcc.c-torture/unsorted/cc.c,  -O0  
FAIL: gcc.dg/cast-qual-1.c discarding `const' warning (test for bogus messages, line 11)
FAIL: gcc.dg/cast-qual-1.c discarding `const' warning (test for warnings, line 17)
FAIL: gcc.dg/compare1.c comparison between signed and unsigned (test for bogus messages, line 25)
FAIL: gcc.dg/special/weak-1.c (test for excess errors)
FAIL: gcc.dg/special/weak-1.c execution test
FAIL: gcc.dg/special/weak-2.c (test for excess errors)
FAIL: gcc.dg/special/weak-2.c execution test
FAIL: alias-1.c
FAIL: wkali-1.c
FAIL: wkali-2a.o

		=== gcc Summary ===

# of expected passes		8706
# of unexpected failures	78
# of unexpected successes	4
# of expected failures		28
# of unresolved testcases	23
# of unsupported tests		29
/tmp/egcs/gcc/xgcc version 2.96 19991208 (experimental)

		=== libg++ tests ===


Running target unix
FAIL: tBag.cc compilation
FAIL: tBitString.cc compilation
FAIL: tRational.cc compilation
FAIL: tInteger.cc compilation
FAIL: tSet.cc compilation
FAIL: tString.cc compilation

		=== libg++ Summary ===

# of expected passes		54
# of unexpected failures	6
# of expected failures		12
		=== libio tests ===


Running target unix
FAIL: tFile.cc compilation 
FAIL: tFile.cc compilation -b0
FAIL: tFile.cc compilation -b3
FAIL: tfformat.c compilation 
FAIL: tiformat.c compilation 
FAIL: tiomisc.cc compilation 

		=== libio Summary ===

# of expected passes		24
# of unexpected failures	6
# of expected failures		10
		=== libstdc++ tests ===


Running target unix
FAIL: tcomplex.cc -O compilation
FAIL: tlist.cc compilation
FAIL: tlist.cc -O compilation
FAIL: tmap.cc compilation
FAIL: tmap.cc -O compilation
FAIL: tstring.cc compilation
FAIL: tstring.cc -O compilation
FAIL: tvector.cc compilation
FAIL: tvector.cc -O compilation

		=== libstdc++ Summary ===

# of expected passes		3
# of unexpected failures	9
# of expected failures		18
		=== objc tests ===


Running target unix

		=== objc Summary ===

# of expected passes		38
/tmp/egcs/gcc/xgcc version 2.96 19991208 (experimental)


Compiler version: 2.96 19991208 (experimental) 
Platform: mips-sgi-irix5.2

BOOT_CFLAGS: -g -O9 -W -Wall

Counting all warnings,
there are 170 warnings in stage3 of this bootstrap.

Number of warnings per file:
     12	/home/phd/oliva/src/egcs/gcc/java/lex.c
     11	/home/phd/oliva/src/egcs/gcc/sdbout.c
     11	/home/phd/oliva/src/egcs/gcc/config/mips/mips.c
     10	/home/phd/oliva/src/egcs/gcc/config/mips/mips.md
      8	/home/phd/oliva/src/egcs/gcc/java/parse.h
      5	/home/phd/oliva/src/egcs/gcc/varasm.c
      5	/home/phd/oliva/src/egcs/gcc/reload.c
      5	/home/phd/oliva/src/egcs/gcc/final.c
      5	/home/phd/oliva/src/egcs/gcc/expr.c
      4	cexp.y
      4	/home/phd/oliva/src/egcs/gcc/unroll.c
      4	/home/phd/oliva/src/egcs/gcc/loop.c
      4	/home/phd/oliva/src/egcs/gcc/fold-const.c
      4	/home/phd/oliva/src/egcs/gcc/f/lex.c
      3	/home/phd/oliva/src/egcs/gcc/regmove.c
      3	/home/phd/oliva/src/egcs/gcc/java/gjavah.c
      3	/home/phd/oliva/src/egcs/gcc/genopinit.c
      3	/home/phd/oliva/src/egcs/gcc/gcc.c
      3	/home/phd/oliva/src/egcs/gcc/emit-rtl.c
      3	/home/phd/oliva/src/egcs/gcc/cp/class.c
      3	/home/phd/oliva/src/egcs/gcc/collect2.c
      3	/home/phd/oliva/src/egcs/gcc/cccp.c
      3	/home/phd/oliva/src/egcs/gcc/c-typeck.c
      3	/home/phd/oliva/src/egcs/gcc/alias.c
      2	str-ot.j
      2	str-1t.j
      2	insn-emit.c
      2	/home/phd/oliva/src/egcs/gcc/regclass.c
      2	/home/phd/oliva/src/egcs/gcc/optabs.c
      2	/home/phd/oliva/src/egcs/gcc/local-alloc.c
      2	/home/phd/oliva/src/egcs/gcc/function.c
      2	/home/phd/oliva/src/egcs/gcc/cp/semantics.c
      2	/home/phd/oliva/src/egcs/gcc/cp/decl.c
      2	./parse.y
      1	str-op.j
      1	str-nq.j
      1	str-io.j
      1	str-fo.j
      1	str-2t.j
      1	insn-recog.c
      1	/home/phd/oliva/src/egcs/gcc/tree.c
      1	/home/phd/oliva/src/egcs/gcc/toplev.c
      1	/home/phd/oliva/src/egcs/gcc/stupid.c
      1	/home/phd/oliva/src/egcs/gcc/stor-layout.c
      1	/home/phd/oliva/src/egcs/gcc/scan-decls.c
      1	/home/phd/oliva/src/egcs/gcc/reload1.c
      1	/home/phd/oliva/src/egcs/gcc/java/javaop.def
      1	/home/phd/oliva/src/egcs/gcc/hash.c
      1	/home/phd/oliva/src/egcs/gcc/global.c
      1	/home/phd/oliva/src/egcs/gcc/f/expr.c
      1	/home/phd/oliva/src/egcs/gcc/explow.c
      1	/home/phd/oliva/src/egcs/gcc/cse.c
      1	/home/phd/oliva/src/egcs/gcc/cp/tree.c
      1	/home/phd/oliva/src/egcs/gcc/cp/lex.c
      1	/home/phd/oliva/src/egcs/gcc/cp/init.c
      1	/home/phd/oliva/src/egcs/gcc/cp/expr.c
      1	/home/phd/oliva/src/egcs/gcc/cp/except.c
      1	/home/phd/oliva/src/egcs/gcc/cp/error.c
      1	/home/phd/oliva/src/egcs/gcc/combine.c
      1	/home/phd/oliva/src/egcs/gcc/ch/expr.c
      1	/home/phd/oliva/src/egcs/gcc/calls.c
      1	/home/phd/oliva/src/egcs/gcc/builtins.c

Number of warning types:
     39	comparison between signed and unsigned
     27	`???' might be used uninitialized in this function
     23	format not a string literal, argument types not checked
     15	`long' switch expression not converted to `int' in ANSI C
     13	unused parameter `???'
     12	variable `???' might be clobbered by `longjmp' or `vfork'
      8	macro arg `???' would be stringified with -traditional.
      7	unused variable `???'
      6	operand 1 missing mode?
      4	operand 0 missing mode?
      4	implicit declaration of function `???'
      4	function `???' was previously declared within a block
      3	white space at end of line in string
      1	type of `???' defaults to `int'
      1	passing arg ??? of `???' discards qualifiers from pointer target type
      1	non-static declaration for `???' follows static
      1	format argument is not a pointer (arg ???)
      1	assignment from incompatible pointer type


More information about the Gcc-testresults mailing list