Results for 2.96 19991208 testsuite on i586-pc-cygwin32
Timothy C Prince
tprince@myrealbox.com
Fri Dec 10 07:43:00 GMT 1999
Native configuration is i586-pc-cygwin32
=== g++ tests ===
Running target unix
FAIL: g++.dg/special/conpr-1.C (test for excess errors)
FAIL: conpr-2a.o
FAIL: conpr-3a.o
FAIL: g++.eh/fntry1.C Execution test
FAIL: g++.eh/vbase1.C Execution test
FAIL: g++.ext/initp1.C caused compiler crash
FAIL: g++.jason/cast3.C (test for excess errors)
XPASS: g++.jason/template18.C (test for excess errors)
XPASS: g++.jason/template18.C Execution test
FAIL: g++.jason/thunk2.C (test for excess errors)
FAIL: g++.mike/eh16.C Execution test
FAIL: g++.mike/eh17.C Execution test
FAIL: g++.mike/eh30.C (test for excess errors)
FAIL: g++.mike/p4750.C (test for excess errors)
XPASS: g++.oliva/ext1.C Execution test
XPASS: g++.oliva/thunk1.C Execution test
XPASS: g++.other/init5.C Execution test
FAIL: g++.pt/friend32.C caused compiler crash
XPASS: g++.pt/instantiate6.C (test for excess errors)
FAIL: g++.robertl/eb106.C (test for excess errors)
=== g++ Summary ===
# of expected passes 5625
# of unexpected failures 14
# of unexpected successes 6
# of expected failures 91
# of untested testcases 13
e:/gnu/egcs-19991025/cw/gcc/testsuite/../xgcc version 2.96
19991208 (experimental)
=== g77 tests ===
Running target unix
FAIL: g77.f-torture/compile/19990826-1.f, -O0
FAIL: g77.f-torture/compile/19990826-1.f, -O1
FAIL: g77.f-torture/compile/19990826-1.f, -O2
FAIL: g77.f-torture/compile/19990826-1.f, -O2
-fomit-frame-pointer -finline-functions
FAIL: g77.f-torture/compile/19990826-1.f, -Os
=== g77 Summary ===
# of expected passes 649
# of unexpected failures 5
=== gcc tests ===
Running target unix
XPASS: gcc.c-torture/execute/ieee/980619-1.c execution, -O1
XPASS: gcc.c-torture/execute/ieee/980619-1.c execution, -O2
XPASS: gcc.c-torture/execute/ieee/980619-1.c execution, -O3
-fomit-frame-pointer
XPASS: gcc.c-torture/execute/ieee/980619-1.c execution, -O3
-fomit-frame-pointer -funroll-loops
XPASS: gcc.c-torture/execute/ieee/980619-1.c execution, -O3
-fomit-frame-pointer -funroll-all-loops -finline-functions
XPASS: gcc.c-torture/execute/ieee/980619-1.c execution, -O3
-g
XPASS: gcc.c-torture/execute/ieee/980619-1.c execution, -Os
XPASS: gcc.c-torture/execute/memcheck/blkarg.c execution,
-O0
XPASS: gcc.c-torture/execute/memcheck/blkarg.c execution,
-O1
XPASS: gcc.c-torture/execute/memcheck/blkarg.c execution,
-O2
XPASS: gcc.c-torture/execute/memcheck/blkarg.c execution,
-O3 -fomit-frame-pointer
XPASS: gcc.c-torture/execute/memcheck/blkarg.c execution,
-O3 -g
XPASS: gcc.c-torture/execute/memcheck/blkarg.c execution,
-Os
FAIL: gcc.c-torture/special/981006-1.c (test for excess
errors)
XPASS: gcc.dg/990119-1.c execution test
FAIL: gcc.dg/990213-2.c (test for excess errors)
FAIL: gcc.dg/990214-1.c (test for excess errors)
FAIL: gcc.dg/cast-qual-1.c discarding \`const' warning (test
for bogus messages, line 11)
FAIL: gcc.dg/cast-qual-1.c discarding \`const' warning (test
for warnings, line 17)
FAIL: gcc.dg/compare1.c comparison between signed and
unsigned (test for bogus messages, line 25)
FAIL: gcov failed: spawn failed
=== gcc Summary ===
# of expected passes 8829
# of unexpected failures 7
# of unexpected successes 14
# of expected failures 25
# of unsupported tests 15
e:/gnu/egcs-19991025/cw/gcc/xgcc version 2.96 19991208
(experimental)
=== objc tests ===
Running target unix
=== objc Summary ===
# of expected passes 38
e:/gnu/egcs-19991025/cw/gcc/xgcc version 2.96 19991208
(experimental)
=== libstdc++ tests ===
Running target unix
=== libstdc++ Summary ===
# of expected passes 30
Compiler version: 2.96 19991208 (experimental)
Platform: i586-pc-cygwin32
configure flags:
--with-gcc-version-trigger=/gnu/egcs-19991025/gcc/version.c
--prefix=//e/cygnus/cygwin-b20/H-i586-cygwin32
--host=i586-pc-cygwin32 --target=i586-pc-cygwin32
--norecursion
BOOT_CFLAGS=-Os -march=pentiumpro -pipe
More information about the Gcc-testresults
mailing list