Results for 2.96 19991208 (experimental) testsuite on alpha-dec-osf4.0e
Brown, Rodney
rodneybrown@pmsc.com
Thu Dec 9 03:45:00 GMT 1999
Title: Results for 2.96 19991208 (experimental) testsuite on alpha-dec-osf4.0e
Native configuration is alpha-dec-osf4.0e
../../../egcs-19991208/libio/isscan.cc: In method `istream &istream::scan (const char *, ...)':
../../../egcs-19991208/libio/isscan.cc:36: could not convert `ap' to `__va_list_tag'
../../../egcs-19991208/libio/isscan.cc: In method `istream &istream::vscan (const char *, __va_list_tag)':
../../../egcs-19991208/libio/isscan.cc:50: could not convert `args' to `__va_list_tag'
ÃÂ Skipped compiling libio
ÃÂ ÃÂ ÃÂ ÃÂ ÃÂ ÃÂ ÃÂ ÃÂ ÃÂ ÃÂ ÃÂ ÃÂ ÃÂ ÃÂ === gcc tests ===
Running target unix
FAIL: gcc.c-torture/execute/930529-1.c execution,ÃÂ -O3 -fomit-frame-pointer
FAIL: gcc.c-torture/execute/930529-1.c execution,ÃÂ -O3 -fomit-frame-pointer -funroll-loops
FAIL: gcc.c-torture/execute/930529-1.c execution,ÃÂ -O3 -fomit-frame-pointer -funroll-all-loops -finline-functions
FAIL: gcc.c-torture/execute/930529-1.c execution,ÃÂ -O3 -g
FAIL: gcc.c-torture/execute/990811-1.c compilation,ÃÂ -O3 -fomit-frame-pointer
FAIL: gcc.c-torture/execute/990811-1.c compilation,ÃÂ -O3 -fomit-frame-pointer -funroll-loops
FAIL: gcc.c-torture/execute/990811-1.c compilation,ÃÂ -O3 -fomit-frame-pointer -funroll-all-loops -finline-functions
FAIL: gcc.c-torture/execute/990811-1.c compilation,ÃÂ -O3 -g
FAIL: gcc.c-torture/execute/991202-3.c execution,ÃÂ -O0
FAIL: gcc.c-torture/execute/991202-3.c execution,ÃÂ -O1
FAIL: gcc.c-torture/execute/991202-3.c execution,ÃÂ -O2
FAIL: gcc.c-torture/execute/991202-3.c execution,ÃÂ -O3 -fomit-frame-pointer
FAIL: gcc.c-torture/execute/991202-3.c execution,ÃÂ -O3 -g
FAIL: gcc.c-torture/execute/991202-3.c execution,ÃÂ -Os
FAIL: gcc.c-torture/execute/ieee/fp-cmp-2.c execution,ÃÂ -O0
FAIL: gcc.c-torture/execute/ieee/fp-cmp-2.c execution,ÃÂ -O1
FAIL: gcc.c-torture/execute/ieee/fp-cmp-2.c execution,ÃÂ -O2
FAIL: gcc.c-torture/execute/ieee/fp-cmp-2.c execution,ÃÂ -O3 -fomit-frame-pointer
FAIL: gcc.c-torture/execute/ieee/fp-cmp-2.c execution,ÃÂ -O3 -fomit-frame-pointer -funroll-loops
FAIL: gcc.c-torture/execute/ieee/fp-cmp-2.c execution,ÃÂ -O3 -fomit-frame-pointer -funroll-all-loops -finline-functions
FAIL: gcc.c-torture/execute/ieee/fp-cmp-2.c execution,ÃÂ -O3 -g
FAIL: gcc.c-torture/execute/ieee/fp-cmp-2.c execution,ÃÂ -Os
FAIL: gcc.c-torture/execute/ieee/mzero2.c execution,ÃÂ -O0
FAIL: gcc.c-torture/execute/ieee/mzero2.c execution,ÃÂ -O1
FAIL: gcc.c-torture/execute/ieee/mzero2.c execution,ÃÂ -O2
FAIL: gcc.c-torture/execute/ieee/mzero2.c execution,ÃÂ -O3 -fomit-frame-pointer
FAIL: gcc.c-torture/execute/ieee/mzero2.c execution,ÃÂ -O3 -g
FAIL: gcc.c-torture/execute/ieee/mzero2.c execution,ÃÂ -Os
XPASS: gcc.c-torture/execute/memcheck/blkarg.c execution,ÃÂ -O0
XPASS: gcc.c-torture/execute/memcheck/blkarg.c execution,ÃÂ -O1
XPASS: gcc.c-torture/execute/memcheck/blkarg.c execution,ÃÂ -O2
XPASS: gcc.c-torture/execute/memcheck/blkarg.c execution,ÃÂ -Os
FAIL: gcc.dg/cast-qual-1.c discarding \`const' warning (test for bogus messages, line 11)
FAIL: gcc.dg/cast-qual-1.c discarding \`const' warning (test for warnings, line 17)
FAIL: gcc.dg/compare1.c comparison between signed and unsigned (test for bogus messages, line 25)
ÃÂ ÃÂ ÃÂ ÃÂ ÃÂ ÃÂ ÃÂ ÃÂ ÃÂ ÃÂ ÃÂ ÃÂ ÃÂ ÃÂ === gcc Summary ===
# of expected passesÃÂ ÃÂ ÃÂ ÃÂ ÃÂ ÃÂ ÃÂ ÃÂ ÃÂ ÃÂ 8767
# of unexpected failuresÃÂ ÃÂ ÃÂ ÃÂ ÃÂ ÃÂ ÃÂ 31
# of unexpected successesÃÂ ÃÂ ÃÂ ÃÂ ÃÂ ÃÂ 4
# of expected failuresÃÂ ÃÂ ÃÂ ÃÂ ÃÂ ÃÂ ÃÂ ÃÂ 28
# of unresolved testcasesÃÂ ÃÂ ÃÂ ÃÂ ÃÂ ÃÂ 7
# of unsupported testsÃÂ ÃÂ ÃÂ ÃÂ ÃÂ ÃÂ ÃÂ ÃÂ 30
/user/rand/rdb/src/egcs-19991208.obj/gcc/xgcc version 2.96 19991208 (experimental)
ÃÂ ÃÂ ÃÂ ÃÂ ÃÂ ÃÂ ÃÂ ÃÂ ÃÂ ÃÂ ÃÂ ÃÂ ÃÂ ÃÂ === g++ tests ===
Running target unix
FAIL: g++.ext/attrib5.C (test for excess errors)
FAIL: g++.jason/thunk2.C (test for excess errors)
FAIL: g++.oliva/template7.C caused compiler crash
FAIL: g++.oliva/thunk1.C (test for excess errors)
FAIL: g++.other/syntax1.C (test for excess errors)
FAIL: g++.other/syntax2.C (test for excess errors)
XPASS: g++.pt/instantiate6.C (test for excess errors)
FAIL: g++.pt/static6.C (test for excess errors)
FAIL: g++.pt/ttp19.C (test for excess errors)
FAIL: g++.pt/ttp40.C (test for excess errors)
FAIL: g++.robertl/eb127.C (test for excess errors)
FAIL: g++.robertl/eb21.C (test for excess errors)
FAIL: g++.robertl/eb41.C (test for excess errors)
FAIL: g++.robertl/eb59.C (test for excess errors)
FAIL: g++.robertl/eb73.C (test for excess errors)
ÃÂ ÃÂ ÃÂ ÃÂ ÃÂ ÃÂ ÃÂ ÃÂ ÃÂ ÃÂ ÃÂ ÃÂ ÃÂ ÃÂ === g++ Summary ===
# of expected passesÃÂ ÃÂ ÃÂ ÃÂ ÃÂ ÃÂ ÃÂ ÃÂ ÃÂ ÃÂ 5615
# of unexpected failuresÃÂ ÃÂ ÃÂ ÃÂ ÃÂ ÃÂ ÃÂ 14
# of unexpected successesÃÂ ÃÂ ÃÂ ÃÂ ÃÂ ÃÂ 1
# of expected failuresÃÂ ÃÂ ÃÂ ÃÂ ÃÂ ÃÂ ÃÂ ÃÂ 105
# of untested testcases ÃÂ ÃÂ ÃÂ ÃÂ ÃÂ ÃÂ ÃÂ 17
/user/rand/rdb/src/egcs-19991208.obj/gcc/testsuite/../xgcc version 2.96 19991208 (experimental)
ÃÂ ÃÂ ÃÂ ÃÂ ÃÂ ÃÂ ÃÂ ÃÂ ÃÂ ÃÂ ÃÂ ÃÂ ÃÂ ÃÂ === g77 tests ===
Running target unix
FAIL: g77.f-torture/compile/19990826-1.f,ÃÂ -O0ÃÂ
FAIL: g77.f-torture/compile/19990826-1.f,ÃÂ -O1ÃÂ
FAIL: g77.f-torture/compile/19990826-1.f,ÃÂ -O2ÃÂ
FAIL: g77.f-torture/compile/19990826-1.f,ÃÂ -O2 -fomit-frame-pointer -finline-functionsÃÂ
FAIL: g77.f-torture/compile/19990826-1.f,ÃÂ -OsÃÂ
ÃÂ ÃÂ ÃÂ ÃÂ ÃÂ ÃÂ ÃÂ ÃÂ ÃÂ ÃÂ ÃÂ ÃÂ ÃÂ ÃÂ === g77 Summary ===
# of expected passesÃÂ ÃÂ ÃÂ ÃÂ ÃÂ ÃÂ ÃÂ ÃÂ ÃÂ ÃÂ 649
# of unexpected failuresÃÂ ÃÂ ÃÂ ÃÂ ÃÂ ÃÂ ÃÂ 5
ÃÂ ÃÂ ÃÂ ÃÂ ÃÂ ÃÂ ÃÂ ÃÂ ÃÂ ÃÂ ÃÂ ÃÂ ÃÂ ÃÂ === objc tests ===
Running target unix
FAIL: objc/execute/bf-10.m execution,ÃÂ -O
FAIL: objc/execute/bf-16.m execution,ÃÂ -O
FAIL: objc/execute/bf-17.m execution,ÃÂ -O
ÃÂ ÃÂ ÃÂ ÃÂ ÃÂ ÃÂ ÃÂ ÃÂ ÃÂ ÃÂ ÃÂ ÃÂ ÃÂ ÃÂ === objc Summary ===
# of expected passesÃÂ ÃÂ ÃÂ ÃÂ ÃÂ ÃÂ ÃÂ ÃÂ ÃÂ ÃÂ 35
# of unexpected failuresÃÂ ÃÂ ÃÂ ÃÂ ÃÂ ÃÂ ÃÂ 3
/user/rand/rdb/src/egcs-19991208.obj/gcc/xgcc version 2.96 19991208 (experimental)
Compiler version: 2.96 19991208 (experimental)
Platform: alpha-dec-osf4.0e
configure flags: --with-gcc-version-trigger=/user/rand/rdb/src/egcs-19991208/gcc/version.c --host=alpha-dec-osf4.0e --norecursion
Counting all warnings,
there are 151 warnings in stage3 of this bootstrap.
Number of warnings per file:
ÃÂ 12 ../../../egcs-19991208/gcc/java/lex.c
ÃÂ ÃÂ 8 ../../../egcs-19991208/gcc/java/parse.h
ÃÂ ÃÂ 7 ../../egcs-19991208/gcc/mips-tfile.c
ÃÂ ÃÂ 7 ../../egcs-19991208/gcc/final.c
ÃÂ ÃÂ 5 ../../egcs-19991208/gcc/reload.c
ÃÂ ÃÂ 5 ../../egcs-19991208/gcc/config/alpha/alpha.c
ÃÂ ÃÂ 4 cexp.y
ÃÂ ÃÂ 4 ../../egcs-19991208/gcc/varasm.c
ÃÂ ÃÂ 4 ../../egcs-19991208/gcc/unroll.c
ÃÂ ÃÂ 4 ../../egcs-19991208/gcc/sdbout.c
ÃÂ ÃÂ 4 ../../egcs-19991208/gcc/regmove.c
ÃÂ ÃÂ 4 ../../egcs-19991208/gcc/loop.c
ÃÂ ÃÂ 4 ../../egcs-19991208/gcc/fold-const.c
ÃÂ ÃÂ 4 ../../egcs-19991208/gcc/expr.c
ÃÂ ÃÂ 4 ../../../egcs-19991208/gcc/f/lex.c
ÃÂ ÃÂ 3 ../../egcs-19991208/gcc/reload1.c
ÃÂ ÃÂ 3 ../../egcs-19991208/gcc/genopinit.c
ÃÂ ÃÂ 3 ../../egcs-19991208/gcc/gcc.c
ÃÂ ÃÂ 3 ../../egcs-19991208/gcc/collect2.c
ÃÂ ÃÂ 3 ../../egcs-19991208/gcc/cccp.c
ÃÂ ÃÂ 3 ../../egcs-19991208/gcc/c-typeck.c
ÃÂ ÃÂ 3 ../../../egcs-19991208/gcc/java/gjavah.c
ÃÂ ÃÂ 3 ../../../egcs-19991208/gcc/cp/class.c
ÃÂ ÃÂ 2 str-ot.j
ÃÂ ÃÂ 2 str-1t.j
ÃÂ ÃÂ 2 insn-recog.c
ÃÂ ÃÂ 2 ./parse.y
ÃÂ ÃÂ 2 ../../egcs-19991208/gcc/optabs.c
ÃÂ ÃÂ 2 ../../egcs-19991208/gcc/local-alloc.c
ÃÂ ÃÂ 2 ../../egcs-19991208/gcc/function.c
ÃÂ ÃÂ 2 ../../egcs-19991208/gcc/emit-rtl.c
ÃÂ ÃÂ 2 ../../../egcs-19991208/gcc/cp/semantics.c
ÃÂ ÃÂ 2 ../../../egcs-19991208/gcc/cp/decl.c
ÃÂ ÃÂ 1 str-op.j
ÃÂ ÃÂ 1 str-nq.j
ÃÂ ÃÂ 1 str-io.j
ÃÂ ÃÂ 1 str-fo.j
ÃÂ ÃÂ 1 str-2t.j
ÃÂ ÃÂ 1 include/ldfcn.h
ÃÂ ÃÂ 1 ../../egcs-19991208/gcc/tree.c
ÃÂ ÃÂ 1 ../../egcs-19991208/gcc/toplev.c
ÃÂ ÃÂ 1 ../../egcs-19991208/gcc/stupid.c
ÃÂ ÃÂ 1 ../../egcs-19991208/gcc/stor-layout.c
ÃÂ ÃÂ 1 ../../egcs-19991208/gcc/scan-decls.c
ÃÂ ÃÂ 1 ../../egcs-19991208/gcc/regclass.c
ÃÂ ÃÂ 1 ../../egcs-19991208/gcc/hash.c
ÃÂ ÃÂ 1 ../../egcs-19991208/gcc/global.c
ÃÂ ÃÂ 1 ../../egcs-19991208/gcc/ggc-page.c
ÃÂ ÃÂ 1 ../../egcs-19991208/gcc/gcov-io.h
ÃÂ ÃÂ 1 ../../egcs-19991208/gcc/flow.c
ÃÂ ÃÂ 1 ../../egcs-19991208/gcc/combine.c
ÃÂ ÃÂ 1 ../../egcs-19991208/gcc/calls.c
ÃÂ ÃÂ 1 ../../../egcs-19991208/gcc/java/javaop.def
ÃÂ ÃÂ 1 ../../../egcs-19991208/gcc/f/expr.c
ÃÂ ÃÂ 1 ../../../egcs-19991208/gcc/cp/tree.c
ÃÂ ÃÂ 1 ../../../egcs-19991208/gcc/cp/optimize.c
ÃÂ ÃÂ 1 ../../../egcs-19991208/gcc/cp/lex.c
ÃÂ ÃÂ 1 ../../../egcs-19991208/gcc/cp/init.c
ÃÂ ÃÂ 1 ../../../egcs-19991208/gcc/cp/except.c
ÃÂ ÃÂ 1 ../../../egcs-19991208/gcc/cp/error.c
Number of warning types:
ÃÂ 29 \`???' might be used uninitialized in this function
ÃÂ 24 comparison between signed and unsigned
ÃÂ 20 format not a string literal, argument types not checked
ÃÂ 20 \`long' switch expression not converted to \`int' in ANSI C
ÃÂ 14 unused parameter \`???'
ÃÂ 12 variable \`???' might be clobbered by \`longjmp' or \`vfork'
ÃÂ ÃÂ 9 macro arg \`???' would be stringified with -traditional.
ÃÂ ÃÂ 5 unused variable \`???'
ÃÂ ÃÂ 3 white space at end of line in string
ÃÂ ÃÂ 3 implicit declaration of function \`???'
ÃÂ ÃÂ 2 passing arg ??? of \`???' from incompatible pointer type
ÃÂ ÃÂ 2 format argument is not a pointer (arg ???)
ÃÂ ÃÂ 1 type of \`???' defaults to \`int'
ÃÂ ÃÂ 1 passing arg ??? of \`???' discards qualifiers from pointer target type
ÃÂ ÃÂ 1 non-static declaration for \`???' follows static
ÃÂ ÃÂ 1 missing initializer
ÃÂ ÃÂ 1 assignment from incompatible pointer type
ÃÂ ÃÂ 1 \`???' defined but not used
ÃÂ ÃÂ 1 ??? format, ??? arg (arg ???)
ÃÂ ÃÂ 1 (near initialization for \`???')
More information about the Gcc-testresults
mailing list