Results for 2.96 19991208 (experimental) testsuite on i586-pc-linux-gnu
Andris Pavenis
andris@hal.astr.lu.lv
Thu Dec 9 00:11:00 GMT 1999
System: Linux kernel 2.2.13
glibc-2.1.2
binutils-2.9.1.0.25
Native configuration is i586-pc-linux-gnu
=== libio tests ===
Running target unix
=== libio Summary ===
# of expected passes 40
=== libstdc++ tests ===
Running target unix
=== libstdc++ Summary ===
# of expected passes 30
=== gcc tests ===
Running target unix
FAIL: gcc.c-torture/execute/991112-1.c execution, -O3 -fomit-frame-pointer
FAIL: gcc.c-torture/execute/991112-1.c execution, -O3 -g
FAIL: gcc.c-torture/execute/991202-3.c execution, -O0
FAIL: gcc.c-torture/execute/991202-3.c execution, -O1
FAIL: gcc.c-torture/execute/991202-3.c execution, -O2
FAIL: gcc.c-torture/execute/991202-3.c execution, -O3 -fomit-frame-pointer
FAIL: gcc.c-torture/execute/991202-3.c execution, -O3 -g
FAIL: gcc.c-torture/execute/991202-3.c execution, -Os
FAIL: gcc.dg/990213-2.c (test for excess errors)
FAIL: gcc.dg/cast-qual-1.c discarding \`const' warning (test for bogus messages, line 11)
FAIL: gcc.dg/cast-qual-1.c discarding \`const' warning (test for warnings, line 17)
FAIL: gcc.dg/compare1.c comparison between signed and unsigned (test for bogus messages, line 25)
FAIL: gcc.dg/special/weak-1.c execution test
=== gcc Summary ===
# of expected passes 8821
# of unexpected failures 13
# of expected failures 39
# of unsupported tests 14
/usr/src/cvs/egcs-curr/build/build.lnx/gcc/xgcc version 2.96 19991208 (experimental)
=== g++ tests ===
Running target unix
FAIL: g++.dg/special/conpr-1.C execution test
FAIL: g++.dg/special/conpr-2.C execution test
FAIL: g++.dg/special/conpr-3.C execution test
FAIL: g++.dg/special/conpr-3.C execution test
FAIL: g++.ext/initp1.C Execution test
XPASS: g++.pt/instantiate6.C (test for excess errors)
=== g++ Summary ===
# of expected passes 5648
# of unexpected failures 5
# of unexpected successes 1
# of expected failures 97
# of untested testcases 7
/usr/src/cvs/egcs-curr/build/build.lnx/gcc/testsuite/../xgcc version 2.96 19991208 (experimental)
=== g77 tests ===
Running target unix
FAIL: g77.f-torture/compile/19990826-1.f, -O0
FAIL: g77.f-torture/compile/19990826-1.f, -O1
FAIL: g77.f-torture/compile/19990826-1.f, -O2
FAIL: g77.f-torture/compile/19990826-1.f, -O2 -fomit-frame-pointer -finline-functions
FAIL: g77.f-torture/compile/19990826-1.f, -Os
FAIL: g77.f-torture/execute/19990325-1.f execution, -O2 -fomit-frame-pointer -finline-functions
=== g77 Summary ===
# of expected passes 648
# of unexpected failures 6
=== objc tests ===
Running target unix
FAIL: objc/execute/bf-1.m compilation, -O
FAIL: objc/execute/bf-10.m compilation, -O
FAIL: objc/execute/bf-11.m compilation, -O
FAIL: objc/execute/bf-12.m compilation, -O
FAIL: objc/execute/bf-13.m compilation, -O
FAIL: objc/execute/bf-14.m compilation, -O
FAIL: objc/execute/bf-15.m compilation, -O
FAIL: objc/execute/bf-16.m compilation, -O
FAIL: objc/execute/bf-17.m compilation, -O
FAIL: objc/execute/bf-18.m compilation, -O
FAIL: objc/execute/bf-19.m compilation, -O
FAIL: objc/execute/bf-2.m compilation, -O
FAIL: objc/execute/bf-3.m compilation, -O
FAIL: objc/execute/bf-4.m compilation, -O
FAIL: objc/execute/bf-5.m compilation, -O
FAIL: objc/execute/bf-6.m compilation, -O
FAIL: objc/execute/bf-7.m compilation, -O
FAIL: objc/execute/bf-8.m compilation, -O
FAIL: objc/execute/bf-9.m compilation, -O
=== objc Summary ===
# of unexpected failures 19
# of untested testcases 19
/usr/src/cvs/egcs-curr/build/build.lnx/gcc/xgcc version 2.96 19991208 (experimental)
Compiler version: 2.96 19991208 (experimental)
Platform: i586-pc-linux-gnu
configure flags: --with-gcc-version-trigger=/usr/src/cvs/egcs-curr/build/egcs-19991208/gcc/version.c --host=i586-pc-linux-gnu --prefix=/usr --enable-shared --with-gnu-ld --enable-threads --verbose --norecursion
Counting all warnings,
there are 147 warnings in stage3 of this bootstrap.
Number of warnings per file:
12 ../../../egcs-19991208/gcc/java/lex.c
8 ../../egcs-19991208/gcc/loop.c
8 ../../../egcs-19991208/gcc/java/parse.h
7 ../../egcs-19991208/gcc/final.c
5 ../../egcs-19991208/gcc/config/i386/i386.c
4 cexp.y
4 ../../egcs-19991208/gcc/unroll.c
4 ../../egcs-19991208/gcc/regmove.c
4 ../../egcs-19991208/gcc/fold-const.c
4 ../../../egcs-19991208/gcc/f/target.c
4 ../../../egcs-19991208/gcc/f/lex.c
4 ../../../egcs-19991208/gcc/cp/class.c
4 ../../../egcs-19991208/gcc/ch/actions.c
3 ../../egcs-19991208/gcc/varasm.c
3 ../../egcs-19991208/gcc/reload.c
3 ../../egcs-19991208/gcc/regclass.c
3 ../../egcs-19991208/gcc/reg-stack.c
3 ../../egcs-19991208/gcc/genopinit.c
3 ../../egcs-19991208/gcc/gcc.c
3 ../../egcs-19991208/gcc/cccp.c
3 ../../egcs-19991208/gcc/c-typeck.c
3 ../../../egcs-19991208/gcc/java/gjavah.c
2 str-ot.j
2 str-1t.j
2 ./parse.y
2 ../../egcs-19991208/gcc/local-alloc.c
2 ../../egcs-19991208/gcc/function.c
2 ../../egcs-19991208/gcc/expr.c
2 ../../egcs-19991208/gcc/emit-rtl.c
2 ../../../egcs-19991208/gcc/cp/semantics.c
2 ../../../egcs-19991208/gcc/cp/decl.c
1 str-op.j
1 str-nq.j
1 str-io.j
1 str-fo.j
1 str-2t.j
1 insn-recog.c
1 insn-output.c
1 ../../egcs-19991208/gcc/tree.c
1 ../../egcs-19991208/gcc/toplev.c
1 ../../egcs-19991208/gcc/stupid.c
1 ../../egcs-19991208/gcc/stor-layout.c
1 ../../egcs-19991208/gcc/optabs.c
1 ../../egcs-19991208/gcc/hash.c
1 ../../egcs-19991208/gcc/global.c
1 ../../egcs-19991208/gcc/genattrtab.c
1 ../../egcs-19991208/gcc/gcov-io.h
1 ../../egcs-19991208/gcc/dwarfout.c
1 ../../egcs-19991208/gcc/crtstuff.c
1 ../../egcs-19991208/gcc/combine.c
1 ../../egcs-19991208/gcc/collect2.c
1 ../../egcs-19991208/gcc/builtins.c
1 ../../../egcs-19991208/gcc/java/javaop.def
1 ../../../egcs-19991208/gcc/f/malloc.c
1 ../../../egcs-19991208/gcc/f/expr.c
1 ../../../egcs-19991208/gcc/f/com.c
1 ../../../egcs-19991208/gcc/cp/tree.c
1 ../../../egcs-19991208/gcc/cp/lex.c
1 ../../../egcs-19991208/gcc/cp/init.c
1 ../../../egcs-19991208/gcc/cp/except.c
1 ../../../egcs-19991208/gcc/cp/error.c
Number of warning types:
36 `???' might be used uninitialized in this function
21 `long' switch expression not converted to `int' in ANSI C
20 format not a string literal, argument types not checked
15 comparison between signed and unsigned
12 variable `???' might be clobbered by `longjmp' or `vfork'
12 unused parameter `???'
10 unused variable `???'
8 macro arg `???' would be stringified with -traditional.
4 implicit declaration of function `???'
3 white space at end of line in string
1 type of `???' defaults to `int'
1 passing arg ??? of `???' discards qualifiers from pointer target type
1 non-static declaration for `???' follows static
1 control reaches end of non-void function
1 assignment from incompatible pointer type
1 `???' defined but not used
More information about the Gcc-testresults
mailing list