Results for 2.96 19991204 (experimental) testsuite on i586-redhat6-linux-gnu
Manfred Hollstein
mhollstein@cygnus.com
Sun Dec 5 02:05:00 GMT 1999
Compiler version: 2.96 19991204 (experimental)
Platform: i586-redhat6-linux-gnu
Sources: - gcc mainline from CVS last updated at
1999/12/04 10:50:30 +0100
- libg++-2.8.1.3
+ libg++-2.8.1.3-2.8.1.3-19991124.diff.gz posted today to
<gcc@gcc.gnu.org> and <bug-lib-g++@gnu.org> as part of
`Re: Results for 2.96 19991129 (experimental) testsuite on i586-pc-linux-gnu'
Patches: [1] `PATCH: Parse '@class' properly (was: Re: libobjc With --enable-c-cpplib)'
from <mhollstein@cygnus.com>
Environment: - autoconf-19991128 via anonymous CVS from sourceware.cygnus.com
- automake-19991128 via anonymous CVS from sourceware.cygnus.com
- binutils-19991204 via anonymous CVS from sourceware.cygnus.com
- dejagnu-19990614
- RedHat Linux 6.0
+ recommended updates as of today
- Kernel 2.2.13-3 (compiled by
"gcc version egcs-2.91.66 19990314/Linux (egcs-1.1.2 release)")
- glibc-2.1.1-6
- glibc-devel-2.1.1-6
Remarks: None.
configure flags: --with-gcc-version-trigger=/home/gnu/work/GNU/egcs-19991204/gcc/version.c --host=i586-redhat6-linux-gnu --srcdir=../egcs-19991204 --prefix=/opt/gnu --with-gnu-as --with-gnu-ld --enable-shared --enable-version-specific-runtime-libs --enable-java-gc=boehm --enable-fast-character --enable-threads=posix --with-local-prefix=/opt/gnu --enable-nls --verbose --norecursion
BOOT_CC: gcc version 2.95.2 19991024 (release)
BOOT_CFLAGS: -O2 -march=pentium -mcpu=pentium -fno-omit-frame-pointer -W -Wall -Wtraditional
CFLAGS: -O3 -march=pentium -mcpu=pentium -fomit-frame-pointer
CXXFLAGS: -O3 -march=pentium -mcpu=pentium -fomit-frame-pointer -g
Native configuration is i586-redhat6-linux-gnu
=== libio tests ===
Running target unix
=== libio Summary ===
# of expected passes 40
=== libstdc++ tests ===
Running target unix
=== libstdc++ Summary ===
# of expected passes 30
=== libg++ tests ===
Running target unix
=== libg++ Summary ===
# of expected passes 72
=== gcc tests ===
Running target unix
FAIL: gcc.c-torture/execute/991112-1.c execution, -O3 -fomit-frame-pointer
FAIL: gcc.c-torture/execute/991112-1.c execution, -O3 -g
FAIL: gcc.c-torture/execute/991202-3.c execution, -O0
FAIL: gcc.c-torture/execute/991202-3.c execution, -O1
FAIL: gcc.c-torture/execute/991202-3.c execution, -O2
FAIL: gcc.c-torture/execute/991202-3.c execution, -O3 -fomit-frame-pointer
FAIL: gcc.c-torture/execute/991202-3.c execution, -O3 -g
FAIL: gcc.c-torture/execute/991202-3.c execution, -Os
FAIL: gcc.dg/990213-2.c (test for excess errors)
FAIL: gcc.dg/cast-qual-1.c discarding \`const' warning (test for bogus messages, line 11)
FAIL: gcc.dg/cast-qual-1.c discarding \`const' warning (test for warnings, line 17)
FAIL: gcc.dg/compare1.c comparison between signed and unsigned (test for bogus messages, line 25)
XPASS: gcc.dg/setjmp-1.c spurious clobbered warning (test for bogus messages, line 16)
=== gcc Summary ===
# of expected passes 8823
# of unexpected failures 12
# of unexpected successes 1
# of expected failures 38
# of unsupported tests 13
/home/gnu/work/GNU/egcs-19991204-i586-redhat6-linux-gnu/gcc/xgcc version 2.96 19991204 (experimental)
=== g++ tests ===
Running target unix
FAIL: g++.abi/align.C (test for excess errors)
XPASS: g++.pt/instantiate6.C (test for excess errors)
=== g++ Summary ===
# of expected passes 5647
# of unexpected failures 1
# of unexpected successes 1
# of expected failures 98
# of untested testcases 7
/home/gnu/work/GNU/egcs-19991204-i586-redhat6-linux-gnu/gcc/testsuite/../xgcc version 2.96 19991204 (experimental)
=== g77 tests ===
Running target unix
FAIL: g77.f-torture/compile/19990826-1.f, -O0
FAIL: g77.f-torture/compile/19990826-1.f, -O1
FAIL: g77.f-torture/compile/19990826-1.f, -O2
FAIL: g77.f-torture/compile/19990826-1.f, -O2 -fomit-frame-pointer -finline-functions
FAIL: g77.f-torture/compile/19990826-1.f, -Os
FAIL: g77.f-torture/execute/19990325-1.f execution, -O2 -fomit-frame-pointer -finline-functions
=== g77 Summary ===
# of expected passes 648
# of unexpected failures 6
=== objc tests ===
Running target unix
FAIL: objc/execute/bf-1.m compilation, -O
FAIL: objc/execute/bf-10.m compilation, -O
FAIL: objc/execute/bf-11.m compilation, -O
FAIL: objc/execute/bf-12.m compilation, -O
FAIL: objc/execute/bf-13.m compilation, -O
FAIL: objc/execute/bf-14.m compilation, -O
FAIL: objc/execute/bf-15.m compilation, -O
FAIL: objc/execute/bf-16.m compilation, -O
FAIL: objc/execute/bf-17.m compilation, -O
FAIL: objc/execute/bf-18.m compilation, -O
FAIL: objc/execute/bf-19.m compilation, -O
FAIL: objc/execute/bf-2.m compilation, -O
FAIL: objc/execute/bf-3.m compilation, -O
FAIL: objc/execute/bf-4.m compilation, -O
FAIL: objc/execute/bf-5.m compilation, -O
FAIL: objc/execute/bf-6.m compilation, -O
FAIL: objc/execute/bf-7.m compilation, -O
FAIL: objc/execute/bf-8.m compilation, -O
FAIL: objc/execute/bf-9.m compilation, -O
=== objc Summary ===
# of unexpected failures 19
# of untested testcases 19
/home/gnu/work/GNU/egcs-19991204-i586-redhat6-linux-gnu/gcc/xgcc version 2.96 19991204 (experimental)
Counting all warnings,
there are 126 warnings in stage3 of this bootstrap.
Number of warnings per file:
8 ../../../egcs-19991204/gcc/java/parse.h
7 ../../egcs-19991204/gcc/loop.c
7 ../../egcs-19991204/gcc/final.c
5 ../../egcs-19991204/gcc/config/i386/i386.c
4 cexp.y
4 ../../egcs-19991204/gcc/unroll.c
4 ../../egcs-19991204/gcc/regmove.c
4 ../../egcs-19991204/gcc/fold-const.c
4 ../../../egcs-19991204/gcc/f/lex.c
4 ../../../egcs-19991204/gcc/cp/class.c
4 ../../../egcs-19991204/gcc/ch/actions.c
3 ../../egcs-19991204/gcc/varasm.c
3 ../../egcs-19991204/gcc/reload.c
3 ../../egcs-19991204/gcc/regclass.c
3 ../../egcs-19991204/gcc/reg-stack.c
3 ../../egcs-19991204/gcc/genopinit.c
3 ../../egcs-19991204/gcc/gcc.c
3 ../../egcs-19991204/gcc/cccp.c
3 ../../egcs-19991204/gcc/c-typeck.c
3 ../../../egcs-19991204/gcc/java/gjavah.c
2 str-ot.j
2 str-1t.j
2 ./parse.y
2 ../../egcs-19991204/gcc/local-alloc.c
2 ../../egcs-19991204/gcc/function.c
2 ../../egcs-19991204/gcc/expr.c
2 ../../egcs-19991204/gcc/emit-rtl.c
2 ../../../egcs-19991204/gcc/cp/decl.c
1 str-op.j
1 str-nq.j
1 str-io.j
1 str-fo.j
1 str-2t.j
1 insn-recog.c
1 insn-output.c
1 ../../egcs-19991204/gcc/tree.c
1 ../../egcs-19991204/gcc/toplev.c
1 ../../egcs-19991204/gcc/stupid.c
1 ../../egcs-19991204/gcc/stor-layout.c
1 ../../egcs-19991204/gcc/optabs.c
1 ../../egcs-19991204/gcc/hash.c
1 ../../egcs-19991204/gcc/global.c
1 ../../egcs-19991204/gcc/genattrtab.c
1 ../../egcs-19991204/gcc/gcov-io.h
1 ../../egcs-19991204/gcc/dwarfout.c
1 ../../egcs-19991204/gcc/crtstuff.c
1 ../../egcs-19991204/gcc/collect2.c
1 ../../egcs-19991204/gcc/builtins.c
1 ../../../egcs-19991204/gcc/java/javaop.def
1 ../../../egcs-19991204/gcc/f/expr.c
1 ../../../egcs-19991204/gcc/cp/tree.c
1 ../../../egcs-19991204/gcc/cp/semantics.c
1 ../../../egcs-19991204/gcc/cp/lex.c
1 ../../../egcs-19991204/gcc/cp/init.c
1 ../../../egcs-19991204/gcc/cp/except.c
1 ../../../egcs-19991204/gcc/cp/error.c
Number of warning types:
36 `???' might be used uninitialized in this function
20 format not a string literal, argument types not checked
15 comparison between signed and unsigned
15 `long' switch expression not converted to `int' in ANSI C
12 unused parameter `???'
8 unused variable `???'
8 macro arg `???' would be stringified with -traditional.
4 implicit declaration of function `???'
3 white space at end of line in string
1 passing arg ??? of `???' discards qualifiers from pointer target type
1 non-static declaration for `???' follows static
1 control reaches end of non-void function
1 assignment from incompatible pointer type
1 `???' defined but not used
More information about the Gcc-testresults
mailing list