Results for 2.96 19991201 (experimental) testsuite on sparc-sun-solaris2.5.1
Joe Buck
jbuck@synopsys.COM
Wed Dec 1 18:07:00 GMT 1999
Native configuration is sparc-sun-solaris2.5.1
=== libio tests ===
Running target unix
FAIL: tFile.cc execution
FAIL: tFile.cc execution -b0
FAIL: tFile.cc execution -b3
FAIL: tfformat.c execution
=== libio Summary ===
# of expected passes 33
# of unexpected failures 4
# of expected failures 4
=== libstdc++ tests ===
Running target unix
=== libstdc++ Summary ===
# of expected passes 30
=== gcc tests ===
Running target unix
FAIL: gcc.c-torture/execute/980205.c execution, -O0
FAIL: gcc.dg/cast-qual-1.c discarding `const' warning (test for bogus messages, line 11)
FAIL: gcc.dg/cast-qual-1.c discarding `const' warning (test for warnings, line 17)
FAIL: gcc.dg/compare1.c comparison between signed and unsigned (test for bogus messages, line 25)
XPASS: gcc.dg/setjmp-1.c spurious clobbered warning (test for bogus messages, line 16)
FAIL: gcc.dg/ultrasp1.c (test for excess errors)
=== gcc Summary ===
# of expected passes 8742
# of unexpected failures 5
# of unexpected successes 1
# of expected failures 31
# of unsupported tests 28
/remote/dtg103/jbuck/gnu/src/egcs-snap-sol2/gcc/xgcc version 2.96 19991201 (experimental)
=== g++ tests ===
Running target unix
FAIL: g++.dg/special/conpr-1.C execution test
FAIL: g++.dg/special/conpr-2.C execution test
FAIL: g++.dg/special/conpr-3.C execution test
FAIL: g++.dg/special/conpr-3.C execution test
FAIL: g++.ext/initp1.C Execution test
FAIL: g++.jason/template31.C (test for excess errors)
FAIL: g++.other/init9.C (test for excess errors)
FAIL: g++.other/vaarg3.C promote (test for errors, line 26)
XPASS: g++.pt/instantiate6.C (test for excess errors)
=== g++ Summary ===
# of expected passes 5624
# of unexpected failures 8
# of unexpected successes 1
# of expected failures 97
# of untested testcases 13
/remote/dtg103/jbuck/gnu/src/egcs-snap-sol2/gcc/testsuite/../xgcc version 2.96 19991201 (experimental)
=== g77 tests ===
Running target unix
FAIL: g77.f-torture/compile/19990826-1.f, -O0
FAIL: g77.f-torture/compile/19990826-1.f, -O1
FAIL: g77.f-torture/compile/19990826-1.f, -O2
FAIL: g77.f-torture/compile/19990826-1.f, -O2 -fomit-frame-pointer -finline-functions
FAIL: g77.f-torture/compile/19990826-1.f, -Os
=== g77 Summary ===
# of expected passes 649
# of unexpected failures 5
=== objc tests ===
Running target unix
FAIL: objc/execute/bf-1.m compilation, -O
FAIL: objc/execute/bf-10.m compilation, -O
FAIL: objc/execute/bf-11.m compilation, -O
FAIL: objc/execute/bf-12.m compilation, -O
FAIL: objc/execute/bf-13.m compilation, -O
FAIL: objc/execute/bf-14.m compilation, -O
FAIL: objc/execute/bf-15.m compilation, -O
FAIL: objc/execute/bf-16.m compilation, -O
FAIL: objc/execute/bf-17.m compilation, -O
FAIL: objc/execute/bf-18.m compilation, -O
FAIL: objc/execute/bf-19.m compilation, -O
FAIL: objc/execute/bf-2.m compilation, -O
FAIL: objc/execute/bf-3.m compilation, -O
FAIL: objc/execute/bf-4.m compilation, -O
FAIL: objc/execute/bf-5.m compilation, -O
FAIL: objc/execute/bf-6.m compilation, -O
FAIL: objc/execute/bf-7.m compilation, -O
FAIL: objc/execute/bf-8.m compilation, -O
FAIL: objc/execute/bf-9.m compilation, -O
=== objc Summary ===
# of unexpected failures 19
# of untested testcases 19
/remote/dtg103/jbuck/gnu/src/egcs-snap-sol2/gcc/xgcc version 2.96 19991201 (experimental)
Compiler version: 2.96 19991201 (experimental)
Platform: sparc-sun-solaris2.5.1
configure flags: --with-gcc-version-trigger=/remote/dtg103/jbuck/gnu/src/egcs-snap/gcc/version.c --host=sparc-sun-solaris2.5.1 --prefix=/u/jbuck/egcs --enable-shared --norecursion
More information about the Gcc-testresults
mailing list