Results for 2.96 19991201 on i686-pc-linux-gnu
Timothy Prince
tprinceusa@netscape.net
Wed Dec 1 09:45:00 GMT 1999
Native configuration is i686-pc-linux-gnu
=== libio tests ===
Running target unix
=== libio Summary ===
# of expected passes 40
=== libstdc++ tests ===
Running target unix
=== libstdc++ Summary ===
# of expected passes 30
=== gcc tests ===
Running target unix
FAIL: gcc.c-torture/execute/991112-1.c execution, -O3 -fomit-frame-pointer
FAIL: gcc.c-torture/execute/991112-1.c execution, -O3 -g
FAIL: gcc.dg/cast-qual-1.c discarding \`const' warning (test for bogus
messages, line 11)
FAIL: gcc.dg/cast-qual-1.c discarding \`const' warning (test for warnings,
line 17)
FAIL: gcc.dg/compare1.c comparison between signed and unsigned (test for bogus
messages, line 25)
XPASS: gcc.dg/setjmp-1.c spurious clobbered warning (test for bogus messages,
line 16)
FAIL: gcc.dg/special/weak-1.c execution test
=== gcc Summary ===
# of expected passes 8765
# of unexpected failures 6
# of unexpected successes 1
# of expected failures 38
# of unsupported tests 14
/src/gnu/egcs-19991025/p6/gcc/xgcc version 2.96 19991201 (experimental)
=== g++ tests ===
Running target unix
FAIL: g++.dg/special/conpr-1.C execution test
FAIL: g++.dg/special/conpr-2.C execution test
FAIL: g++.dg/special/conpr-3.C execution test
FAIL: g++.dg/special/conpr-3.C execution test
FAIL: g++.ext/initp1.C Execution test
FAIL: g++.law/weak.C (test for excess errors)
XPASS: g++.pt/instantiate6.C (test for excess errors)
=== g++ Summary ===
# of expected passes 5634
# of unexpected failures 6
# of unexpected successes 1
# of expected failures 97
# of untested testcases 7
/src/gnu/egcs-19991025/p6/gcc/testsuite/../xgcc version 2.96 19991201
(experimental)
=== g77 tests ===
Running target unix
FAIL: g77.f-torture/compile/19990826-1.f, -O0
FAIL: g77.f-torture/compile/19990826-1.f, -O1
FAIL: g77.f-torture/compile/19990826-1.f, -O2
FAIL: g77.f-torture/compile/19990826-1.f, -O2 -fomit-frame-pointer
-finline-functions
FAIL: g77.f-torture/compile/19990826-1.f, -Os
FAIL: g77.f-torture/execute/19990325-1.f execution, -O2 -fomit-frame-pointer
-finline-functions
=== g77 Summary ===
# of expected passes 648
# of unexpected failures 6
=== objc tests ===
Running target unix
FAIL: objc/execute/bf-1.m execution, -O
FAIL: objc/execute/bf-13.m execution, -O
FAIL: objc/execute/bf-14.m execution, -O
FAIL: objc/execute/bf-15.m execution, -O
FAIL: objc/execute/bf-16.m execution, -O
FAIL: objc/execute/bf-17.m execution, -O
FAIL: objc/execute/bf-2.m execution, -O
FAIL: objc/execute/bf-3.m execution, -O
FAIL: objc/execute/bf-4.m execution, -O
=== objc Summary ===
# of expected passes 29
# of unexpected failures 9
/src/gnu/egcs-19991025/p6/gcc/xgcc version 2.96 19991201 (experimental)
Compiler version: 2.96 19991201 (experimental)
Platform: i686-pc-linux-gnu
configure flags:
--with-gcc-version-trigger=/src/gnu/egcs-19991025/gcc/version.c
--host=i686-pc-linux-gnu --norecursion
BOOT_CFLAGS=-O2 -march=pentiumpro -pipe
Tim
tprince@computer.org
____________________________________________________________________
Get your own FREE, personal Netscape WebMail account today at http://webmail.netscape.com .
More information about the Gcc-testresults
mailing list